(2775,0,85,0,'rest_new_store_cat_title','rest_new_store_cat_msg','','','admin_notification',1,1,0,'2025-02-07 08:30:36','2025-04-27 10:05:04'),(2776,0,98,0,'rest_new_store_cat_title','rest_new_store_cat_msg','','','admin_notification',1,1,0,'2025-02-07 08:30:36','2025-04-27 10:05:04'),(2777,0,100,0,'rest_new_store_cat_title','rest_new_store_cat_msg','','','admin_notification',1,1,0,'2025-02-07 08:30:36','2025-04-27 10:05:04'),(2778,0,105,0,'rest_new_store_cat_title','rest_new_store_cat_msg','','','admin_notification',1,1,0,'2025-02-07 08:30:36','2025-04-27 10:05:04'),(2779,0,106,0,'rest_new_store_cat_title','rest_new_store_cat_msg','','','admin_notification',1,1,0,'2025-02-07 08:30:36','2025-04-27 10:05:04'),(2780,0,107,0,'rest_new_store_cat_title','rest_new_store_cat_msg','','','admin_notification',1,1,0,'2025-02-07 08:30:37','2025-04-27 10:05:04'),(2781,0,112,0,'rest_new_store_cat_title','rest_new_store_cat_msg','','','admin_notification',1,1,0,'2025-02-07 08:30:37','2025-04-27 10:05:04'),(2782,0,118,0,'rest_new_store_cat_title','rest_new_store_cat_msg','','','admin_notification',1,1,0,'2025-02-07 08:30:37','2025-04-27 10:05:04'),(2783,0,123,0,'rest_new_store_cat_title','rest_new_store_cat_msg','','','admin_notification',1,1,0,'2025-02-07 08:30:37','2025-04-27 10:05:04'),(2784,0,124,0,'rest_new_store_cat_title','rest_new_store_cat_msg','','','admin_notification',1,1,0,'2025-02-07 08:30:37','2025-04-27 10:05:04'),(2785,0,125,0,'rest_new_store_cat_title','rest_new_store_cat_msg','','','admin_notification',1,1,0,'2025-02-07 08:30:37','2025-04-27 10:05:04'),(2786,0,126,0,'rest_new_store_cat_title','rest_new_store_cat_msg','','','admin_notification',1,1,0,'2025-02-07 08:30:37','2025-04-27 10:05:04'),(2787,0,127,0,'rest_new_store_cat_title','rest_new_store_cat_msg','','','admin_notification',1,1,0,'2025-02-07 08:30:37','2025-04-27 10:05:04'),(2788,0,128,0,'rest_new_store_cat_title','rest_new_store_cat_msg','','','admin_notification',1,1,0,'2025-02-07 08:30:37','2025-04-27 10:05:04'),(2789,0,132,0,'rest_new_store_cat_title','rest_new_store_cat_msg','','','admin_notification',1,1,0,'2025-02-07 08:30:37','2025-04-27 10:05:04'),(2790,0,133,0,'rest_new_store_cat_title','rest_new_store_cat_msg','','','admin_notification',1,1,0,'2025-02-07 08:30:37','2025-04-27 10:05:04'),(2791,0,134,0,'rest_new_store_cat_title','rest_new_store_cat_msg','','','admin_notification',1,1,0,'2025-02-07 08:30:37','2025-04-27 10:05:04'),(2792,0,135,0,'rest_new_store_cat_title','rest_new_store_cat_msg','','','admin_notification',1,1,0,'2025-02-07 08:30:37','2025-04-27 10:05:04'),(2793,0,136,0,'rest_new_store_cat_title','rest_new_store_cat_msg','','','admin_notification',1,1,0,'2025-02-07 08:30:37','2025-04-27 10:05:04'),(2794,0,137,0,'rest_new_store_cat_title','rest_new_store_cat_msg','','','admin_notification',1,1,0,'2025-02-07 08:30:38','2025-04-27 10:05:04'),(2795,0,138,0,'rest_new_store_cat_title','rest_new_store_cat_msg','','','admin_notification',1,1,0,'2025-02-07 08:30:38','2025-04-27 10:05:04'),(2796,0,139,0,'rest_new_store_cat_title','rest_new_store_cat_msg','','','admin_notification',1,1,0,'2025-02-07 08:30:38','2025-04-27 10:05:04'),(2797,0,140,0,'rest_new_store_cat_title','rest_new_store_cat_msg','','','admin_notification',1,1,0,'2025-02-07 08:30:38','2025-04-27 10:05:04'),(2798,0,141,0,'rest_new_store_cat_title','rest_new_store_cat_msg','','','admin_notification',1,1,0,'2025-02-07 08:30:38','2025-04-27 10:05:04'),(2799,0,143,0,'rest_new_store_cat_title','rest_new_store_cat_msg','','','admin_notification',1,1,0,'2025-02-07 08:30:38','2025-04-27 10:05:04'),(2800,0,149,0,'rest_new_store_cat_title','rest_new_store_cat_msg','','','admin_notification',1,1,0,'2025-02-07 08:30:38','2025-04-27 10:05:04'),(2801,0,151,0,'rest_new_store_cat_title','rest_new_store_cat_msg','','','admin_notification',1,1,0,'2025-02-07 08:30:38','2025-04-27 10:05:04'),(2802,0,152,0,'rest_new_store_cat_title','rest_new_store_cat_msg','','','admin_notification',1,1,0,'2025-02-07 08:30:38','2025-04-27 10:05:04'),(2803,0,153,0,'rest_new_store_cat_title','rest_new_store_cat_msg','','','admin_notification',1,1,0,'2025-02-07 08:30:38','2025-04-27 10:05:04'),(2804,0,160,0,'rest_new_store_cat_title','rest_new_store_cat_msg','','','admin_notification',1,1,0,'2025-02-07 08:30:38','2025-04-27 10:05:04'),(2805,0,162,0,'rest_new_store_cat_title','rest_new_store_cat_msg','','','admin_notification',1,1,0,'2025-02-07 08:30:38','2025-04-27 10:05:04'),(2806,0,163,0,'rest_new_store_cat_title','rest_new_store_cat_msg','','','admin_notification',1,1,0,'2025-02-07 08:30:38','2025-04-27 10:05:04'),(2807,0,164,0,'rest_new_store_cat_title','rest_new_store_cat_msg','','','admin_notification',1,1,0,'2025-02-07 08:30:38','2025-04-27 10:05:04'),(2808,0,165,0,'rest_new_store_cat_title','rest_new_store_cat_msg','','','admin_notification',1,1,0,'2025-02-07 08:30:38','2025-04-27 10:05:04'),(2809,0,166,0,'rest_new_store_cat_title','rest_new_store_cat_msg','','','admin_notification',1,1,0,'2025-02-07 08:30:39','2025-04-27 10:05:04'),(2810,0,167,0,'rest_new_store_cat_title','rest_new_store_cat_msg','','','admin_notification',1,1,0,'2025-02-07 08:30:39','2025-04-27 10:05:04'),(2811,0,168,0,'rest_new_store_cat_title','rest_new_store_cat_msg','','','admin_notification',1,1,0,'2025-02-07 08:30:39','2025-01-16 18:40:05'),(2812,0,169,0,'rest_new_store_cat_title','rest_new_store_cat_msg','','','admin_notification',1,1,0,'2025-02-07 08:30:39','2025-04-27 10:05:04'),(2813,0,170,0,'rest_new_store_cat_title','rest_new_store_cat_msg','','','admin_notification',1,1,0,'2025-02-07 08:30:39','2025-04-27 10:05:04'),(2814,0,171,0,'rest_new_store_cat_title','rest_new_store_cat_msg','','','admin_notification',1,1,0,'2025-02-07 08:30:39','2025-04-27 10:05:04'),(2815,0,172,0,'rest_new_store_cat_title','rest_new_store_cat_msg','','','admin_notification',1,1,0,'2025-02-07 08:30:39','2025-04-27 10:05:04'),(2816,0,173,0,'rest_new_store_cat_title','rest_new_store_cat_msg','','','admin_notification',1,1,0,'2025-02-07 08:30:39','2025-04-27 10:05:04'),(2817,0,174,0,'rest_new_store_cat_title','rest_new_store_cat_msg','','','admin_notification',1,1,0,'2025-02-07 08:30:39','2025-04-27 10:05:04'),(2818,175,175,175,'rest_new_account_title','rest_new_account_msg','','','new_account',1,1,0,'2025-02-07 12:10:17','2025-04-27 10:05:04'),(2819,0,175,0,'rest_store_serv_appro_title','rest_store_serv_appro_msg','{\"field\":\"Gayatri Tiles\"}','{\"field\":\"Gayatri Tiles\"}','admin_notification',1,1,0,'2025-02-07 12:10:28','2025-04-27 10:05:04'),(2820,0,12,0,'sadasd','asdas','','','admin_notification',1,1,0,'2025-02-07 15:50:36','2025-04-27 10:05:04'),(2821,0,20,0,'sadasd','asdas','','','admin_notification',1,1,0,'2025-02-07 15:50:36','2025-04-27 10:05:04'),(2822,0,34,0,'sadasd','asdas','','','admin_notification',1,1,0,'2025-02-07 15:50:36','2025-04-27 10:05:04'),(2823,0,35,0,'sadasd','asdas','','','admin_notification',1,1,0,'2025-02-07 15:50:36','2025-04-27 10:05:04'),(2824,0,37,0,'sadasd','asdas','','','admin_notification',1,1,0,'2025-02-07 15:50:36','2025-04-27 10:05:04'),(2825,0,38,0,'sadasd','asdas','','','admin_notification',1,1,0,'2025-02-07 15:50:36','2025-04-27 10:05:04'),(2826,0,39,0,'sadasd','asdas','','','admin_notification',1,1,0,'2025-02-07 15:50:37','2025-02-12 13:50:56'),(2827,0,42,0,'sadasd','asdas','','','admin_notification',1,1,0,'2025-02-07 15:50:37','2025-04-27 10:05:04'),(2828,0,43,0,'sadasd','asdas','','','admin_notification',1,1,0,'2025-02-07 15:50:37','2025-04-27 10:05:04'),(2829,0,44,0,'sadasd','asdas','','','admin_notification',1,1,0,'2025-02-07 15:50:37','2025-02-07 16:36:31'),(2830,0,45,0,'sadasd','asdas','','','admin_notification',1,1,0,'2025-02-07 15:50:37','2025-04-27 10:05:04'),(2831,0,46,0,'sadasd','asdas','','','admin_notification',1,1,0,'2025-02-07 15:50:37','2025-04-27 10:05:04'),(2832,0,47,0,'sadasd','asdas','','','admin_notification',1,1,0,'2025-02-07 15:50:37','2025-04-27 10:05:04'),(2833,0,48,0,'sadasd','asdas','','','admin_notification',1,1,0,'2025-02-07 15:50:37','2025-04-27 10:05:04'),(2834,0,49,0,'sadasd','asdas','','','admin_notification',1,1,0,'2025-02-07 15:50:37','2025-04-27 10:05:04'),(2835,0,51,0,'sadasd','asdas','','','admin_notification',1,1,0,'2025-02-07 15:50:37','2025-04-27 10:05:04'),(2836,0,52,0,'sadasd','asdas','','','admin_notification',1,1,0,'2025-02-07 15:50:37','2025-04-27 10:05:04'),(2837,0,53,0,'sadasd','asdas','','','admin_notification',1,1,0,'2025-02-07 15:50:37','2025-04-27 10:05:04'),(2838,0,54,0,'sadasd','asdas','','','admin_notification',1,1,0,'2025-02-07 15:50:37','2025-04-27 10:05:04'),(2839,0,55,0,'sadasd','asdas','','','admin_notification',1,1,0,'2025-02-07 15:50:37','2025-04-27 10:05:04'),(2840,0,60,0,'sadasd','asdas','','','admin_notification',1,1,0,'2025-02-07 15:50:37','2025-04-27 10:05:04'),(2841,0,70,0,'sadasd','asdas','','','admin_notification',1,1,0,'2025-02-07 15:50:38','2025-04-27 10:05:04'),(2842,0,73,0,'sadasd','asdas','','','admin_notification',1,1,0,'2025-02-07 15:50:38','2025-04-27 10:05:04'),(2843,0,75,0,'sadasd','asdas','','','admin_notification',1,1,0,'2025-02-07 15:50:38','2025-04-27 10:05:04'),(2844,0,76,0,'sadasd','asdas','','','admin_notification',1,1,0,'2025-02-07 15:50:38','2025-04-27 10:05:04'),(2845,0,77,0,'sadasd','asdas','','','admin_notification',1,1,0,'2025-02-07 15:50:38','2025-04-27 10:05:04'),(2846,0,85,0,'sadasd','asdas','','','admin_notification',1,1,0,'2025-02-07 15:50:38','2025-04-27 10:05:04'),(2847,0,98,0,'sadasd','asdas','','','admin_notification',1,1,0,'2025-02-07 15:50:38','2025-04-27 10:05:04'),(2848,0,105,0,'sadasd','asdas','','','admin_notification',1,1,0,'2025-02-07 15:50:38','2025-04-27 10:05:04'),(2849,0,107,0,'sadasd','asdas','','','admin_notification',1,1,0,'2025-02-07 15:50:38','2025-04-27 10:05:04'),(2850,0,118,0,'sadasd','asdas','','','admin_notification',1,1,0,'2025-02-07 15:50:38','2025-04-27 10:05:04'),(2851,0,125,0,'sadasd','asdas','','','admin_notification',1,1,0,'2025-02-07 15:50:38','2025-04-27 10:05:04'),(2852,0,126,0,'sadasd','asdas','','','admin_notification',1,1,0,'2025-02-07 15:50:38','2025-04-27 10:05:04'),(2853,0,127,0,'sadasd','asdas','','','admin_notification',1,1,0,'2025-02-07 15:50:38','2025-04-27 10:05:04'),(2854,0,137,0,'sadasd','asdas','','','admin_notification',1,1,0,'2025-02-07 15:50:38','2025-04-27 10:05:04'),(2855,0,140,0,'sadasd','asdas','','','admin_notification',1,1,0,'2025-02-07 15:50:38','2025-04-27 10:05:04'),(2856,0,151,0,'sadasd','asdas','','','admin_notification',1,1,0,'2025-02-07 15:50:38','2025-04-27 10:05:04'),(2857,0,152,0,'sadasd','asdas','','','admin_notification',1,1,0,'2025-02-07 15:50:39','2025-04-27 10:05:04'),(2858,0,153,0,'sadasd','asdas','','','admin_notification',1,1,0,'2025-02-07 15:50:39','2025-04-27 10:05:04'),(2859,0,173,0,'sadasd','asdas','','','admin_notification',1,1,0,'2025-02-07 15:50:39','2025-04-27 10:05:04'),(2860,0,12,0,'asdsad','sadsa','','','admin_notification',1,1,0,'2025-02-07 16:36:53','2025-04-27 10:05:04'),(2861,0,20,0,'asdsad','sadsa','','','admin_notification',1,1,0,'2025-02-07 16:36:53','2025-04-27 10:05:04'),(2862,0,34,0,'asdsad','sadsa','','','admin_notification',1,1,0,'2025-02-07 16:36:53','2025-04-27 10:05:04'),(2863,0,35,0,'asdsad','sadsa','','','admin_notification',1,1,0,'2025-02-07 16:36:53','2025-04-27 10:05:04'),(2864,0,37,0,'asdsad','sadsa','','','admin_notification',1,1,0,'2025-02-07 16:36:53','2025-04-27 10:05:04'),(2865,0,38,0,'asdsad','sadsa','','','admin_notification',1,1,0,'2025-02-07 16:36:54','2025-04-27 10:05:04'),(2866,0,39,0,'asdsad','sadsa','','','admin_notification',1,1,0,'2025-02-07 16:36:54','2025-02-12 13:50:56'),(2867,0,42,0,'asdsad','sadsa','','','admin_notification',1,1,0,'2025-02-07 16:36:54','2025-04-27 10:05:04'),(2868,0,43,0,'asdsad','sadsa','','','admin_notification',1,1,0,'2025-02-07 16:36:54','2025-04-27 10:05:04'),(2869,0,44,0,'asdsad','sadsa','','','admin_notification',1,1,0,'2025-02-07 16:36:54','2025-02-07 16:36:31'),(2870,0,45,0,'asdsad','sadsa','','','admin_notification',1,1,0,'2025-02-07 16:36:54','2025-04-27 10:05:04'),(2871,0,46,0,'asdsad','sadsa','','','admin_notification',1,1,0,'2025-02-07 16:36:54','2025-04-27 10:05:04'),(2872,0,47,0,'asdsad','sadsa','','','admin_notification',1,1,0,'2025-02-07 16:36:54','2025-04-27 10:05:04'),(2873,0,48,0,'asdsad','sadsa','','','admin_notification',1,1,0,'2025-02-07 16:36:54','2025-04-27 10:05:04'),(2874,0,49,0,'asdsad','sadsa','','','admin_notification',1,1,0,'2025-02-07 16:36:54','2025-04-27 10:05:04'),(2875,0,51,0,'asdsad','sadsa','','','admin_notification',1,1,0,'2025-02-07 16:36:55','2025-04-27 10:05:04'),(2876,0,52,0,'asdsad','sadsa','','','admin_notification',1,1,0,'2025-02-07 16:36:55','2025-04-27 10:05:04'),(2877,0,53,0,'asdsad','sadsa','','','admin_notification',1,1,0,'2025-02-07 16:36:55','2025-04-27 10:05:04'),(2878,0,54,0,'asdsad','sadsa','','','admin_notification',1,1,0,'2025-02-07 16:36:55','2025-04-27 10:05:04'),(2879,0,55,0,'asdsad','sadsa','','','admin_notification',1,1,0,'2025-02-07 16:36:55','2025-04-27 10:05:04'),(2880,0,60,0,'asdsad','sadsa','','','admin_notification',1,1,0,'2025-02-07 16:36:55','2025-04-27 10:05:04'),(2881,0,70,0,'asdsad','sadsa','','','admin_notification',1,1,0,'2025-02-07 16:36:55','2025-04-27 10:05:04'),(2882,0,73,0,'asdsad','sadsa','','','admin_notification',1,1,0,'2025-02-07 16:36:55','2025-04-27 10:05:04'),(2883,0,75,0,'asdsad','sadsa','','','admin_notification',1,1,0,'2025-02-07 16:36:55','2025-04-27 10:05:04'),(2884,0,76,0,'asdsad','sadsa','','','admin_notification',1,1,0,'2025-02-07 16:36:55','2025-04-27 10:05:04'),(2885,0,77,0,'asdsad','sadsa','','','admin_notification',1,1,0,'2025-02-07 16:36:55','2025-04-27 10:05:04'),(2886,0,85,0,'asdsad','sadsa','','','admin_notification',1,1,0,'2025-02-07 16:36:55','2025-04-27 10:05:04'),(2887,0,98,0,'asdsad','sadsa','','','admin_notification',1,1,0,'2025-02-07 16:36:55','2025-04-27 10:05:04'),(2888,0,105,0,'asdsad','sadsa','','','admin_notification',1,1,0,'2025-02-07 16:36:55','2025-04-27 10:05:04'),(2889,0,107,0,'asdsad','sadsa','','','admin_notification',1,1,0,'2025-02-07 16:36:56','2025-04-27 10:05:04'),(2890,0,118,0,'asdsad','sadsa','','','admin_notification',1,1,0,'2025-02-07 16:36:56','2025-04-27 10:05:04'),(2891,0,125,0,'asdsad','sadsa','','','admin_notification',1,1,0,'2025-02-07 16:36:56','2025-04-27 10:05:04'),(2892,0,126,0,'asdsad','sadsa','','','admin_notification',1,1,0,'2025-02-07 16:36:56','2025-04-27 10:05:04'),(2893,0,127,0,'asdsad','sadsa','','','admin_notification',1,1,0,'2025-02-07 16:36:56','2025-04-27 10:05:04'),(2894,0,137,0,'asdsad','sadsa','','','admin_notification',1,1,0,'2025-02-07 16:36:56','2025-04-27 10:05:04'),(2895,0,140,0,'asdsad','sadsa','','','admin_notification',1,1,0,'2025-02-07 16:36:56','2025-04-27 10:05:04'),(2896,0,151,0,'asdsad','sadsa','','','admin_notification',1,1,0,'2025-02-07 16:36:56','2025-04-27 10:05:04'),(2897,0,152,0,'asdsad','sadsa','','','admin_notification',1,1,0,'2025-02-07 16:36:56','2025-04-27 10:05:04'),(2898,0,153,0,'asdsad','sadsa','','','admin_notification',1,1,0,'2025-02-07 16:36:56','2025-04-27 10:05:04'),(2899,0,173,0,'asdsad','sadsa','','','admin_notification',1,1,0,'2025-02-07 16:36:56','2025-04-27 10:05:04'),(2900,0,12,0,'asdasd','asdasd','','','admin_notification',1,1,0,'2025-02-07 16:38:09','2025-04-27 10:05:04'),(2901,0,20,0,'asdasd','asdasd','','','admin_notification',1,1,0,'2025-02-07 16:38:09','2025-04-27 10:05:04'),(2902,0,34,0,'asdasd','asdasd','','','admin_notification',1,1,0,'2025-02-07 16:38:09','2025-04-27 10:05:04'),(2903,0,35,0,'asdasd','asdasd','','','admin_notification',1,1,0,'2025-02-07 16:38:09','2025-04-27 10:05:04'),(2904,0,37,0,'asdasd','asdasd','','','admin_notification',1,1,0,'2025-02-07 16:38:09','2025-04-27 10:05:04'),(2905,0,38,0,'asdasd','asdasd','','','admin_notification',1,1,0,'2025-02-07 16:38:09','2025-04-27 10:05:04'),(2906,0,39,0,'asdasd','asdasd','','','admin_notification',1,1,0,'2025-02-07 16:38:09','2025-02-12 13:50:56'),(2907,0,42,0,'asdasd','asdasd','','','admin_notification',1,1,0,'2025-02-07 16:38:09','2025-04-27 10:05:04'),(2908,0,43,0,'asdasd','asdasd','','','admin_notification',1,1,0,'2025-02-07 16:38:09','2025-04-27 10:05:04'),(2909,0,44,0,'asdasd','asdasd','','','admin_notification',1,1,0,'2025-02-07 16:38:09','2025-02-07 16:36:31'),(2910,0,45,0,'asdasd','asdasd','','','admin_notification',1,1,0,'2025-02-07 16:38:09','2025-04-27 10:05:04'),(2911,0,46,0,'asdasd','asdasd','','','admin_notification',1,1,0,'2025-02-07 16:38:10','2025-04-27 10:05:04'),(2912,0,47,0,'asdasd','asdasd','','','admin_notification',1,1,0,'2025-02-07 16:38:10','2025-04-27 10:05:04'),(2913,0,48,0,'asdasd','asdasd','','','admin_notification',1,1,0,'2025-02-07 16:38:10','2025-04-27 10:05:04'),(2914,0,49,0,'asdasd','asdasd','','','admin_notification',1,1,0,'2025-02-07 16:38:10','2025-04-27 10:05:04'),(2915,0,51,0,'asdasd','asdasd','','','admin_notification',1,1,0,'2025-02-07 16:38:10','2025-04-27 10:05:04'),(2916,0,52,0,'asdasd','asdasd','','','admin_notification',1,1,0,'2025-02-07 16:38:10','2025-04-27 10:05:04'),(2917,0,53,0,'asdasd','asdasd','','','admin_notification',1,1,0,'2025-02-07 16:38:10','2025-04-27 10:05:04'),(2918,0,54,0,'asdasd','asdasd','','','admin_notification',1,1,0,'2025-02-07 16:38:10','2025-04-27 10:05:04'),(2919,0,55,0,'asdasd','asdasd','','','admin_notification',1,1,0,'2025-02-07 16:38:10','2025-04-27 10:05:04'),(2920,0,60,0,'asdasd','asdasd','','','admin_notification',1,1,0,'2025-02-07 16:38:10','2025-04-27 10:05:04'),(2921,0,70,0,'asdasd','asdasd','','','admin_notification',1,1,0,'2025-02-07 16:38:10','2025-04-27 10:05:04'),(2922,0,73,0,'asdasd','asdasd','','','admin_notification',1,1,0,'2025-02-07 16:38:10','2025-04-27 10:05:04'),(2923,0,75,0,'asdasd','asdasd','','','admin_notification',1,1,0,'2025-02-07 16:38:10','2025-04-27 10:05:04'),(2924,0,76,0,'asdasd','asdasd','','','admin_notification',1,1,0,'2025-02-07 16:38:10','2025-04-27 10:05:04'),(2925,0,77,0,'asdasd','asdasd','','','admin_notification',1,1,0,'2025-02-07 16:38:10','2025-04-27 10:05:04'),(2926,0,85,0,'asdasd','asdasd','','','admin_notification',1,1,0,'2025-02-07 16:38:11','2025-04-27 10:05:04'),(2927,0,98,0,'asdasd','asdasd','','','admin_notification',1,1,0,'2025-02-07 16:38:11','2025-04-27 10:05:04'),(2928,0,105,0,'asdasd','asdasd','','','admin_notification',1,1,0,'2025-02-07 16:38:11','2025-04-27 10:05:04'),(2929,0,107,0,'asdasd','asdasd','','','admin_notification',1,1,0,'2025-02-07 16:38:11','2025-04-27 10:05:04'),(2930,0,118,0,'asdasd','asdasd','','','admin_notification',1,1,0,'2025-02-07 16:38:11','2025-04-27 10:05:04'),(2931,0,122,0,'asdasd','asdasd','','','admin_notification',1,1,0,'2025-02-07 16:38:11','2025-02-07 16:36:31'),(2932,0,125,0,'asdasd','asdasd','','','admin_notification',1,1,0,'2025-02-07 16:38:11','2025-04-27 10:05:04'),(2933,0,126,0,'asdasd','asdasd','','','admin_notification',1,1,0,'2025-02-07 16:38:11','2025-04-27 10:05:04'),(2934,0,127,0,'asdasd','asdasd','','','admin_notification',1,1,0,'2025-02-07 16:38:11','2025-04-27 10:05:04'),(2935,0,137,0,'asdasd','asdasd','','','admin_notification',1,1,0,'2025-02-07 16:38:11','2025-04-27 10:05:04'),(2936,0,140,0,'asdasd','asdasd','','','admin_notification',1,1,0,'2025-02-07 16:38:11','2025-04-27 10:05:04'),(2937,0,151,0,'asdasd','asdasd','','','admin_notification',1,1,0,'2025-02-07 16:38:11','2025-04-27 10:05:04'),(2938,0,152,0,'asdasd','asdasd','','','admin_notification',1,1,0,'2025-02-07 16:38:11','2025-04-27 10:05:04'),(2939,0,153,0,'asdasd','asdasd','','','admin_notification',1,1,0,'2025-02-07 16:38:11','2025-04-27 10:05:04'),(2940,0,173,0,'asdasd','asdasd','','','admin_notification',1,1,0,'2025-02-07 16:38:12','2025-04-27 10:05:04'),(2941,122,121,74,'rest_chat_notification_title','rest_chat_notification_msg','{\"field\":\"hii\"}','','msg',1,1,0,'2025-02-07 16:40:27','2025-02-07 16:36:31'),(2942,3,121,74,'rest_chat_notification_title','rest_chat_notification_msg','{\"field\":\"hello\"}','','msg',1,1,0,'2025-02-07 16:42:24','2025-02-07 16:36:31'),(2943,3,121,66,'rest_new_review_added_title','rest_new_review_added_msg','{\"field\":\"Pink saree\"}','{\"field\":\"Pink saree\"}','new_review',1,1,0,'2025-02-07 16:43:32','2025-02-07 16:36:31'),(2944,121,122,74,'rest_chat_notification_title','rest_chat_notification_msg','{\"field\":\"hii\"}','','msg',1,1,0,'2025-02-07 16:43:32','2025-02-07 16:36:31'),(2945,3,121,74,'rest_chat_notification_title','rest_chat_notification_msg','{\"field\":\"??\"}','','msg',1,1,0,'2025-02-07 16:45:07','2025-02-07 16:36:31'),(2946,122,121,74,'rest_chat_notification_title','rest_chat_notification_msg','{\"field\":\"hii\"}','','msg',1,1,0,'2025-02-07 16:50:26','2025-02-07 16:36:31'),(2947,121,122,74,'rest_chat_notification_title','rest_chat_notification_msg','{\"field\":\"gotit\"}','','msg',1,1,0,'2025-02-07 16:50:48','2025-02-07 16:36:31'),(2948,176,176,176,'rest_new_account_title','rest_new_account_msg','','','new_account',1,1,0,'2025-02-08 11:49:26','2025-04-27 10:05:04'),(2949,0,176,0,'rest_store_serv_appro_title','rest_store_serv_appro_msg','{\"field\":\"Radheshyam battery\"}','{\"field\":\"Radheshyam battery\"}','admin_notification',1,1,0,'2025-02-08 11:50:36','2025-04-27 10:05:04'),(2950,177,177,177,'rest_new_account_title','rest_new_account_msg','','','new_account',1,1,0,'2025-02-08 14:17:10','2025-02-07 16:36:31'),(2951,0,177,0,'rest_store_serv_appro_title','rest_store_serv_appro_msg','{\"field\":\"Store\"}','{\"field\":\"Store\"}','admin_notification',1,1,0,'2025-02-08 14:17:25','2025-02-07 16:36:31'),(2952,122,121,74,'rest_chat_notification_title','rest_chat_notification_msg','{\"field\":\"hii\"}','','msg',1,1,0,'2025-02-15 16:45:12','2025-02-12 13:50:56'),(2953,122,121,74,'rest_chat_notification_title','rest_chat_notification_msg','{\"field\":\"hello\"}','','msg',1,1,0,'2025-02-15 16:45:23','2025-02-12 13:50:56'),(2954,121,122,74,'rest_chat_notification_title','rest_chat_notification_msg','{\"field\":\"hii\"}','','msg',1,1,0,'2025-02-15 16:45:57','2025-04-27 10:05:04'),(2955,178,178,178,'rest_new_account_title','rest_new_account_msg','','','new_account',1,1,0,'2025-03-08 07:33:10','2025-04-27 10:05:04'),(2956,179,179,179,'rest_new_account_title','rest_new_account_msg','','','new_account',1,1,0,'2025-03-08 07:42:12','2025-04-27 10:05:04'),(2957,180,180,180,'rest_new_account_title','rest_new_account_msg','','','new_account',1,1,0,'2025-03-08 18:07:17','2025-04-27 10:05:04'),(2958,181,181,181,'rest_new_account_title','rest_new_account_msg','','','new_account',1,1,0,'2025-03-09 06:16:00','2025-04-27 10:05:04'),(2959,182,182,182,'rest_new_account_title','rest_new_account_msg','','','new_account',1,1,0,'2025-03-13 09:58:21','2025-04-27 10:05:04'),(2960,183,183,183,'rest_new_account_title','rest_new_account_msg','','','new_account',1,1,0,'2025-03-19 08:14:48','2025-04-27 10:05:04'),(2961,184,184,184,'rest_new_account_title','rest_new_account_msg','','','new_account',1,1,0,'2025-03-23 16:52:33','2025-04-27 10:05:04'),(2962,185,185,185,'rest_new_account_title','rest_new_account_msg','','','new_account',1,1,0,'2025-03-23 17:00:32','2025-04-27 10:05:04'),(2963,0,185,0,'rest_store_serv_delete_title','rest_store_serv_delete_msg','{\"field\":\"Xyz\"}','{\"field\":\"Xyz\"}','admin_notification',1,1,0,'2025-03-23 17:01:05','2025-04-27 10:05:04'),(2964,186,186,186,'rest_new_account_title','rest_new_account_msg','','','new_account',1,1,0,'2025-04-07 05:41:49','2025-04-27 10:05:04'),(2965,121,121,74,'rest_chat_notification_title','rest_chat_notification_msg','{\"field\":\"hello\"}','','msg',1,1,0,'2025-04-10 03:30:05','2025-04-09 18:03:30'),(2966,187,187,187,'rest_new_account_title','rest_new_account_msg','','','new_account',1,1,0,'2025-04-16 16:54:08','2025-04-14 18:26:44'),(2967,0,121,0,'rest_active_store_title','rest_active_store_msg','{\"field\":\"Fingertipsapp\"}','{\"field\":\"Fingertipsapp\"}','admin_notification',1,1,0,'2025-04-21 16:58:23','2025-04-27 06:52:33'),(2968,0,121,0,'rest_store_serv_appro_title','rest_store_serv_appro_msg','{\"field\":\"Fingertipsapp\"}','{\"field\":\"Fingertipsapp\"}','admin_notification',1,1,0,'2025-04-21 16:58:24','2025-04-27 06:52:33'),(2969,188,188,188,'rest_new_account_title','rest_new_account_msg','','','new_account',1,1,0,'2025-04-21 17:27:22','2025-04-14 18:26:44'),(2970,0,188,0,'rest_store_serv_appro_title','rest_store_serv_appro_msg','{\"field\":\"Yuva\"}','{\"field\":\"Yuva\"}','admin_notification',1,1,0,'2025-04-21 17:28:25','2025-04-14 18:26:44'),(2971,189,189,189,'rest_new_account_title','rest_new_account_msg','','','new_account',1,1,0,'2025-04-21 17:30:55','2025-04-27 10:05:04'),(2972,189,121,74,'rest_chat_notification_title','rest_chat_notification_msg','{\"field\":\"hello\"}','','msg',1,1,0,'2025-04-21 17:39:33','2025-04-27 06:52:33'),(2973,189,121,74,'rest_chat_notification_title','rest_chat_notification_msg','{\"field\":\"how about this sari\"}','','msg',1,1,0,'2025-04-21 17:39:53','2025-04-27 06:52:33'),(2974,121,189,74,'rest_chat_notification_title','rest_chat_notification_msg','{\"field\":\"great deal\"}','','msg',1,1,0,'2025-04-21 17:40:09','2025-04-27 10:05:04'),(2975,189,121,74,'rest_chat_notification_title','rest_chat_notification_msg','{\"field\":\"ok\"}','','msg',1,1,0,'2025-04-21 17:40:26','2025-04-27 06:52:33'),(2976,3,121,74,'rest_chat_notification_title','rest_chat_notification_msg','{\"field\":\"hiii\"}','','msg',1,1,0,'2025-04-21 17:46:04','2025-04-27 06:52:33'),(2977,121,3,74,'rest_chat_notification_title','rest_chat_notification_msg','{\"field\":\"hiii\"}','','msg',1,1,0,'2025-04-21 17:51:44','2025-04-22 17:19:18'),(2978,121,3,74,'rest_chat_notification_title','rest_chat_notification_msg','{\"field\":\"hii there check for notification dots\"}','','msg',1,1,0,'2025-04-21 17:53:18','2025-04-22 17:19:18'),(2979,3,121,74,'rest_chat_notification_title','rest_chat_notification_msg','{\"field\":\"hiii\"}','','msg',1,1,0,'2025-04-21 17:53:54','2025-04-27 06:52:33'),(2980,3,121,74,'rest_chat_notification_title','rest_chat_notification_msg','{\"field\":\"amaxing\"}','','msg',1,1,0,'2025-04-21 17:54:56','2025-04-27 06:52:33'),(2981,3,121,74,'rest_chat_notification_title','rest_chat_notification_msg','{\"field\":\"hiii\"}','','msg',1,1,0,'2025-04-21 18:05:54','2025-04-27 06:52:33'),(2982,3,121,74,'rest_chat_notification_title','rest_chat_notification_msg','{\"field\":\"hii\"}','','msg',1,1,0,'2025-04-21 18:06:13','2025-04-27 06:52:33'),(2983,3,121,74,'rest_chat_notification_title','rest_chat_notification_msg','{\"field\":\"hiii\"}','','msg',1,1,0,'2025-04-21 18:08:24','2025-04-27 06:52:33'),(2984,3,121,74,'rest_chat_notification_title','rest_chat_notification_msg','{\"field\":\"hii\"}','','msg',1,1,0,'2025-04-21 18:10:08','2025-04-27 06:52:33'),(2985,3,121,74,'rest_chat_notification_title','rest_chat_notification_msg','{\"field\":\"hiii\"}','','msg',1,1,0,'2025-04-21 18:10:51','2025-04-27 06:52:33'),(2986,3,121,74,'rest_chat_notification_title','rest_chat_notification_msg','{\"field\":\"test\"}','','msg',1,1,0,'2025-04-21 18:11:02','2025-04-27 06:52:33'),(2987,121,3,74,'rest_chat_notification_title','rest_chat_notification_msg','{\"field\":\"he\'ll \"}','','msg',1,1,0,'2025-04-22 16:42:06','2025-04-22 17:19:18'),(2988,121,3,74,'rest_chat_notification_title','rest_chat_notification_msg','{\"field\":\"hiiii\"}','','msg',1,1,0,'2025-04-22 16:54:41','2025-04-22 17:19:18'),(2989,121,3,74,'rest_chat_notification_title','rest_chat_notification_msg','{\"field\":\"hello \"}','','msg',1,1,0,'2025-04-22 16:55:08','2025-04-22 17:19:18'),(2990,121,3,74,'rest_chat_notification_title','rest_chat_notification_msg','{\"field\":\"hello \"}','','msg',1,1,0,'2025-04-22 16:55:43','2025-04-22 17:19:18'),(2991,121,3,74,'rest_chat_notification_title','rest_chat_notification_msg','{\"field\":\"heloo\"}','','msg',1,1,0,'2025-04-22 16:56:04','2025-04-22 17:19:18'),(2992,121,3,74,'rest_chat_notification_title','rest_chat_notification_msg','{\"field\":\"he\'ll \"}','','msg',1,1,0,'2025-04-22 16:56:24','2025-04-22 17:19:18'),(2993,121,3,74,'rest_chat_notification_title','rest_chat_notification_msg','{\"field\":\"he\'ll \"}','','msg',1,1,0,'2025-04-22 16:57:07','2025-04-22 17:19:18'),(2994,121,3,74,'rest_chat_notification_title','rest_chat_notification_msg','{\"field\":\"hello \"}','','msg',1,1,0,'2025-04-22 16:58:05','2025-04-22 17:19:18'),(2995,121,3,74,'rest_chat_notification_title','rest_chat_notification_msg','{\"field\":\"he\'ll \"}','','msg',1,1,0,'2025-04-22 17:07:22','2025-04-22 17:19:18'),(2996,121,3,74,'rest_chat_notification_title','rest_chat_notification_msg','{\"field\":\"he\'ll \"}','','msg',1,1,0,'2025-04-22 17:07:39','2025-04-22 17:19:18'),(2997,121,3,74,'rest_chat_notification_title','rest_chat_notification_msg','{\"field\":\"hiii\"}','','msg',1,1,0,'2025-04-22 17:18:53','2025-04-22 17:19:18'),(2998,121,3,74,'rest_chat_notification_title','rest_chat_notification_msg','{\"field\":\"he\'ll \"}','','msg',1,1,0,'2025-04-22 17:20:40','2025-04-22 17:19:18'),(2999,121,3,74,'rest_chat_notification_title','rest_chat_notification_msg','{\"field\":\"hello \"}','','msg',1,1,0,'2025-04-22 17:20:57','2025-04-27 10:05:04'),(3000,121,122,74,'rest_chat_notification_title','rest_chat_notification_msg','{\"field\":\"hello\"}','','msg',1,1,0,'2025-04-24 16:47:56','2025-04-25 05:05:10'),(3001,122,121,74,'rest_chat_notification_title','rest_chat_notification_msg','{\"field\":\"hello\"}','','msg',1,1,0,'2025-04-24 16:48:42','2025-04-27 06:52:33'),(3002,0,121,0,'rest_store_serv_appro_title','rest_store_serv_appro_msg','{\"field\":\"Electric demo\"}','{\"field\":\"Electric demo\"}','admin_notification',1,1,0,'2025-04-24 17:16:52','2025-04-27 06:52:33'),(3003,122,121,74,'rest_chat_notification_title','rest_chat_notification_msg','{\"field\":\"hello\"}','','msg',1,1,0,'2025-04-26 05:37:30','2025-04-27 06:52:33'),(3004,121,122,74,'rest_chat_notification_title','rest_chat_notification_msg','{\"field\":\"hello \"}','','msg',1,1,0,'2025-04-26 05:37:47','2025-04-25 05:05:10');

--
-- Table structure for table `tbl_page_contents`
--

CREATE TABLE `tbl_page_contents` (
  `id` int NOT NULL AUTO_INCREMENT,
  `role` tinyint(1) NOT NULL COMMENT '	0->user,1-> venodr,2->service provider',
  `title` varchar(256) COLLATE utf8mb4_general_ci NOT NULL,
  `tag` varchar(256) COLLATE utf8mb4_general_ci NOT NULL,
  `data` text COLLATE utf8mb4_general_ci NOT NULL,
  `guj_data` text COLLATE utf8mb4_general_ci NOT NULL,
  `status` int NOT NULL DEFAULT '1' COMMENT '1 => Active, 0 => In-active',
  `is_deleted` int NOT NULL DEFAULT '0' COMMENT '0 => Not Deleted, 1 => Deleted',
  `createdAt` timestamp NOT NULL DEFAULT CURRENT_TIMESTAMP,
  `updatedAt` timestamp NOT NULL DEFAULT CURRENT_TIMESTAMP ON UPDATE CURRENT_TIMESTAMP,
  PRIMARY KEY (`id`)
) ENGINE=InnoDB AUTO_INCREMENT=10 DEFAULT CHARSET=utf8mb4 COLLATE=utf8mb4_general_ci;

--
-- Dumping data for table `tbl_page_contents`
--

INSERT INTO `tbl_page_contents` VALUES (1,0,'Privacy Policy','PRIVACY_POLICY','<p><strong>Privacy Policy for Fingertips</strong></p><p><strong>Introduction</strong></p><p>Fingertips (\"we,\" \"our,\" or \"us\") is committed to protecting your privacy. This Privacy Policy explains how we collect, use, disclose, and safeguard your information when you use our mobile application. Please read this policy carefully to understand how we handle your data.</p><p><strong>Information We Collect</strong></p><p>We collect the following types of information:</p><ul><li><strong>Personal Information</strong>: When you register or interact with our app, we may collect information such as your name, email address, and phone number.</li></ul><p><strong>How We Use Your Information</strong></p><p>We use the information we collect to:</p><ul><li>Provide and maintain our services</li><li>Personalize your experience on the app</li><li>Improve and optimize our platform</li><li>Communicate with you regarding updates, offers, or important information</li><li>Analyze usage patterns to enhance the user experience</li><li>Prevent fraud, enforce our terms of service, and protect our platform</li></ul><p><strong>Sharing Your Information</strong></p><p>We do not sell or rent your personal information to third parties. However, we may share your data in the following situations:</p><ul><li><strong>With Service Providers</strong>: We may share your data with third-party service providers who assist us in operating the platform, such as payment processors, marketing partners, and analytics services.</li><li><strong>Legal Requirements</strong>: We may disclose your information if required by law or in response to legal processes, such as court orders or government requests.</li><li><strong>Business Transfers</strong>: In the event of a merger, acquisition, or sale of all or a portion of our assets, your information may be transferred as part of that transaction.</li></ul><p><strong>Security of Your Information</strong></p><p>We take reasonable precautions to protect your personal data from unauthorized access, use, or disclosure. However, no data transmission over the internet or mobile networks can be guaranteed as completely secure. Therefore, while we strive to protect your information, we cannot guarantee its absolute security.</p><p><strong>Your Rights</strong></p><p>You have the right to:</p><ul><li>Access and review the information we have about you</li><li>Request correction or deletion of your data</li></ul><p>To exercise these rights, please contact us at <a href=\"mailto:support@fingertipsapp.in\"><strong>mailto:support@fingertipsapp.in</strong></a></p><p><strong>Changes to This Privacy Policy</strong></p><p>We may update this Privacy Policy from time to time. Any changes will be posted on this page, and the \"last updated\" date will be revised accordingly. We encourage you to review this policy periodically.</p><p><strong>Contact Us</strong></p><p>If you have any questions or concerns regarding this Privacy Policy, please contact us at:</p><ul><li><strong>Email</strong>: <a href=\"mailto:support@fingertipsapp.in\">support@fingertipsapp.in</a></li><li><strong>WhatsApp</strong>: <a href=\"tel:+916352330228\">+91 <strong>6352330228</strong></a></li></ul><p>&nbsp;</p>','<p><strong>ફિંગરટિપ્સની ગોપનીયતા નીતિ</strong></p><p><strong>પરિચય</strong></p><p>ફિંગરટિપ્સ (\"અમે,\" \"અમારા,\" અથવા \"અમને\") તમારા ગોપનીયતાને સુરક્ષિત રાખવા માટે પ્રતિબદ્ધ છે. આ ગોપનીયતા નીતિ સમજાવે છે કે અમે તમારા ડેટા સાથે કેવી રીતે વ્યવહાર કરીએ છીએ, કેવી રીતે એકત્રિત, ઉપયોગ, પ્રસારિત અને સુરક્ષિત કરીએ છીએ જ્યારે તમે અમારી મોબાઇલ એપ્લિકેશનનો ઉપયોગ કરો છો. કૃપા કરીને આ નીતિને ધ્યાનપૂર્વક વાંચો.</p><p><strong>અમારે દ્વારા એકત્રિત માહિતી</strong></p><p>અમે નીચેની પ્રકારની માહિતી એકત્રિત કરીએ છીએ:</p><ul><li><strong>વ્યક્તિગત માહિતી</strong>: જ્યારે તમે અમારી એપ પર રજીસ્ટર કરો છો અથવા ક્રિયાપ્રતિક્રિયા કરો છો, ત્યારે અમે તમારું નામ, ઈમેલ સરનામું અને ફોન નંબર જેવી માહિતી એકત્રિત કરીએ છીએ.</li></ul><p><strong>તમારી માહિતીનો ઉપયોગ કેવી રીતે કરીએ</strong></p><p>અમે એકત્રિત કરેલી માહિતીનો ઉપયોગ કરીએ છીએ:</p><ul><li>અમારી સેવાઓ પ્રદાન કરવા અને જાળવવા માટે</li><li>એપ પર તમારા અનુભવને વૈવિધ્યપૂર્ણ બનાવવા માટે</li><li>અમારા પ્લેટફોર્મને સુધારવા અને વધુ કાર્યક્ષમ બનાવવા માટે</li><li>અપડેટ્સ, ઓફર્સ અથવા મહત્વપૂર્ણ માહિતી વિશે તમારો સંપર્ક કરવા માટે</li><li>વપરાશ પેટર્નનું વિશ્લેષણ કરવા અને વપરાશકર્તા અનુભવ સુધારવા માટે</li><li>છેતરપિંડી અટકાવવાની, અમારી સેવા શરતો અમલમાં મૂકવા, અને પ્લેટફોર્મની રક્ષા માટે</li></ul><p><strong>તમારી માહિતીની શેરિંગ</strong></p><p>અમે તમારી વ્યક્તિગત માહિતી તૃતિય પક્ષ સાથે વેચતા નથી કે ભાડે આપતા નથી. તેમ છતાં, નીચેની પરિસ્થિતિઓમાં અમે તમારી માહિતી વહેંચી શકીએ:</p><ul><li><strong>સેવા પ્રદાતાઓ સાથે</strong>: અમે તૃતિય-પક્ષ સેવાપ્રદાતાઓ સાથે તમારી માહિતી શેર કરી શકીએ છીએ, જેમ કે ચુકવણી પ્રોસેસર્સ, માર્કેટિંગ પાર્ટનર્સ, અને એનાલિટિક્સ સેવાઓ.</li><li><strong>કાનૂની આવશ્યકતાઓ</strong>: જો કાનૂન મુજબ જરૂરી હોય, તો અમે તમારી માહિતી જાહેર કરી શકીએ છીએ, જેમ કે કોર્ટના આદેશ અથવા સરકારી વિનંતિ માટે.</li><li><strong>વ્યવસાયિક ટ્રાન્સફર્સ</strong>: મર્જર, એક્વિઝિશન અથવા અમારા તમામ અથવા કેટલાક સંપત્તિના વેચાણની પરિસ્થિતિમાં, તમારી માહિતી તે વ્યવહારનો ભાગ તરીકે ટ્રાન્સફર થઈ શકે છે.</li></ul><p><strong>તમારી માહિતીની સુરક્ષા</strong></p><p>અમે તમારી વ્યક્તિગત ડેટાને અનધિકૃત પ્રવેશ, ઉપયોગ અથવા પ્રસારિત થવાથી સુરક્ષિત રાખવા માટે યોગ્ય પગલાં લઈએ છીએ. તેમ છતાં, ઈન્ટરનેટ અથવા મોબાઇલ નેટવર્ક પર ડેટાનું પ્રસારણ સંપૂર્ણપણે સુરક્ષિત ગણાવી શકાતું નથી. તેથી, જ્યારે અમે તમારી માહિતીની સુરક્ષાને પ્રાથમિકતા આપીએ છીએ, ત્યારે તેની સંપૂર્ણ સુરક્ષાની ખાતરી આપી શકાતી નથી.</p><p><strong>તમારા હક્કો</strong></p><p>તમે નીચેના હક્કો ધરાવો છો:</p><ul><li>અમે તમારી વિશે જે માહિતી ધરાવીએ છીએ તે પર દાખલ થવા અને સમીક્ષા કરવા માટે</li><li>તમારી માહિતીની સુધારા અથવા હટાવવાની વિનંતી કરવા માટે</li></ul><p>આ હક્કો અમલમાં મૂકવા માટે, કૃપા કરીને અમારો સંપર્ક કરો: <a href=\"mailto:support@fingertipsapp.in\"><strong>mailto:support@fingertipsapp.in</strong></a></p><p><strong>આ ગોપનીયતા નીતિમાં ફેરફારો</strong></p><p>અમે આ ગોપનીયતા નીતિમાં સમયાંતરે સુધારા કરી શકીએ. કોઈપણ ફેરફારો આ પેજ પર પોસ્ટ કરવામાં આવશે, અને \"છેલ્લે સુધારેલ\" તારીખને અનુસાર સુધારાશે. અમે તમને આ નીતિને સમયાંતરે સમીક્ષા કરવા પ્રોત્સાહિત કરીએ છીએ.</p><p><strong>અમારો સંપર્ક કરો</strong></p><p>જો તમારી પાસે આ ગોપનીયતા નીતિ વિશે કોઈ પ્રશ્નો અથવા ચિંતાઓ હોય, તો કૃપા કરીને અમારો સંપર્ક કરો:</p><ul><li><strong>ઇમેલ</strong>: <a href=\"mailto:support@fingertipsapp.in\">support@fingertipsapp.in</a></li><li><strong>WhatsApp</strong>: <a href=\"tel:+91 6352330228\">+91<strong>6352330228</strong></a></li></ul><p>&nbsp;</p><p>&nbsp;</p><p>&nbsp;</p><h2>&nbsp;</h2>',1,0,'2023-10-16 05:21:03','2024-12-12 18:02:55'),(2,0,'Terms and condition','TERMS_CONDITIONS','<p>Welcome to Fingertips! By using our platform as a buyer, you agree to the following terms and conditions.</p><p><strong>Use of the Platform</strong></p><ul><li>Fingertips allows you to explore products and services from local vendors and service providers. Purchases are made directly at physical stores, and Fingertips does not facilitate online transactions.</li><li>You must be at least 13 years old to use the platform or have parental/guardian consent.</li></ul><p><strong>Account Creation</strong></p><ul><li>You may browse the app without registering, but registration is required for additional functionalities such as saving products, sharing, reviewing, and following stores.</li><li>You are responsible for maintaining the confidentiality of your account credentials.</li></ul><p><strong>Content Accuracy</strong></p><ul><li>Product details, prices, and availability are provided by vendors. Fingertips is not responsible for inaccurate or outdated information.</li></ul><p><strong>User Responsibilities</strong></p><ul><li>You agree not to misuse the platform, including posting inappropriate reviews or content, impersonating others, or engaging in fraudulent activities.</li><li>You must comply with local laws and not use the platform for illegal activities.</li></ul><p><strong>Privacy</strong></p><ul><li>Your use of the platform is subject to our <a href=\"link\">Privacy Policy</a>, which explains how we collect, use, and protect your information.</li></ul><p><strong>Limitation of Liability</strong></p><ul><li>Fingertips is not responsible for any disputes arising between you and the vendors or service providers. We only provide a platform for connecting with local businesses.</li></ul><p><strong>Termination</strong></p><ul><li>Fingertips reserves the right to terminate or suspend your account for violations of these terms or misuse of the platform.</li></ul><p><strong>Changes to Terms</strong></p><ul><li>We may update these terms from time to time, and you agree to review them periodically. Continued use of the platform after changes constitutes acceptance of the new terms.</li></ul><p><strong>Contact Us</strong></p><p>For any questions or concerns, contact us at +<a href=\"tel:+916352330228\">916352330228</a></p><p><strong>Reservation of Rights</strong></p><p>All rights not expressly addressed in these policies are reserved by Fingertips Commerce Solution, including decisions or actions at our sole discretion for unforeseen&nbsp;circumstances.</p><p>&nbsp;</p><p>&nbsp;</p>','<p>ફિંગરટિપ્સમાં આપનું સ્વાગત છે! ખરીદાર તરીકે અમારી પ્લેટફોર્મનો ઉપયોગ કરતી વખતે, તમે નીચેની નિયમો અને શરતોને સ્વીકારો છો.</p><p><strong>પ્લેટફોર્મનો ઉપયોગ</strong></p><ul><li>ફિંગરટિપ્સ તમને સ્થાનિક દુકાનદારો&nbsp;અને સેવાપ્રદાતાઓ પાસેથી ઉત્પાદનો અને સેવાઓ શોધવામાં મદદ કરે છે. ખરીદીઓ સીધી ફિઝિકલ સ્ટોરમાં થાય છે, અને ફિંગરટિપ્સ કોઈ ઓનલાઈન લેતીદેતી સુવિધા પૂરી પાડતું નથી.</li><li>પ્લેટફોર્મનો ઉપયોગ કરવા માટે તમારી ઉંમર ઓછામાં ઓછા&nbsp;18 વર્ષ હોવી જોઈએ અથવા તમે માતાપિતા/કાયદેસર સગાંની મંજૂરી મેળવી છે.</li></ul><p><strong>ખાતું બનાવવું</strong></p><ul><li>તમે રજીસ્ટ્રેશન કર્યા વિના એપ બ્રાઉઝ કરી શકો છો, પરંતુ ઉત્પાદન સેવ કરવા, શેર કરવા, સમીક્ષા લખવા અને સ્ટોરને ફોલો કરવા જેવી વિશેષતાઓ માટે રજીસ્ટ્રેશન આવશ્યક છે.</li><li>તમારું એકાઉન્ટ અને પાસવર્ડ સુરક્ષિત રાખવાની જવાબદારી તમારી છે.</li></ul><p><strong>સામગ્રીની ચોકસાઇ</strong></p><ul><li>ઉત્પાદનની વિગતો, કિંમતો અને ઉપલબ્ધતા વેચાણકર્તા દ્વારા આપવામાં આવે છે. ફિંગરટિપ્સ કોઈ ખોટી અથવા જૂની માહિતી માટે જવાબદાર નથી.</li></ul><p><strong>વપરાશકર્તાની જવાબદારીઓ</strong></p><ul><li>તમે પ્લેટફોર્મનો ખોટા હેતુથી ઉપયોગ ન કરો, જેમ કે અયોગ્ય સમીક્ષા પોસ્ટ કરવી, અન્ય લોકોની નકલ કરવી અથવા છેતરપિંડીની પ્રવૃત્તિઓ કરવી.</li><li>તમારે સ્થાનિક કાયદાનો પાલન કરવો આવશ્યક છે અને પ્લેટફોર્મનો બિનકાયદેસર પ્રવૃત્તિઓ માટે ઉપયોગ ન કરવો.</li></ul><p><strong>ગોપનીયતા</strong></p><ul><li>પ્લેટફોર્મનો ઉપયોગ તમારું&nbsp;ગોપનીયતા&nbsp;નીતિ&nbsp;હેઠળ આવે છે, જે જણાવે છે કે અમે તમારો ડેટા કેવી રીતે એકત્રિત, ઉપયોગ અને સુરક્ષિત કરીએ છીએ.</li></ul><p><strong>જવાબદારીની મર્યાદા</strong></p><ul><li>ફિંગરટિપ્સ વેચાણકર્તાઓ અથવા સેવાપ્રદાતાઓ સાથે કોઈપણ વિવાદ માટે જવાબદાર નથી. અમે માત્ર સ્થાનિક બિઝનેસ સાથે કનેક્ટ કરવાનું પ્લેટફોર્મ પૂરી પાડીએ છીએ.</li></ul><p><strong>ખાતું રદ કરવું</strong></p><ul><li>પ્લેટફોર્મના અયોગ્ય ઉપયોગ માટે અથવા નિયમોનું ઉલ્લંઘન કરવા માટે ફિંગરટિપ્સ તમારું એકાઉન્ટ બંધ કરવાનો અધિકાર ધરાવે છે.</li></ul><p><strong>શરતોમાં ફેરફાર</strong></p><ul><li>અમે ક્યારેક આ નિયમો અને શરતોને અપડેટ કરી શકીએ છીએ, અને તમે તેમને સમયાંતરે સમીક્ષા કરવી આવશ્યક છે. બદલાવ પછીના પ્લેટફોર્મના ઉપયોગને નવા નિયમો સ્વીકાર્ય માનવામાં આવશે.</li></ul><p><strong>અમારો સંપર્ક કરો</strong></p><p>કોઈ પ્રશ્નો અથવા ચિંતાઓ માટે, કૃપા કરીને અમારો સંપર્ક કરો: +<a href=\"tel:+916352330228\">916352330228</a></p><p><strong>હકનો જતવો</strong></p><p>આ નીતિઓમાં સ્પષ્ટપણે ઉલ્લેખિત ન થયેલા તમામ હકો&nbsp;Fingertips Commerce Solution&nbsp;દ્વારા જતવાયેલા છે,&nbsp;જેમાં અણધાર્યા પરિસ્થિતિઓ માટે અમારી ડિસ્ક્રેશન અનુસાર નિર્ણય લેવાનો&nbsp;સમાવેશ&nbsp;થાય&nbsp;છે.</p><p>&nbsp;</p>',1,0,'2023-10-16 05:34:25','2024-11-29 05:35:24'),(3,0,'About us','ABOUT_US','<p>Welcome to Fingertips!</p><p><strong>App Overview</strong>:<br>Fingertips is an innovative platform designed to bridge the gap between rural consumers and physical stores. Recognizing that people in rural areas often distrust online purchases and prefer a tangible shopping experience, Fingertips allows users to browse products online, view details, and view similar options. When ready to buy, they can visit the local store to complete their purchase. This approach ensures convenience without compromising the personal, hands-on experience that rural consumers value.</p><p><strong>Mission</strong>:<br>Our goal is simple: to help local vendors expand their reach and provide local people with more choices, the best affordability, high-quality products, time-saving options, and a tangible shopping experience that guarantees satisfaction.</p><p><strong>Vision</strong>:<br>We aim to expand Fingertips across all districts of Saurashtra and eventually throughout Gujarat. Our goal is to continually provide the best solutions tailored to the evolving needs of local people, ensuring they have access to a wide variety of choices and services.</p><p><strong>Inspiration</strong>:<br>Fingertips was inspired by common issues faced in online and physical shopping experiences. We observed that customers often receive products that differ from what was shown online, leading to dissatisfaction and compromises. Additionally, customers frequently visit stores with product images and details, only to find products that don’t meet their expectations. To address these challenges, Fingertips provides a platform where users can view accurate product images and details online, ensuring a better match with what they find in-store. This approach aims to meet customer satisfaction while alleviating the difficulties vendors face in physically displaying all their products.</p><p><strong>Target Audience</strong>:<br>Fingertips serves all individuals, with a particular focus on those in rural areas. Our platform caters to both buyers and sellers, whether they are dealing with products or services. By addressing the unique needs of rural communities, we aim to enhance their access to diverse choices and opportunities.</p><p><strong>Core Values</strong>:<br>At Fingertips, we are committed to supporting local individuals by providing diverse choices and maintaining transparency in all our dealings. We prioritize delivering the best user experience, ensuring affordability, building trust, and operating with a genuine motive to serve our community effectively.</p><p><strong>How the App Works</strong>:<br>Vendors and service providers register on Fingertips and agree to the platform’s policies. Once approved by the admin, their stores or services become available for buyers to view. Buyers can browse all products on the platform without registration. However, to access additional features like sharing, saving products, writing reviews, and following stores, buyers need to register on the app.</p><p><strong>Social Responsibility and Community Engagement</strong>:<br>At Fingertips, we are committed to providing a valuable platform for our users, offering our core services completely free of charge. We continuously work to improve and introduce new features based on user needs. For vendors and service providers, we offer premium services that come with a subscription charge, helping them enhance their business and reach.</p><p>&nbsp;</p><p>&nbsp;</p>','<p>ફિંગરટિપ્સમાં આપનું સ્વાગત છે!&nbsp;</p><p><strong>એપ્લિકેશનનો પરિચય</strong>:<br>\"ફિંગરટિપ્સ\"એ એક નવીન પ્લેટફોર્મ છે જે ગ્રામ્ય ગ્રાહકો અને દુકાનો વચ્ચેનો અંતર દૂર કરવા માટે રચાયેલ છે. અમે સમજીએ છીએ કે ગ્રામ્ય વિસ્તારોમાં રહેલા લોકો ઘણીવાર ઓનલાઈન ખરીદી પર વિશ્વાસ રાખતા નથી અને તેઓ હાથો-હાથ તપાસીને ખરીદી કરવાની જરૂર સમજે છે.&nbsp;ફિંગરટિપ્સ દ્વારા, લોકો આ પ્લેટફોર્મ પર પ્રોડક્ટ્સની વિગતો જોઈ શકે છે, પણ ખરીદી માટે તેઓ સ્થાનિક દુકાન પર જઈને યોગ્ય ઉત્પાદન મેળવવામાં મદદરૂપ થાય છે. આ પદ્ધતિ ગ્રાહકોને અનુકૂળતા અને વૈવિધ્ય આપીને તેમની શોપિંગની વ્યક્તિગત અનુભવને સમર્થ બનાવે છે.</p><p><strong>મિશન</strong>:<br>અમારું લક્ષ્ય સાદું છે: સ્થાનિક વેપારીઓને તેમની પહોંચ વિસ્તૃત કરવામાં મદદ કરવી અને સ્થાનિક લોકો માટે વધુ પસંદગીઓ, શ્રેષ્ઠ કિંમત, ઉચ્ચ ગુણવત્તાવાળા પ્રોડક્ટ્સ, સમય બચાવવાની સગવડતા અને સંતોષદાયક ખરીદીના અનુભવ પૂરા પાડવા.</p><p><strong>વિઝન</strong>:<br>અમે&nbsp;ફિંગરટિપ્સ ને સૌપ્રથમ સૌરાષ્ટ્રના તમામ જિલ્લાઓમાં વિસ્તરાવાનું લક્ષ્ય ધરાવીએ છીએ અને પછી આખા ગુજરાતમાં તેને લઇ જવું છે. સમયાંતરે સ્થાનિક લોકોની ઊભરતી જરૂરિયાતોને પહોંચી વળવા માટે શ્રેષ્ઠ ઉકેલો પ્રદાન કરવાનું અમારું ધ્યેય છે, જેથી તેઓ વૈવિધ્યપૂર્ણ પસંદગીઓ અને સેવાઓનો લાભ લઈ શકે.</p><p><strong>પ્રેરણા</strong>:<br>ફિંગરટિપ્સ પાછળની પ્રેરણા ગ્રાહકો અને દુકાનના અનુભવોમાંથી આવી છે. અમે અનુભવ્યું કે ઘણી વખત ગ્રાહકોને જે પ્રોડક્ટ ઓનલાઈન દેખાડવામાં આવે છે તે જ પ્રોડક્ટ તેમને મળતી નથી, જેના કારણે તેઓ નિરાશ થાય છે અને ત્યાગ કરવો પડે છે. ફિંગર્ટિપ્સ એ આ સમસ્યાનો ઉકેલ છે, જ્યાં ગ્રાહકોને પ્રોડક્ટ્સની સાચી છબીઓ અને વિગતો મળી શકે છે, જેથી જ્યારે તેઓ દુકાનમાં ખરીદી કરવા જાય છે, ત્યારે તેમના અપેક્ષા અનુસાર પ્રોડક્ટ મળે. આ અભિગમ ગ્રાહકોની સંતોષને વધારવા અને વેપારીઓને દરેક પ્રોડક્ટ ભૌતિક રીતે બતાવવાની સમસ્યાથી રાહત આપવા માટે છે.</p><p><strong>ટાર્ગેટ ઓડિયન્સ</strong>:<br>ફિંગરટિપ્સ તમામ લોકોને સેવા આપે છે, ખાસ કરીને ગ્રામ્ય વિસ્તારોમાં રહેતા લોકો માટે. અમારી પ્લેટફોર્મ ખરીદદારો અને વેચાણકર્તાઓ, બંનેને પ્રોડક્ટ્સ અથવા સેવાઓ સાથે જોડે છે. અમે ગ્રામ્ય સમુદાયોની અનન્ય જરૂરિયાતોને પહોંચી વળીને તેમને વધુ પસંદગીઓ અને તકો પૂરી પાડવાનું લક્ષ્ય ધરાવીએ છીએ.</p><p><strong>મૂળ મૂલ્ય</strong>:<br>ફિંગરટિપ્સ ખાતે, અમે સ્થાનિક વ્યક્તિઓને વૈવિધ્યપૂર્ણ પસંદગીઓ પૂરી પાડીને અને પારદર્શકતા જાળવીને સમર્થન આપવા માટે પ્રતિબદ્ધ છીએ. અમે શ્રેષ્ઠ યૂઝર અનુભવ, વહનક્ષમતા, વિશ્વસનીયતા, અને સમુદાયની પ્રામાણિક રીતે સેવા આપવા માટે મક્કમ પ્રતિજ્ઞા રાખીએ છીએ.</p><p><strong>એપ કેવી રીતે કામ કરે છે?</strong>:<br>ફિંગરટિપ્સ પર વેચાણકર્તા અને સેવા પ્રદાતા પોતાનું નોંધણી કરે છે અને અમારી પ્લેટફોર્મની નીતિઓ સાથે સંમત થાય છે. એક વાર એડમિન દ્વારા મંજૂરી મળ્યા પછી, તેઓના દુકાન અથવા સેવા ખરીદદારો માટે ઉપલબ્ધ બની જાય છે. ખરીદદારો કોઈ નોંધણી વગર પણ&nbsp;ફિંગરટિપ્સ પર પ્રોડક્ટ્સ જોઈ શકે છે, પરંતુ શેર કરવી, પ્રોડક્ટ સાચવવી, સમીક્ષા કરવી અને દુકાનોને ફોલો કરવા જેવી વધારાની સુવિધાઓનો ઉપયોગ કરવા માટે, તેમને નોંધણી કરવી જરૂરી છે.</p><p><strong>સામાજિક જવાબદારી અને સમુદાય જોડાણ</strong>:<br>ફિંગરટિપ્સ પર, અમે અમારા યુઝર્સને મૂલ્યવાન પ્લેટફોર્મ પૂરૂ પાડવા માટે પ્રતિબદ્ધ છીએ, અને અમારી મુખ્ય સેવાઓ સંપૂર્ણપણે મફતમાં પૂરી પાડવામાં આવે છે. અમે સતત સુધારા અને નવી સુવિધાઓ રજૂ કરીએ છીએ, જે અમારાં યુઝર્સની જરૂરિયાતોને અનુરૂપ છે. વિક્રેતાઓ અને સેવા પ્રદાતાઓ માટે, અમે સબ્સ્ક્રિપ્શન આધારિત પ્રીમિયમ સેવાઓ પણ પ્રદાન કરીએ છીએ, જે તેમના વ્યવસાયને વધુ મજબૂત બનાવવામાં મદદ કરે છે.</p><p>&nbsp;</p><p>&nbsp;</p>',1,0,'2023-10-16 06:02:39','2024-11-29 05:35:24'),(4,1,'Privacy Policy','PRIVACY_POLICY','<p><strong>Introduction</strong><br>Fingertips (\"we\", \"our\", or \"us\") is committed to protecting your privacy. This Vendor Privacy Policy explains how we collect, use, disclose, and safeguard the information you provide when you use our platform as a vendor. Please read this policy carefully to understand how we handle your data.</p><p><strong>Information We Collect from Vendors</strong><br>We collect the following information from vendors when they register or interact with our platform:</p><ul><li><strong>Email Address</strong></li><li><strong>Phone Number</strong></li><li><strong>WhatsApp Number</strong></li><li><strong>Store Name</strong></li><li><strong>GSTIN Number</strong> (if provided by the vendor)</li><li><strong>Store Address</strong></li><li><strong>Product Details</strong>: This includes product names, descriptions, prices, images, and any other relevant information you choose to provide.</li></ul><p><strong>How We Use Your Information</strong><br>We use the information collected for the following purposes:</p><ul><li>To create and manage your vendor account</li><li>To display your store and products to users of the Fingertips app</li><li>To facilitate communication between you and your customers</li><li>To provide customer support and respond to inquiries</li><li>To improve and optimize our platform</li></ul><p><strong>Information Visibility</strong><br>Please be aware that:</p><ul><li><strong>Store and Product Details</strong>: All information related to your store, such as the store name, address, contact details, and product-related information, can be viewed by all users of the Fingertips app.</li><li><strong>Public Profile</strong>: Your email address, phone number, WhatsApp number, store name, GSTIN (if provided), and store address will be visible to users, allowing them to contact or visit your store directly.</li></ul><p><strong>Sharing Your Information</strong><br>We do not sell or rent your information to third parties. However, your data may be shared in the following situations:</p><ul><li><strong>With Service Providers</strong>: We may share your information with third-party service providers who assist us in operating the platform, such as payment processors or marketing partners.</li><li><strong>Legal Requirements</strong>: We may disclose your information if required by law or in response to legal processes, such as court orders or government requests.</li><li><strong>Business Transfers</strong>: In the event of a merger, acquisition, or sale of all or a portion of our assets, your information may be transferred as part of that transaction.</li></ul><p><strong>Security of Your Information</strong><br>We take reasonable precautions to protect your data from unauthorized access, use, or disclosure. However, please note that no data transmission over the internet or mobile networks can be guaranteed as completely secure.</p><p><strong>Your Rights</strong><br>As a vendor, you have the right to:</p><ul><li>Access and review the information we have about you</li><li>Request correction or deletion of your data</li></ul><p><strong>Changes to This Vendor Privacy Policy</strong><br>We may update this policy from time to time. Any changes will be posted on this page, and the \"last updated\" date will be revised accordingly. We encourage you to review this policy periodically.</p><p><strong>Contact Us</strong><br>If you have any questions or concerns regarding this Vendor Privacy Policy, please contact us at:</p><ul><li><strong>Email</strong>: <a href=\"mailto:support@fingertipsapp.in\">support@fingertipsapp.in</a></li><li><strong>Address</strong>: <a href=\"+91 6352330228\">+91 6352330228</a></li></ul>','<p><strong>પરિચય</strong><br>ફિંગરટિપ્સ (\"અમે\", \"અમારા\", અથવા \"અમને\") તમારી ગોપનીયતાનું રક્ષણ કરવા માટે પ્રતિબદ્ધ છે. આ વેચનાર ગોપનીયતા નીતિ એ સમજાવે છે કે જ્યારે તમે અમારી પ્લેટફોર્મ પર વેચનાર તરીકે સેવા આપો છો ત્યારે અમે કેવી રીતે તમારી માહિતી એકત્રિત, ઉપયોગ, જાહેર, અને સુરક્ષિત કરીએ છીએ. કૃપા કરીને આ નીતિ ધ્યાનપૂર્વક વાંચો.</p><p><strong>વેચનારા પાસેથી જે માહિતી અમે એકત્રિત કરીએ છીએ</strong><br>અમે વેચનાર પાસેથી તેમની રજીસ્ટ્રેશન અથવા પ્લેટફોર્મ સાથેની ક્રિયાપ્રતિક્રિયા દરમિયાન નીચેની માહિતી એકત્રિત કરીએ છીએ:</p><ul><li><strong>ઈમેલ સરનામું</strong></li><li><strong>ફોન નંબર</strong></li><li><strong>વોટ્સએપ નંબર</strong></li><li><strong>દુકાનનું નામ</strong></li><li><strong>GSTIN &nbsp;નંબર</strong> (જો વેચનાર દ્વારા પૂરી પાડવામાં આવ્યો હોય તો)</li><li><strong>દુકાનનું સરનામું</strong></li><li><strong>ઉત્પાદન સંબંધિત વિગતો</strong>: જેમાં ઉત્પાદનના નામ, વર્ણન, કિંમત, છબીઓ, અને તમે આપેલ અન્ય સંબંધિત માહિતી શામેલ છે.</li></ul><p><strong>તમારી માહિતીનો અમે કેવી રીતે ઉપયોગ કરીએ છીએ</strong><br>અમે એકત્રિત કરેલ માહિતીનો ઉપયોગ નીચેના હેતુઓ માટે કરીએ છીએ:</p><ul><li>તમારા વેચનાર એકાઉન્ટ બનાવવા અને સંચાલિત કરવા માટે</li><li>અમારા પ્લેટફોર્મ પર તમારા સ્ટોર અને ઉત્પાદનો પ્રદર્શિત કરવા માટે</li><li>તમારા અને તમારા ગ્રાહકો વચ્ચે સરળ સંવાદ સુવિધા માટે</li><li>ગ્રાહક સપોર્ટ પ્રદાન કરવા અને પૂછપરછને જવાબ આપવા માટે</li><li>અમારા પ્લેટફોર્મને સુધારવા અને વધુ કાર્યક્ષમ બનાવવા માટે</li></ul><p><strong>માહિતીની દૃશ્યતા</strong><br>કૃપા કરીને નોંધો કે:</p><ul><li><strong>દુકાન અને ઉત્પાદન વિગતો</strong>: તમારી દુકાન અને તેના ઉત્પાદનો સંબંધિત તમામ માહિતી, જેમ કે દુકાનનું નામ, સરનામું, સંપર્ક વિગતો, અને ઉત્પાદન સંબંધિત માહિતી, ફિંગરટિપ્સ એપના તમામ વપરાશકર્તાઓ માટે જોવા યોગ્ય રહેશે.</li><li><strong>જાહેર પ્રોફાઇલ</strong>: તમારું ઈમેલ સરનામું, ફોન નંબર, વોટ્સએપ નંબર, દુકાનનું નામ, GSTIN (જો પૂરી પાડવામાં આવી હોય), અને દુકાનનું સરનામું વપરાશકર્તાઓને જોવા મળશે જેથી તેઓ સીધા&nbsp;સંપર્ક કરી શકે અથવા તમારી દુકાનની મુલાકાત લઈ શકે.</li></ul><p><strong>તમારી માહિતીની વહેંચણી</strong><br>અમે તમારી માહિતી તૃતિય પક્ષ સાથે વેચતા નથી કે ભાડે આપતા નથી. તેમ છતાં, તમારી માહિતી નીચેની પરિસ્થિતિઓમાં વહેંચી શકીએ:</p><ul><li><strong>સેવા પ્રદાતાઓ સાથે</strong>: અમે અમારી સેવા ચલાવવા માટે સહાયતા કરતા તૃતિય-પક્ષ સેવાપ્રદાતાઓ સાથે તમારી માહિતી શેર કરી શકીએ છીએ, જેમ કે ચુકવણી પ્રોસેસર્સ અથવા માર્કેટિંગ ભાગીદારો.</li><li><strong>કાનૂની આવશ્યકતાઓ</strong>: જો કાનૂન મુજબ જરૂરી હોય, તો કોર્ટના આદેશ અથવા સરકારી વિનંતિના જવાબમાં તમારી માહિતી જાહેર કરી શકીએ છીએ.</li><li><strong>વ્યવસાયિક ટ્રાન્સફર</strong>: મર્જર, એક્વિઝિશન, અથવા અમારી તમામ અથવા કેટલાક સંપત્તિના વેચાણની પરિસ્થિતિમાં, તમારી માહિતી તે વ્યવહારનો ભાગ તરીકે ટ્રાન્સફર થઈ શકે છે.</li></ul><p><strong>તમારી માહિતીની સુરક્ષા</strong><br>અમે તમારી ડેટાને અનધિકૃત પ્રવેશ, ઉપયોગ, અથવા પ્રસારિત થવાથી સુરક્ષિત રાખવા માટે યોગ્ય પગલાં લઈએ છીએ. તેમ છતાં, ઈન્ટરનેટ અથવા મોબાઇલ નેટવર્ક પર ડેટાનું પ્રસારણ સંપૂર્ણપણે સુરક્ષિત ગણાવી શકાતું નથી.</p><p><strong>તમારા હક્કો</strong><br>એક વેચનાર તરીકે, તમારા નીચેના હક્કો છે:</p><ul><li>અમે તમારી વિશે જે માહિતી ધરાવીએ છીએ તે પર દાખલ થવાની અને સમીક્ષા કરવાની</li><li>તમારી માહિતીની સુધારા અથવા હટાવવાની વિનંતી કરવાની</li></ul><p><strong>આ વેચનાર ગોપનીયતા નીતિમાં ફેરફારો</strong><br>અમે આ નીતિમાં સમયાંતરે સુધારા કરી શકીએ. કોઈપણ ફેરફારો આ પેજ પર પોસ્ટ કરવામાં આવશે, અને \"છેલ્લે સુધારેલ\" તારીખને અનુસરે સુધારાશે. અમે તમને આ નીતિને સમયાંતરે સમીક્ષા કરવા પ્રોત્સાહિત કરીએ છીએ.</p><p><strong>અમારો સંપર્ક કરો</strong><br>જો તમારી પાસે આ નીતિ વિશે કોઈ પ્રશ્નો અથવા ચિંતાઓ હોય, તો કૃપા કરીને અમારો સંપર્ક કરો:</p><ul><li><strong>ઈમેલ</strong>: <a href=\"mailto:support@fingertipsapp.in\">support@fingertipsapp.in</a></li><li><strong>સરનામું</strong>: <a href=\"+91 6352330228\">+91 6352330228</a></li></ul>',1,0,'2023-10-15 23:51:03','2024-11-25 15:23:53'),(5,1,'Terms and condition','TERMS_CONDITIONS','<p>Welcome to Fingertips! By registering as a vendor on Fingertips, you agree to the following terms and conditions.</p><p><strong>Vendor Eligibility</strong></p><ul><li>You must provide accurate business information, including store name, address, and GSTIN (if applicable).</li><li>Your registration is subject to approval by Fingertips. Once approved, your store will be available on the platform.</li></ul><p><strong>Responsibilities</strong></p><ul><li>You are responsible for maintaining accurate and up-to-date product listings, prices, and store information.</li><li>Vendors are responsible for fulfilling any commitments made to buyers, including product availability and prices displayed on the platform.</li></ul><p><strong>Premium Services</strong></p><ul><li>Vendors may subscribe to premium services for additional features, such as more product image uploads, more storage and priority in store listings.</li></ul><p><strong>Content Guidelines</strong></p><ul><li>Any product images, descriptions, or content uploaded to Fingertips must comply with local laws and must not include misleading or false information.</li><li>Fingertips reserves the right to remove any content that violates these guidelines or is inappropriate for the platform.</li></ul><p><strong>Indemnity</strong></p><ul><li>Vendors agree to indemnify Fingertips for any claims arising from disputes with buyers, inaccurate product listings, or violation of third-party rights.</li></ul><p><strong>Payment Terms</strong></p><ul><li>Vendors are responsible for handling payments directly with buyers at physical stores. Fingertips does not process payments or transactions.</li></ul><p><strong>Termination</strong></p><ul><li>Fingertips reserves the right to terminate or suspend your vendor account for violating these terms or providing misleading information.</li></ul><p><strong>Changes to Terms</strong></p><ul><li>Fingertips may update these terms from time to time, and continued use of the platform constitutes acceptance of any changes.</li></ul><p><strong>Contact Us</strong></p><p>For any questions or issues, contact us at <a href=\"+91 6352330228 \"><strong>+91 6352330228&nbsp;</strong></a></p><p><strong>Reservation of Rights</strong></p><p>All rights not expressly addressed in these policies are reserved by Fingertips Commerce Solution, including decisions or actions at our sole discretion for unforeseen&nbsp;circumstances.</p><p>&nbsp;</p>','<p>ફિંગરટિપ્સમાં આપનું સ્વાગત છે! &nbsp;ફિંગરટિપ્સમાં વેચાણકર્તા તરીકે નોંધણી કરીને, તમે નીચેની નિયમો અને શરતોને સ્વીકારો છો.</p><p><strong>વેચાણકર્તા યોગ્યતા</strong></p><ul><li>તમારે સચોટ બિઝનેસ માહિતી, જેમ કે સ્ટોરનું નામ, સરનામું અને&nbsp;GSTIN (જો લાગુ પડે) પૂરી પાડવી જરૂરી છે.</li><li>તમારી નોંધણી ફિંગરટિપ્સ દ્વારા મંજુર થયાની રહેશે. એકવાર મંજૂરી મળ્યા પછી, તમારું સ્ટોર પ્લેટફોર્મ પર ઉપલબ્ધ થશે.</li></ul><p><strong>જવાબદારીઓ</strong></p><ul><li>તમારે ચોક્કસ અને અપડેટેડ ઉત્પાદન યાદી, કિંમતો અને સ્ટોરની માહિતી જાળવી રાખવાની રહેશે.</li><li>તમે ખરીદદારો સાથે કરેલા કોઈપણ કરારને પૂરું કરવા માટે જવાબદાર છો, જેમાં ઉત્પાદનોની ઉપલબ્ધતા અને પ્લેટફોર્મ પર દર્શાવેલી કિંમતોનો સમાવેશ થાય છે.</li></ul><p><strong>પ્રિમિયમ સેવાઓ</strong></p><ul><li>વેચાણકર્તાઓને પ્રિમિયમ સેવાઓ માટે સબસ્ક્રાઇબ કરવાની મંજુરી છે, જેમાં વધુ ઉત્પાદન છબીઓ અપલોડ કરવાની ક્ષમતા અને સ્ટોર યાદીમાં પ્રાથમિકતા જેવી સુવિધાઓનો સમાવેશ થાય છે.</li></ul><p><strong>સામગ્રીની માર્ગદર્શિકા</strong></p><ul><li>કોઈપણ પ્રોડક્ટ ઇમેજ, વર્ણન અથવા સામગ્રીને સ્થાનિક કાયદાના અનુરૂપ હોવું જોઈએ અને ખોટી અથવા ત્રાસજનક માહિતી નહીં હોવી જોઈએ.</li><li>ફિંગરટિપ્સ તે સામગ્રીને દૂર કરવાનો અધિકાર ધરાવે છે, જે આ માર્ગદર્શિકા વિરૂદ્ધ છે.</li></ul><p><strong>અન્યાય એડીમનિટિ</strong></p><ul><li>કોઈપણ વિવાદ કે ખોટા ઉત્પાદન યાદી અથવા તૃતીય પક્ષના હક્કોની ઉલ્લંઘનના કારણે થતા દાવાઓ માટે, તમે ફિંગરટિપ્સને રક્ષિત કરવાની તક આપો છે.</li></ul><p><strong>ચુકવણીની શરતો</strong></p><ul><li>વેચાણકર્તાઓ સીધી ખરીદદારો સાથે સ્ટોર પર ચુકવણી સંભાળે છે. ફિંગરટિપ્સ કોઈ ચુકવણી પ્રક્રિયાને હાથ ધરતું નથી.</li></ul><p><strong>ખાતું રદ કરવું</strong></p><ul><li>ફિંગરટિપ્સના નિયમોનું ઉલ્લંઘન અથવા ખોટી માહિતી પૂરી પાડવા માટે તમારું ખાતું રદ કરવાનો અધિકાર ફિંગરટિપ્સ ધરાવે છે.</li></ul><p><strong>શરતોમાં ફેરફાર</strong></p><ul><li>ફિંગરટિપ્સ ક્યારેક આ નિયમો અપડેટ કરી શકે છે, અને ફેરફાર પછીના પ્લેટફોર્મના ઉપયોગને નવો સ્વીકાર માનવામાં આવશે.</li></ul><p><strong>અમારો સંપર્ક કરો</strong></p><p>કોઈ પ્રશ્નો માટે, કૃપા કરીને અમારો સંપર્ક કરો: <a href=\"+91 6352330228\"><strong>+91 6352330228</strong></a></p><p><strong>અધિકારોનું આરક્ષણ&nbsp;</strong></p><p>આ નીતિઓમાં સ્પષ્ટપણે ઉલ્લેખિત ન થયેલા તમામ હકો Fingertips Commerce Solution દ્વારા આરક્ષિત છે, જેમાં અણધાર્યા પરિસ્થિતિઓ માટે અમારી ડિસ્ક્રેશન અનુસાર નિર્ણય લેવાનો&nbsp;સમાવેશ&nbsp;થાય&nbsp;છે.<br>&nbsp;</p>',1,0,'2023-10-16 00:04:25','2024-11-29 05:35:24'),(6,1,'About us','ABOUT_US','<p><strong>App Overview</strong>:<br>Fingertips is an innovative platform designed to bridge the gap between rural consumers and physical stores. Recognizing that people in rural areas often distrust online purchases and prefer a tangible shopping experience, Fingertips allows users to browse products online, view details, and view similar options. When ready to buy, they can visit the local store to complete their purchase. This approach ensures convenience without compromising the personal, hands-on experience that rural consumers value.</p><p><strong>Mission</strong>:<br>Our goal is simple: to help local vendors expand their reach and provide local people with more choices, the best affordability, high-quality products, time-saving options, and a tangible shopping experience that guarantees satisfaction.</p><p><strong>Vision</strong>:<br>We aim to expand Fingertips across all districts of Saurashtra and eventually throughout Gujarat. Our goal is to continually provide the best solutions tailored to the evolving needs of local people, ensuring they have access to a wide variety of choices and services.</p><p><strong>Inspiration</strong>:<br>Fingertips was inspired by common issues faced in online and physical shopping experiences. We observed that customers often receive products that differ from what was shown online, leading to dissatisfaction and compromises. Additionally, customers frequently visit stores with product images and details, only to find products that don’t meet their expectations. To address these challenges, Fingertips provides a platform where users can view accurate product images and details online, ensuring a better match with what they find in-store. This approach aims to meet customer satisfaction while alleviating the difficulties vendors face in physically displaying all their products.</p><p><strong>Target Audience</strong>:<br>Fingertips serves all individuals, with a particular focus on those in rural areas. Our platform caters to both buyers and sellers, whether they are dealing with products or services. By addressing the unique needs of rural communities, we aim to enhance their access to diverse choices and opportunities.</p><p><strong>Core Values</strong>:<br>At Fingertips, we are committed to supporting local individuals by providing diverse choices and maintaining transparency in all our dealings. We prioritize delivering the best user experience, ensuring affordability, building trust, and operating with a genuine motive to serve our community effectively.</p><p><strong>How the App Works</strong>:<br>Vendors and service providers register on Fingertips and agree to the platform’s policies. Once approved by the admin, their stores or services become available for buyers to view. Buyers can browse all products on the platform without registration. However, to access additional features like sharing, saving products, writing reviews, and following stores, buyers need to register on the app.</p><p><strong>Social Responsibility and Community Engagement</strong>:<br>At Fingertips, we are committed to providing a valuable platform for our users, offering our core services completely free of charge. We continuously work to improve and introduce new features based on user needs. For vendors and service providers, we offer premium services that come with a subscription charge, helping them enhance their business and reach.</p><p>&nbsp;</p><p>&nbsp;</p>','<p><strong>એપ્લિકેશનનો પરિચય</strong>:<br>\"ફિંગરટિપ્સ\"એ એક નવીન પ્લેટફોર્મ છે જે ગ્રામ્ય ગ્રાહકો અને દુકાનો વચ્ચેનો અંતર દૂર કરવા માટે રચાયેલ છે. અમે સમજીએ છીએ કે ગ્રામ્ય વિસ્તારોમાં રહેલા લોકો ઘણીવાર ઓનલાઈન ખરીદી પર વિશ્વાસ રાખતા નથી અને તેઓ હાથો-હાથ તપાસીને ખરીદી કરવાની જરૂર સમજે છે.&nbsp;ફિંગરટિપ્સ દ્વારા, લોકો આ પ્લેટફોર્મ પર પ્રોડક્ટ્સની વિગતો જોઈ શકે છે, પણ ખરીદી માટે તેઓ સ્થાનિક દુકાન પર જઈને યોગ્ય ઉત્પાદન મેળવવામાં મદદરૂપ થાય છે. આ પદ્ધતિ ગ્રાહકોને અનુકૂળતા અને વૈવિધ્ય આપીને તેમની શોપિંગની વ્યક્તિગત અનુભવને સમર્થ બનાવે છે.</p><p><strong>મિશન</strong>:<br>અમારું લક્ષ્ય સાદું છે: સ્થાનિક વેપારીઓને તેમની પહોંચ વિસ્તૃત કરવામાં મદદ કરવી અને સ્થાનિક લોકો માટે વધુ પસંદગીઓ, શ્રેષ્ઠ કિંમત, ઉચ્ચ ગુણવત્તાવાળા પ્રોડક્ટ્સ, સમય બચાવવાની સગવડતા અને સંતોષદાયક ખરીદીના અનુભવ પૂરા પાડવા.</p><p><strong>વિઝન</strong>:<br>અમે&nbsp;ફિંગરટિપ્સ ને સૌપ્રથમ સૌરાષ્ટ્રના તમામ જિલ્લાઓમાં વિસ્તરાવાનું લક્ષ્ય ધરાવીએ છીએ અને પછી આખા ગુજરાતમાં તેને લઇ જવું છે. સમયાંતરે સ્થાનિક લોકોની ઊભરતી જરૂરિયાતોને પહોંચી વળવા માટે શ્રેષ્ઠ ઉકેલો પ્રદાન કરવાનું અમારું ધ્યેય છે, જેથી તેઓ વૈવિધ્યપૂર્ણ પસંદગીઓ અને સેવાઓનો લાભ લઈ શકે.</p><p><strong>પ્રેરણા</strong>:<br>ફિંગરટિપ્સ પાછળની પ્રેરણા ગ્રાહકો અને દુકાનના અનુભવોમાંથી આવી છે. અમે અનુભવ્યું કે ઘણી વખત ગ્રાહકોને જે પ્રોડક્ટ ઓનલાઈન દેખાડવામાં આવે છે તે જ પ્રોડક્ટ તેમને મળતી નથી, જેના કારણે તેઓ નિરાશ થાય છે અને ત્યાગ કરવો પડે છે. ફિંગર્ટિપ્સ એ આ સમસ્યાનો ઉકેલ છે, જ્યાં ગ્રાહકોને પ્રોડક્ટ્સની સાચી છબીઓ અને વિગતો મળી શકે છે, જેથી જ્યારે તેઓ દુકાનમાં ખરીદી કરવા જાય છે, ત્યારે તેમના અપેક્ષા અનુસાર પ્રોડક્ટ મળે. આ અભિગમ ગ્રાહકોની સંતોષને વધારવા અને વેપારીઓને દરેક પ્રોડક્ટ ભૌતિક રીતે બતાવવાની સમસ્યાથી રાહત આપવા માટે છે.</p><p><strong>ટાર્ગેટ ઓડિયન્સ</strong>:<br>ફિંગરટિપ્સ તમામ લોકોને સેવા આપે છે, ખાસ કરીને ગ્રામ્ય વિસ્તારોમાં રહેતા લોકો માટે. અમારી પ્લેટફોર્મ ખરીદદારો અને વેચાણકર્તાઓ, બંનેને પ્રોડક્ટ્સ અથવા સેવાઓ સાથે જોડે છે. અમે ગ્રામ્ય સમુદાયોની અનન્ય જરૂરિયાતોને પહોંચી વળીને તેમને વધુ પસંદગીઓ અને તકો પૂરી પાડવાનું લક્ષ્ય ધરાવીએ છીએ.</p><p><strong>મૂળ મૂલ્ય</strong>:<br>ફિંગરટિપ્સ ખાતે, અમે સ્થાનિક વ્યક્તિઓને વૈવિધ્યપૂર્ણ પસંદગીઓ પૂરી પાડીને અને પારદર્શકતા જાળવીને સમર્થન આપવા માટે પ્રતિબદ્ધ છીએ. અમે શ્રેષ્ઠ યૂઝર અનુભવ, વહનક્ષમતા, વિશ્વસનીયતા, અને સમુદાયની પ્રામાણિક રીતે સેવા આપવા માટે મક્કમ પ્રતિજ્ઞા રાખીએ છીએ.</p><p><strong>એપ કેવી રીતે કામ કરે છે?</strong>:<br>ફિંગરટિપ્સ પર વેચાણકર્તા અને સેવા પ્રદાતા પોતાનું નોંધણી કરે છે અને અમારી પ્લેટફોર્મની નીતિઓ સાથે સંમત થાય છે. એક વાર એડમિન દ્વારા મંજૂરી મળ્યા પછી, તેઓના દુકાન અથવા સેવા ખરીદદારો માટે ઉપલબ્ધ બની જાય છે. ખરીદદારો કોઈ નોંધણી વગર પણ&nbsp;ફિંગરટિપ્સ પર પ્રોડક્ટ્સ જોઈ શકે છે, પરંતુ શેર કરવી, પ્રોડક્ટ સાચવવી, સમીક્ષા કરવી અને દુકાનોને ફોલો કરવા જેવી વધારાની સુવિધાઓનો ઉપયોગ કરવા માટે, તેમને નોંધણી કરવી જરૂરી છે.</p><p><strong>સામાજિક જવાબદારી અને સમુદાય જોડાણ</strong>:<br>ફિંગરટિપ્સ પર, અમે અમારા યુઝર્સને મૂલ્યવાન પ્લેટફોર્મ પૂરૂ પાડવા માટે પ્રતિબદ્ધ છીએ, અને અમારી મુખ્ય સેવાઓ સંપૂર્ણપણે મફતમાં પૂરી પાડવામાં આવે છે. અમે સતત સુધારા અને નવી સુવિધાઓ રજૂ કરીએ છીએ, જે અમારાં યુઝર્સની જરૂરિયાતોને અનુરૂપ છે. વિક્રેતાઓ અને સેવા પ્રદાતાઓ માટે, અમે સબ્સ્ક્રિપ્શન આધારિત પ્રીમિયમ સેવાઓ પણ પ્રદાન કરીએ છીએ, જે તેમના વ્યવસાયને વધુ મજબૂત બનાવવામાં મદદ કરે છે.</p><p>&nbsp;</p><p>&nbsp;</p>',1,0,'2023-10-16 00:32:39','2024-11-25 15:23:53'),(7,2,'Privacy Policy','PRIVACY_POLICY','<p><strong>Service Provider Privacy Policy for Fingertips</strong></p><p><strong>Introduction</strong><br>Fingertips (\"we,\" \"our,\" or \"us\") is committed to protecting your privacy. This Service Provider Privacy Policy explains how we collect, use, disclose, and safeguard the information you provide when you use our platform as a service provider. Please read this policy carefully to understand how we handle your data.</p><p><strong>Information We Collect from Service Providers</strong><br>We collect the following information from service providers when they register or interact with our platform:</p><ul><li><strong>Email Address</strong></li><li><strong>Phone Number</strong></li><li><strong>WhatsApp Number</strong></li><li><strong>Service Name/Description</strong></li><li><strong>Business Address</strong> (if applicable)</li><li><strong>Work-Related Images</strong></li></ul><p><strong>How We Use Your Information</strong><br>We use the information collected for the following purposes:</p><ul><li>To create and manage your service provider account</li><li>To display your services and work-related images to users of the Fingertips app</li><li>To facilitate communication between you and potential clients</li><li>To provide customer support and respond to inquiries</li><li>To improve and optimize our platform</li></ul><p><strong>Information Visibility</strong><br>Please be aware that:</p><ul><li><strong>Service and Work-Related Details</strong>: All information related to your services, such as the service name, description, contact details, and work-related images, can be viewed by all users of the Fingertips app.</li><li><strong>Public Profile</strong>: Your email address, phone number, WhatsApp number, and business address will be visible to users, allowing them to contact you directly regarding your services.</li></ul><p><strong>Sharing Your Information</strong><br>We do not sell or rent your information to third parties. However, your data may be shared in the following situations:</p><ul><li><strong>With Service Providers</strong>: We may share your information with third-party service providers who assist us in operating the platform, such as payment processors or marketing partners.</li><li><strong>Legal Requirements</strong>: We may disclose your information if required by law or in response to legal processes, such as court orders or government requests.</li><li><strong>Business Transfers</strong>: In the event of a merger, acquisition, or sale of all or a portion of our assets, your information may be transferred as part of that transaction.</li></ul><p><strong>Security of Your Information</strong><br>We take reasonable precautions to protect your data from unauthorized access, use, or disclosure. However, please note that no data transmission over the internet or mobile networks can be guaranteed as completely secure.</p><p><strong>Your Rights</strong><br>As a service provider, you have the right to:</p><ul><li>Access and review the information we have about you</li><li>Request correction or deletion of your data</li></ul><p>To exercise these rights, please contact us at <a href=\"mailto:support@fingertipsapp.in\"><strong>support@fingertipsapp.in</strong></a></p><p><strong>Changes to This Service Provider Privacy Policy</strong><br>We may update this policy from time to time. Any changes will be posted on this page, and the \"last updated\" date will be revised accordingly. We encourage you to review this policy periodically.</p><p><strong>Contact Us</strong><br>If you have any questions or concerns regarding this Service Provider Privacy Policy, please contact us at:</p><ul><li><strong>Email</strong>: <a href=\"mailto:support@fingertipsapp.in\">support@fingertipsapp.in</a></li><li><strong>whatsApp: </strong>+91 6352330228</li></ul>','<p><strong>ફિંગરટિપ્સ માટે સર્વિસ પ્રોવાઇડર ગોપનીયતા નીતિ</strong></p><p><strong>પરિચય</strong><br>ફિંગરટિપ્સ (\"અમે,\" \"અમારા,\" અથવા \"અમને\") તમારી ગોપનીયતાનું રક્ષણ કરવા માટે પ્રતિબદ્ધ છે. આ સર્વિસ પ્રોવાઇડર ગોપનીયતા નીતિ એ સમજાવે છે કે જ્યારે તમે અમારી પ્લેટફોર્મ પર સર્વિસ પ્રોવાઇડર તરીકે સેવા આપો છો ત્યારે અમે કેવી રીતે તમારી માહિતી એકત્રિત, ઉપયોગ, જાહેર, અને સુરક્ષિત કરીએ છીએ. કૃપા કરીને આ નીતિ ધ્યાનપૂર્વક વાંચો.</p><p><strong>સર્વિસ પ્રોવાઇડર પાસેથી જે માહિતી અમે એકત્રિત કરીએ છીએ</strong><br>અમારા પ્લેટફોર્મ પર રજીસ્ટ્રેશન કરવાના અથવા ક્રિયાપ્રતિક્રિયા કરવાના સમયે અમે સર્વિસ પ્રોવાઇડર પાસેથી નીચેની માહિતી એકત્રિત કરીએ છીએ:</p><ul><li><strong>ઈમેલ સરનામું</strong></li><li><strong>ફોન નંબર</strong></li><li><strong>વોટ્સએપ નંબર</strong></li><li><strong>સેવાની વિગતો / વર્ણન</strong></li><li><strong>વ્યવસાયનું સરનામું</strong> (જો લાગુ પડે)</li><li><strong>કાર્ય સંબંધિત છબીઓ</strong></li></ul><p><strong>તમારી માહિતીનો અમે કેવી રીતે ઉપયોગ કરીએ છીએ</strong><br>અમે એકત્રિત કરેલ માહિતીનો ઉપયોગ નીચેના હેતુઓ માટે કરીએ છીએ:</p><ul><li>તમારી સર્વિસ પ્રોવાઇડર એકાઉન્ટ બનાવવા અને સંચાલિત કરવા માટે</li><li>Fingertips એપના વપરાશકર્તાઓને તમારી સેવાઓ અને કાર્ય સંબંધિત છબીઓ પ્રદર્શિત કરવા માટે</li><li>તમારા અને સંભાવિત ક્લાઈન્ટો વચ્ચે સંપ્રેષણની સુવિધા માટે</li><li>ગ્રાહક સપોર્ટ પ્રદાન કરવા અને પૂછપરછને જવાબ આપવા માટે</li><li>અમારા પ્લેટફોર્મને સુધારવા અને વધુ કાર્યક્ષમ બનાવવા માટે</li></ul><p><strong>માહિતીની દૃશ્યતા</strong><br>કૃપા કરીને નોંધો કે:</p><ul><li><strong>સેવા અને કાર્ય સંબંધિત વિગતો</strong>: Fingertips એપના તમામ વપરાશકર્તાઓને તમારી સેવાઓ જેવી કે સેવાની વિગતો, વર્ણન, સંપર્ક વિગતો, અને કાર્ય સંબંધિત છબીઓ જોઈ શકશે.</li><li><strong>જાહેર પ્રોફાઇલ</strong>: વપરાશકર્તાઓને તમારી સાથે સીધો સંપર્ક કરવાની મંજુરી આપવા માટે તમારું ઈમેલ સરનામું, ફોન નંબર, વોટ્સએપ નંબર, અને વ્યવસાયનું સરનામું તેમને દેખાશે.</li></ul><p><strong>તમારી માહિતીની વહેંચણી</strong><br>અમે તમારી માહિતી તૃતિય પક્ષ સાથે વેચતા નથી કે ભાડે આપતા નથી. તેમ છતાં, તમારી માહિતી નીચેની પરિસ્થિતિઓમાં વહેંચી શકીએ:</p><ul><li><strong>સેવા પ્રદાતાઓ સાથે</strong>: અમે અમારી સેવા ચલાવવા માટે સહાયતા કરતા તૃતિય-પક્ષ સેવાપ્રદાતાઓ સાથે તમારી માહિતી શેર કરી શકીએ છીએ, જેમ કે ચુકવણી પ્રોસેસર્સ અથવા માર્કેટિંગ ભાગીદારો.</li><li><strong>કાનૂની આવશ્યકતાઓ</strong>: જો કાનૂન મુજબ જરૂરી હોય, તો કોર્ટના આદેશ અથવા સરકારી વિનંતિના જવાબમાં તમારી માહિતી જાહેર કરી શકીએ છીએ.</li><li><strong>વ્યવસાયિક ટ્રાન્સફર</strong>: મર્જર, એક્વિઝિશન, અથવા અમારી તમામ અથવા કેટલાક સંપત્તિના વેચાણની પરિસ્થિતિમાં, તમારી માહિતી તે વ્યવહારનો ભાગ તરીકે ટ્રાન્સફર થઈ શકે છે.</li></ul><p><strong>તમારી માહિતીની સુરક્ષા</strong><br>અમે તમારી ડેટાને અનધિકૃત પ્રવેશ, ઉપયોગ, અથવા પ્રસારિત થવાથી સુરક્ષિત રાખવા માટે યોગ્ય પગલાં લઈએ છીએ. તેમ છતાં, ઈન્ટરનેટ અથવા મોબાઇલ નેટવર્ક પર ડેટાનું પ્રસારણ સંપૂર્ણપણે સુરક્ષિત ગણાવી શકાતું નથી.</p><p><strong>તમારા હક્કો</strong><br>એક સર્વિસ પ્રોવાઇડર તરીકે, તમારા નીચેના હક્કો છે:</p><ul><li>અમે તમારી વિશે જે માહિતી ધરાવીએ છીએ તે પર દાખલ થવાની અને સમીક્ષા કરવાની</li><li>તમારી માહિતીની સુધારા અથવા હટાવવાની વિનંતી કરવાની</li></ul><p>આ હક્કો અમલમાં મૂકવા માટે, કૃપા કરીને અમારો સંપર્ક કરો: <a href=\"mailto:support@fingertipsapp.in\"><strong>support@fingertipsapp.in</strong></a></p><p><strong>આ સર્વિસ પ્રોવાઇડર ગોપનીયતા નીતિમાં ફેરફારો</strong><br>અમે આ નીતિમાં સમયાંતરે સુધારા કરી શકીએ. કોઈપણ ફેરફારો આ પેજ પર પોસ્ટ કરવામાં આવશે, અને \"છેલ્લે સુધારેલ\" તારીખને અનુસરે સુધારાશે. અમે તમને આ નીતિને સમયાંતરે સમીક્ષા કરવા પ્રોત્સાહિત કરીએ છીએ.</p><p><strong>અમારો સંપર્ક કરો</strong><br>જો તમારી પાસે આ નીતિ વિશે કોઈ પ્રશ્નો અથવા ચિંતાઓ હોય, તો કૃપા કરીને અમારો સંપર્ક કરો:</p><ul><li><strong>ઈમેલ</strong>: <a href=\"mailto:support@fingertipsapp.in\">support@fingertipsapp.in</a></li><li><strong>સરનામું</strong>: +91 6352330228</li></ul><p>&nbsp;</p>',1,0,'2023-10-15 23:51:03','2024-12-12 18:02:55'),(8,2,'Terms and condition','TERMS_CONDITIONS','<p>By registering as a service provider on Fingertips, you agree to the following terms and conditions.</p><p><strong>Service Provider Eligibility</strong></p><ul><li>You must provide accurate information about your services, including your contact details and work-related images.</li><li>Your registration is subject to approval by Fingertips. Once approved, your services will be listed on the platform.</li></ul><p><strong>Responsibilities</strong></p><ul><li>You are responsible for maintaining accurate service listings and availability. Any commitments made to buyers must be honored.</li><li>Service providers are responsible for handling payments directly with customers. Fingertips does not facilitate payments or transactions.</li></ul><p><strong>Content Guidelines</strong></p><ul><li>Any content, such as service descriptions or work-related images, must comply with local laws and regulations.</li><li>Fingertips reserves the right to remove content that is inappropriate or in violation of these terms.</li></ul><p><strong>Premium Services</strong></p><ul><li>Service providers may subscribe to premium features such as priority in service listings and additional space for showcasing their work.</li></ul><p><strong>Indemnity</strong></p><ul><li>Service providers agree to indemnify Fingertips for any claims or disputes arising from interactions with buyers or violations of third-party rights.</li></ul><p><strong>Limitation of Liability</strong></p><ul><li>Fingertips provides a platform for connecting service providers and buyers. We are not responsible for any disputes or claims arising from the services provided.</li></ul><p><strong>Termination</strong></p><ul><li>Fingertips reserves the right to terminate or suspend your account for any violations of these terms or for providing inaccurate information.</li></ul><p><strong>Changes to Terms</strong></p><ul><li>Fingertips may update these terms from time to time, and continued use of the platform after changes constitutes acceptance of the new terms.</li></ul><p><strong>Contact Us</strong></p><p>For any questions or concerns, contact us at <a href=\"+91 6352330228\"><strong>+91 6352330228</strong></a></p><p><strong>Reservation of Rights</strong></p><p>All rights not expressly addressed in these policies are reserved by Fingertips Commerce Solution, including decisions or actions at our sole discretion for unforeseen&nbsp;circumstances.</p><p>&nbsp;</p><p>&nbsp;</p><p>&nbsp;</p>','<p>ફિંગરટિપ્સમાં સેવાપ્રદાતા તરીકે નોંધણી દ્વારા, તમે નીચેના નિયમો અને શરતોને સ્વીકારો છો.</p><p><strong>સેવાપ્રદાતા યોગ્યતા</strong></p><ul><li>તમારે તમારી સેવાઓની સાચી માહિતી અને કામ સંબંધિત છબીઓ પૂરી પાડવી આવશ્યક છે.</li><li>તમારી નોંધણી ફિંગરટિપ્સ દ્વારા મંજુર થતી હશે. એકવાર મંજૂરી મળ્યા પછી, તમારી સેવાઓ પ્લેટફોર્મ પર ઉપલબ્ધ થશે.</li></ul><p><strong>જવાબદારીઓ</strong></p><ul><li>તમારે ચોક્કસ સર્વિસ યાદી અને ઉપલબ્ધતા જાળવી રાખવી પડશે. તમે ખરીદદારો સાથે કરેલી કોઈપણ પ્રતિબદ્ધતાઓનું પાલન કરવા માટે જવાબદાર છો.</li><li>તમારે ગ્રાહક સાથે સીધી ચૂકવણી પ્રક્રિયા કરવી પડશે. ફિંગરટિપ્સ કોઈ ચુકવણી સુવિધા પૂરી પાડતું નથી.</li></ul><p><strong>સામગ્રીની માર્ગદર્શિકા</strong></p><ul><li>તમારી સેવાઓની વર્ણન અને છબીઓ સ્થાનિક કાયદાઓ અનુસાર હોવી જોઈએ.</li><li>ફિંગરટિપ્સ, પ્લેટફોર્મ પર ખોટી અથવા અનુચિત સામગ્રી દૂર કરવાનો અધિકાર ધરાવે છે.</li></ul><p><strong>પ્રિમિયમ સેવાઓ</strong></p><ul><li>સેવાપ્રદાતાઓને પ્રિમિયમ સુવિધાઓ માટે સબસ્ક્રાઇબ કરવાની મંજૂરી છે, જેમ કે સર્વિસ યાદીમાં પ્રાથમિકતા અને વધુ સ્ટોરેજ છબીઓ માટેની સુવિધા.</li></ul><p><strong>અન્યાય ક્ષતિપૂર્તિ</strong></p><ul><li>કોઈપણ વિવાદ કે દાવાઓ માટે, તમે ફિંગરટિપ્સને રક્ષિત કરવાની તક આપો છો.</li></ul><p><strong>જવાબદારીઓની મર્યાદા</strong></p><ul><li>ફિંગરટિપ્સ પ્લેટફોર્મ માત્ર સેવાપ્રદાતા અને ખરીદદારો વચ્ચે જોડાણ પૂરું પાડે છે. અમે સેવાઓની સાથે થતા વિવાદો માટે જવાબદાર નથી.</li></ul><p><strong>ખાતું રદ કરવું</strong></p><ul><li>ફિંગરટિપ્સ નિયમોનું ઉલ્લંઘન કરવા માટે તમારું ખાતું બંધ કરવાનો અધિકાર ધરાવે છે.</li></ul><p><strong>શરતોમાં ફેરફાર</strong></p><ul><li>ફિંગરટિપ્સ જરૂરિયાત મુજબ આ શરતોને અપડેટ કરી શકે છે. નવા નિયમો બદલાવ પછી પ્લેટફોર્મના ઉપયોગને સ્વીકાર્ય માનીને લાગુ થશે.</li></ul><p><strong>અમારો સંપર્ક કરો</strong></p><p>કોઈ પ્રશ્નો અથવા ચિંતાઓ માટે અમારો સંપર્ક કરો: <a href=\"+91 6352330228\"><strong>+91 6352330228</strong></a></p><p>હકનો જતવો</p><p>આ નીતિઓમાં સ્પષ્ટપણે ઉલ્લેખિત ન થયેલા તમામ હકો&nbsp;Fingertips Commerce Solution&nbsp;દ્વારા જતવાયેલા છે,&nbsp;જેમાં અણધાર્યા પરિસ્થિતિઓ માટે અમારી ડિસ્ક્રેશન અનુસાર નિર્ણય લેવાનો&nbsp;સમાવેશ&nbsp;થાય&nbsp;છે.</p><p>&nbsp;</p><p>&nbsp;</p>',1,0,'2023-10-16 00:04:25','2024-12-12 18:02:55'),(9,2,'About us','ABOUT_US','<p><strong>Welcome to Fingertips!</strong></p><p><strong>App Overview</strong>:</p><p>Fingertips is an innovative platform designed to bridge the gap between rural consumers and physical stores. Recognizing that people in rural areas often distrust online purchases and prefer a tangible shopping experience, Fingertips allows users to browse products online, view details, and compare options. When ready to buy, they can visit the local store to complete their purchase. This approach ensures convenience without compromising the personal, hands-on experience that rural consumers value.</p><p><strong>Mission</strong>:</p><p>Our goal is simple: to help local vendors expand their reach and provide local people with more choices, the best affordability, high-quality products, time-saving options, and a tangible shopping experience that guarantees satisfaction.</p><p><strong>Vision</strong>:</p><p>We aim to expand Fingertips across all districts of Saurashtra and eventually throughout Gujarat. Our goal is to continually provide the best solutions tailored to the evolving needs of local people, ensuring they have access to a wide variety of choices and services.</p><p><strong>History</strong>:</p><p>Founded in October 2024, Fingertips was created with the vision of connecting local buyers, store vendors, and service providers. The platform has evolved to serve these three key user bases, helping to bridge the gap between rural consumers and local businesses.</p><p><strong>Inspiration</strong>:</p><p>Fingertips was inspired by common issues faced in online and physical shopping experiences. We observed that customers often receive products that differ from what was shown online, leading to dissatisfaction and compromises. Additionally, customers frequently visit stores with product images and details, only to find products that don’t meet their expectations. To address these challenges, Fingertips provides a platform where users can view accurate product images and details online, ensuring a better match with what they find in-store. This approach aims to meet customer satisfaction while alleviating the difficulties vendors face in physically displaying all their products.</p><p><strong>Target Audience</strong>:</p><p>Fingertips serves all individuals, with a particular focus on those in rural areas. Our platform caters to both buyers and sellers, whether they are dealing with products or services. By addressing the unique needs of rural communities, we aim to enhance their access to diverse choices and opportunities.</p><p><strong>Core Values</strong>:</p><p>At Fingertips, we are committed to supporting local individuals by providing diverse choices and maintaining transparency in all our dealings. We prioritize delivering the best user experience, ensuring affordability, building trust, and operating with a genuine motive to serve our community effectively.</p><p><strong>How the App Works</strong>:</p><p>Vendors and service providers register on Fingertips and agree to the platform’s policies. Once approved by the admin, their stores or services become available for buyers to view. Buyers can browse all products on the platform without registration. However, to access additional features like sharing, saving products, writing reviews, and following stores, buyers need to register on the app.</p><p><strong>Social Responsibility and Community Engagement</strong>:</p><p>At Fingertips, we are committed to providing a valuable platform for our users, offering our core services completely free of charge. We continuously work to improve and introduce new features based on user needs. For vendors and service providers, we offer premium services that come with a subscription charge, helping them enhance their business and reach.</p><p>&nbsp;</p><p>&nbsp;</p>','<p><strong>ફિંગરટિપ્સમાં આપનું સ્વાગત છે!&nbsp;</strong></p><p><strong>એપ્લિકેશનનો પરિચય</strong>:</p><p>ફિંગરટિપ્સએ એક નવીન પ્લેટફોર્મ છે જે ગ્રામ્ય ગ્રાહકો અને દુકાનો વચ્ચેનો અંતર દૂર કરવા માટે રચાયેલ છે. અમે સમજીએ છીએ કે ગ્રામ્ય વિસ્તારોમાં રહેલા લોકો ઘણીવાર ઓનલાઈન ખરીદી પર વિશ્વાસ રાખતા નથી અને તેઓ હાથો-હાથ તપાસીને ખરીદી કરવાની જરૂર સમજે છે. ફિંગરટિપ્સદ્વારા, લોકો આ પ્લેટફોર્મ પર પ્રોડક્ટ્સની વિગતો જોઈ શકે છે, પણ ખરીદી માટે તેઓ સ્થાનિક દુકાન પર જઈને યોગ્ય ઉત્પાદન મેળવવામાં મદદરૂપ થાય છે. આ પદ્ધતિ ગ્રાહકોને અનુકૂળતા અને વૈવિધ્ય આપીને તેમની શોપિંગની વ્યક્તિગત અનુભવને સમર્થ બનાવે છે.</p><p><strong>મિશન</strong>:</p><p>અમારું લક્ષ્ય સાદું છે: સ્થાનિક વેપારીઓને તેમની પહોંચ વિસ્તૃત કરવામાં મદદ કરવી અને સ્થાનિક લોકો માટે વધુ પસંદગીઓ, શ્રેષ્ઠ કિંમત, ઉચ્ચ ગુણવત્તાવાળા પ્રોડક્ટ્સ, સમય બચાવવાની સગવડતા અને સંતોષદાયક ખરીદીના અનુભવ પૂરા પાડવા.</p><p><strong>વિઝન</strong>:</p><p>અમે ફિંગરટિપ્સને સૌપ્રથમ સૌરાષ્ટ્રના તમામ જિલ્લાઓમાં વિસ્તરાવાનું લક્ષ્ય ધરાવીએ છીએ અને પછી આખા ગુજરાતમાં તેને લઇ જવું છે. સમયાંતરે સ્થાનિક લોકોની ઊભરતી જરૂરિયાતોને પહોંચી વળવા માટે શ્રેષ્ઠ ઉકેલો પ્રદાન કરવાનું અમારું ધ્યેય છે, જેથી તેઓ વૈવિધ્યપૂર્ણ પસંદગીઓ અને સેવાઓનો લાભ લઈ શકે.</p><p><strong>પ્રેરણા</strong>:</p><p>ફિંગરટિપ્સ પાછળની પ્રેરણા ગ્રાહકો અને દુકાનના અનુભવોમાંથી આવી છે. અમે અનુભવ્યું કે ઘણી વખત ગ્રાહકોને જે પ્રોડક્ટ ઓનલાઈન દેખાડવામાં આવે છે તે જ પ્રોડક્ટ તેમને મળતી નથી, જેના કારણે તેઓ નિરાશ થાય છે અને ત્યાગ કરવો પડે છે. ફિંગર્ટિપ્સ એ આ સમસ્યાનો ઉકેલ છે, જ્યાં ગ્રાહકોને પ્રોડક્ટ્સની સાચી છબીઓ અને વિગતો મળી શકે છે, જેથી જ્યારે તેઓ દુકાનમાં ખરીદી કરવા જાય છે, ત્યારે તેમના અપેક્ષા અનુસાર પ્રોડક્ટ મળે. આ અભિગમ ગ્રાહકોની સંતોષને વધારવા અને વેપારીઓને દરેક પ્રોડક્ટ ભૌતિક રીતે બતાવવાની સમસ્યાથી રાહત આપવા માટે છે.</p><p><strong>ટાર્ગેટ ઓડિયન્સ</strong>:</p><p>ફિંગરટિપ્સ તમામ લોકોને સેવા આપે છે, ખાસ કરીને ગ્રામ્ય વિસ્તારોમાં રહેતા લોકો માટે. અમારી પ્લેટફોર્મ ખરીદદારો અને વેચાણકર્તાઓ, બંનેને પ્રોડક્ટ્સ અથવા સેવાઓ સાથે જોડે છે. અમે ગ્રામ્ય સમુદાયોની અનન્ય જરૂરિયાતોને પહોંચી વળીને તેમને વધુ પસંદગીઓ અને તકો પૂરી પાડવાનું લક્ષ્ય ધરાવીએ છીએ.</p><p><strong>મૂળ મૂલ્ય</strong>:</p><p>ફિંગરટિપ્સ ખાતે, અમે સ્થાનિક વ્યક્તિઓને વૈવિધ્યપૂર્ણ પસંદગીઓ પૂરી પાડીને અને પારદર્શકતા જાળવીને સમર્થન આપવા માટે પ્રતિબદ્ધ છીએ. અમે શ્રેષ્ઠ યૂઝર અનુભવ, વહનક્ષમતા, વિશ્વસનીયતા, અને સમુદાયની પ્રામાણિક રીતે સેવા આપવા માટે મક્કમ પ્રતિજ્ઞા રાખીએ છીએ.</p><p><strong>એપ કેવી રીતે કામ કરે છે?</strong>:</p><p>ફિંગરટિપ્સ પર વેચાણકર્તા અને સેવા પ્રદાતા પોતાનું નોંધણી કરે છે અને અમારી પ્લેટફોર્મની નીતિઓ સાથે સંમત થાય છે. એક વાર એડમિન દ્વારા મંજૂરી મળ્યા પછી, તેઓના દુકાન અથવા સેવા ખરીદદારો માટે ઉપલબ્ધ બની જાય છે. ખરીદદારો કોઈ નોંધણી વગર પણ ફિંગરટિપ્સ પર પ્રોડક્ટ્સ જોઈ શકે છે, પરંતુ શેર કરવી, પ્રોડક્ટ સાચવવી, સમીક્ષા કરવી અને દુકાનોને ફોલો કરવા જેવી વધારાની સુવિધાઓનો ઉપયોગ કરવા માટે, તેમને નોંધણી કરવી જરૂરી છે.</p><p><strong>સામાજિક જવાબદારી અને સમુદાય જોડાણ</strong>:</p><p>ફિંગરટિપ્સ પર, અમે અમારા યુઝર્સને મૂલ્યવાન પ્લેટફોર્મ પૂરૂ પાડવા માટે પ્રતિબદ્ધ છીએ, અને અમારી મુખ્ય સેવાઓ સંપૂર્ણપણે મફતમાં પૂરી પાડવામાં આવે છે. અમે સતત સુધારા અને નવી સુવિધાઓ રજૂ કરીએ છીએ, જે અમારાં યુઝર્સની જરૂરિયાતોને અનુરૂપ છે. વિક્રેતાઓ અને સેવા પ્રદાતાઓ માટે, અમે સબ્સ્ક્રિપ્શન આધારિત પ્રીમિયમ સેવાઓ પણ પ્રદાન કરીએ છીએ, જે તેમના વ્યવસાયને વધુ મજબૂત બનાવવામાં મદદ કરે છે.</p><p>&nbsp;</p>',1,0,'2023-10-16 00:32:39','2024-11-29 05:35:24');

--
-- Table structure for table `tbl_product_images`
--

CREATE TABLE `tbl_product_images` (
  `id` int NOT NULL AUTO_INCREMENT,
  `product_id` int NOT NULL,
  `image` varchar(164) NOT NULL,
  `status` tinyint(1) NOT NULL DEFAULT '1' COMMENT ' 1 => Active, 0 => In-active ',
  `is_deleted` tinyint(1) NOT NULL DEFAULT '0' COMMENT ' 0 => Not Deleted, 1 => Deleted ',
  `createdAt` datetime NOT NULL DEFAULT CURRENT_TIMESTAMP,
  `updatedAt` datetime NOT NULL DEFAULT CURRENT_TIMESTAMP ON UPDATE CURRENT_TIMESTAMP,
  PRIMARY KEY (`id`)
) ENGINE=InnoDB AUTO_INCREMENT=372 DEFAULT CHARSET=utf8mb4 COLLATE=utf8mb4_0900_ai_ci;

--
-- Dumping data for table `tbl_product_images`
--

INSERT INTO `tbl_product_images` VALUES (149,1,'IMG_1731868796188.jpg',1,0,'2024-11-17 16:03:36','2024-11-18 17:34:22'),(150,1,'IMG_1731868797103.jpg',1,0,'2024-11-17 16:03:36','2024-11-18 17:34:21'),(151,2,'IMG_1731868900159.jpg',1,0,'2024-11-17 16:03:36','2024-11-18 17:34:21'),(152,3,'IMG_1731869036884.jpg',1,0,'2024-11-17 16:03:36','2024-11-17 16:03:36'),(153,4,'IMG_1731869348459.jpg',1,0,'2024-11-17 16:03:36','2024-11-17 16:03:36'),(158,5,'IMG_1731950791370.jpg',1,0,'2024-11-18 17:28:33','2024-11-18 17:28:33'),(159,5,'IMG_1731950792742.jpg',1,0,'2024-11-18 17:28:33','2024-11-18 17:28:33'),(160,5,'IMG_1731950989428.jpg',1,0,'2024-11-18 17:28:33','2024-11-18 17:28:33'),(161,6,'IMG_1731951030902.jpg',1,0,'2024-11-18 17:28:33','2024-11-18 17:28:33'),(162,7,'IMG_1731956049735.jpg',1,0,'2024-11-18 17:28:33','2024-11-18 17:28:33'),(163,8,'IMG_1731956251803.jpg',1,0,'2024-11-18 17:28:33','2024-11-18 17:28:33'),(164,9,'IMG_1732018120981.jpg',1,0,'2024-11-18 17:28:33','2024-11-18 17:28:33'),(165,10,'IMG_1732018232534.jpg',1,0,'2024-11-18 17:28:33','2024-11-18 17:28:33'),(166,11,'IMG_1732018323301.jpg',1,0,'2024-11-18 17:28:33','2024-11-18 17:28:33'),(168,13,'IMG_1732018538664.jpg',1,0,'2024-11-18 17:28:33','2024-11-18 17:28:33'),(169,14,'IMG_1732018643106.jpg',1,0,'2024-11-18 17:28:33','2024-11-18 17:28:33'),(170,15,'IMG_1732018740628.jpg',1,0,'2024-11-18 17:28:33','2024-11-18 17:28:33'),(171,16,'IMG_1732018826824.jpg',1,0,'2024-11-18 17:28:33','2024-11-18 17:28:33'),(172,17,'IMG_1732019759700.jpg',1,0,'2024-11-18 17:28:33','2024-11-18 17:28:33'),(173,18,'IMG_1732019864831.jpg',1,0,'2024-11-18 17:28:33','2024-11-18 17:28:33'),(174,19,'IMG_1732019940006.jpg',1,0,'2024-11-18 17:28:33','2024-11-18 17:28:33'),(175,19,'IMG_1732019940786.jpg',1,0,'2024-11-18 17:28:33','2024-11-18 17:28:33'),(176,20,'IMG_1732019997178.jpg',1,0,'2024-11-18 17:28:33','2024-11-18 17:28:33'),(177,21,'IMG_1732020229721.jpg',1,0,'2024-11-18 17:28:33','2024-11-18 17:28:33'),(178,21,'IMG_1732020230630.jpg',1,0,'2024-11-18 17:28:33','2024-11-18 17:28:33'),(179,22,'IMG_1732020283537.jpg',1,0,'2024-11-18 17:28:33','2024-11-18 17:28:33'),(180,23,'IMG_1732020901667.jpg',1,0,'2024-11-18 17:28:33','2024-11-18 17:28:33'),(181,23,'IMG_1732020903475.jpg',1,0,'2024-11-18 17:28:33','2024-11-18 17:28:33'),(182,24,'IMG_1732020974520.jpg',1,0,'2024-11-18 17:28:33','2024-11-18 17:28:33'),(183,24,'IMG_1732020975234.jpg',1,0,'2024-11-18 17:28:33','2024-11-18 17:28:33'),(184,25,'IMG_1732021093736.jpg',1,0,'2024-11-18 17:28:33','2024-11-18 17:28:33'),(185,25,'IMG_1732021094650.jpg',1,0,'2024-11-18 17:28:33','2024-11-18 17:28:33'),(186,25,'IMG_1732021095302.jpg',1,0,'2024-11-18 17:28:33','2024-11-18 17:28:33'),(187,26,'IMG_1732021161173.jpg',1,0,'2024-11-18 17:28:33','2024-11-18 17:28:33'),(188,26,'IMG_1732021162094.jpg',1,0,'2024-11-18 17:28:33','2024-11-18 17:28:33'),(189,27,'IMG_1732021266940.jpg',1,0,'2024-11-18 17:28:33','2024-11-18 17:28:33'),(190,27,'IMG_1732021267784.jpg',1,0,'2024-11-18 17:28:33','2024-11-18 17:28:33'),(191,27,'IMG_1732021268505.jpg',1,0,'2024-11-18 17:28:33','2024-11-18 17:28:33'),(192,12,'IMG_1732018435348.jpg',1,0,'2024-11-19 19:53:41','2024-11-19 19:53:41'),(193,28,'IMG_1732390410257.jpg',1,0,'2024-11-23 17:27:17','2024-11-23 17:27:17'),(194,29,'IMG_1732390716407.jpg',1,0,'2024-11-23 17:27:17','2024-11-23 17:27:17'),(195,30,'IMG_1732429062026.jpg',1,0,'2024-11-23 17:27:17','2024-11-23 17:27:17'),(196,31,'IMG_1732429287800.jpg',1,0,'2024-11-23 17:27:17','2024-11-23 17:27:17'),(197,31,'IMG_1732429288705.jpg',1,0,'2024-11-23 17:27:17','2024-11-23 17:27:17'),(198,32,'IMG_1732429382393.jpg',1,0,'2024-11-23 17:27:17','2024-11-23 17:27:17'),(199,32,'IMG_1732429383606.jpg',1,0,'2024-11-23 17:27:17','2024-11-23 17:27:17'),(200,32,'IMG_1732429384461.jpg',1,0,'2024-11-23 17:27:17','2024-11-23 17:27:17'),(201,33,'IMG_1732438952164.jpg',1,0,'2024-11-23 17:27:17','2024-11-23 17:27:17'),(202,33,'IMG_1732438953331.jpg',1,0,'2024-11-23 17:27:17','2024-11-23 17:27:17'),(203,33,'IMG_1732438954009.jpg',1,0,'2024-11-23 17:27:17','2024-11-23 17:27:17'),(208,35,'IMG_1732679652445.jpg',1,0,'2024-11-25 15:23:53','2024-11-25 15:23:53'),(209,35,'IMG_1732679653824.jpg',1,0,'2024-11-25 15:23:53','2024-11-25 15:23:53'),(210,35,'IMG_1732679655537.jpg',1,0,'2024-11-25 15:23:53','2024-11-25 15:23:53'),(211,36,'IMG_1732775248016.jpg',1,0,'2024-11-25 15:23:53','2024-11-25 15:23:53'),(213,38,'IMG_1732775782915.jpg',1,0,'2024-11-25 15:23:53','2024-11-25 15:23:53'),(215,39,'IMG_1732778079007.jpg',1,0,'2024-11-25 15:23:53','2024-11-25 15:23:53'),(216,37,'IMG_1732775610699.jpg',1,0,'2024-11-25 15:23:53','2024-11-25 15:23:53'),(217,40,'IMG_1733195547654.jpg',1,0,'2024-12-02 18:28:06','2024-12-02 18:28:06'),(218,40,'IMG_1733195548459.jpg',1,0,'2024-12-02 18:28:06','2024-12-02 18:28:06'),(219,41,'IMG_1733197907318.jpg',1,0,'2024-12-02 18:28:06','2024-12-02 18:28:06'),(220,42,'IMG_1733208251626.jpg',1,0,'2024-12-02 18:28:06','2024-12-02 18:28:06'),(223,34,'IMG_1732439140334.jpg',1,0,'2024-12-07 17:47:10','2024-12-07 17:47:10'),(224,34,'IMG_1732439141882.jpg',1,0,'2024-12-07 17:47:10','2024-12-07 17:47:10'),(226,43,'IMG_1733641921405.jpg',1,0,'2024-12-11 17:20:08','2024-12-11 17:20:08'),(227,44,'IMG_1734026636699.jpg',1,0,'2024-12-12 18:02:55','2024-12-12 18:02:55'),(228,45,'IMG_1734245114668.jpg',1,0,'2024-12-12 18:02:55','2024-12-12 18:02:55'),(229,45,'IMG_1734245116039.jpg',1,0,'2024-12-12 18:02:55','2024-12-12 18:02:55'),(230,45,'IMG_1734245116827.jpg',1,0,'2024-12-12 18:02:55','2024-12-12 18:02:55'),(231,46,'IMG_1734245241452.jpg',1,0,'2024-12-12 18:02:55','2024-12-12 18:02:55'),(232,46,'IMG_1734245242503.jpg',1,0,'2024-12-12 18:02:55','2024-12-12 18:02:55'),(233,46,'IMG_1734245243183.jpg',1,0,'2024-12-12 18:02:55','2024-12-12 18:02:55'),(234,47,'IMG_1734252818151.jpg',1,0,'2024-12-12 18:02:55','2024-12-12 18:02:55'),(235,48,'IMG_1734328834847.jpg',1,0,'2024-12-15 19:47:55','2024-12-15 19:47:55'),(236,49,'IMG_1734330960997.jpg',1,0,'2024-12-15 19:47:55','2024-12-15 19:47:55'),(237,50,'IMG_1734331493552.jpg',1,0,'2024-12-15 19:47:55','2024-12-15 19:47:55'),(238,51,'IMG_1734347410019.jpg',1,0,'2024-12-15 19:47:55','2024-12-15 19:47:55'),(239,52,'IMG_1734358633003.jpg',1,0,'2024-12-15 19:47:55','2024-12-15 19:47:55'),(240,53,'IMG_1734413198028.jpg',1,0,'2024-12-15 19:47:55','2024-12-15 19:47:55'),(241,53,'IMG_1734413208832.jpg',1,0,'2024-12-15 19:47:55','2024-12-15 19:47:55'),(242,54,'IMG_1734428715570.jpg',1,0,'2024-12-15 19:47:55','2024-12-15 19:47:55'),(243,54,'IMG_1734428723200.jpg',1,0,'2024-12-15 19:47:55','2024-12-15 19:47:55'),(244,54,'IMG_1734428729980.jpg',1,0,'2024-12-15 19:47:55','2024-12-15 19:47:55'),(245,55,'IMG_1734429541901.jpg',1,0,'2024-12-15 19:47:55','2024-12-15 19:47:55'),(246,56,'IMG_1734433889462.jpg',1,0,'2024-12-15 19:47:55','2024-12-15 19:47:55'),(247,57,'IMG_1734441710550.jpg',1,0,'2024-12-15 19:47:55','2024-12-15 19:47:55'),(248,58,'IMG_1734538939378.jpg',1,0,'2024-12-17 17:32:39','2024-12-17 17:32:39'),(249,58,'IMG_1734538947894.jpg',1,0,'2024-12-17 17:32:39','2024-12-17 17:32:39'),(250,58,'IMG_1734538956077.jpg',1,0,'2024-12-17 17:32:39','2024-12-17 17:32:39'),(251,59,'IMG_1734879194667.jpg',1,0,'2024-12-17 17:32:39','2024-12-17 17:32:39'),(252,60,'IMG_1735038711031.jpg',1,0,'2024-12-23 16:56:45','2024-12-23 16:56:45'),(253,61,'IMG_1735044379451.jpg',1,0,'2024-12-23 16:56:45','2024-12-23 16:56:45'),(254,62,'IMG_1735044585461.jpg',1,0,'2024-12-23 16:56:45','2024-12-23 16:56:45'),(256,64,'IMG_1735658040794.jpg',1,0,'2024-12-29 18:34:36','2024-12-29 18:34:36'),(258,65,'IMG_1735658319842.jpg',1,0,'2024-12-29 18:34:36','2024-12-29 18:34:36'),(261,63,'IMG_1735657730228.jpg',1,0,'2024-12-29 18:34:36','2024-12-29 18:34:36'),(263,67,'IMG_1735799950224.jpg',1,0,'2025-01-01 08:08:56','2025-01-01 08:08:56'),(273,68,'IMG_1736147444204.jpg',1,0,'2025-01-04 15:38:51','2025-01-04 15:38:51'),(274,68,'IMG_1736147702584.jpg',1,0,'2025-01-04 15:38:51','2025-01-04 15:38:51'),(275,68,'IMG_1736147794372.jpg',1,0,'2025-01-04 15:38:51','2025-01-04 15:38:51'),(276,69,'IMG_1736402150936.jpg',1,0,'2025-01-08 06:36:34','2025-01-08 06:36:34'),(277,69,'IMG_1736402151936.jpg',1,0,'2025-01-08 06:36:34','2025-01-08 06:36:34'),(278,69,'IMG_1736402176643.jpg',1,0,'2025-01-08 06:36:34','2025-01-08 06:36:34'),(279,70,'IMG_1736573383232.jpg',1,0,'2025-01-10 11:47:16','2025-01-10 11:47:16'),(280,71,'IMG_1736598351173.jpg',1,0,'2025-01-10 11:47:16','2025-01-10 11:47:16'),(281,71,'IMG_1736598365258.jpg',1,0,'2025-01-10 11:47:16','2025-01-10 11:47:16'),(282,72,'IMG_1737026712809.jpg',1,0,'2025-01-10 11:47:16','2025-01-10 11:47:16'),(291,73,'IMG_1737985353556.jpg',1,0,'2025-01-16 18:40:05','2025-01-16 18:40:05'),(292,73,'IMG_1737985958592.jpg',1,0,'2025-01-16 18:40:05','2025-01-16 18:40:05'),(293,74,'IMG_1738040455810.jpg',1,0,'2025-01-16 18:40:05','2025-01-16 18:40:05'),(295,75,'IMG_1738049433299.jpg',1,0,'2025-01-16 18:40:05','2025-01-16 18:40:05'),(296,76,'IMG_1738050026435.jpg',1,0,'2025-01-16 18:40:05','2025-01-16 18:40:05'),(297,77,'IMG_1738050148960.jpg',1,0,'2025-01-16 18:40:05','2025-01-16 18:40:05'),(298,78,'IMG_1738050300026.jpg',1,0,'2025-01-16 18:40:05','2025-01-16 18:40:05'),(299,79,'IMG_1738050365549.jpg',1,0,'2025-01-16 18:40:05','2025-01-16 18:40:05'),(300,80,'IMG_1738050698503.jpg',1,0,'2025-01-16 18:40:05','2025-01-16 18:40:05'),(301,81,'IMG_1738050754210.jpg',1,0,'2025-01-16 18:40:05','2025-01-16 18:40:05'),(302,82,'IMG_1738050848357.jpg',1,0,'2025-01-16 18:40:05','2025-01-16 18:40:05'),(303,83,'IMG_1738060837022.jpg',1,0,'2025-01-16 18:40:05','2025-01-16 18:40:05'),(304,84,'IMG_1738064832624.jpg',1,0,'2025-01-16 18:40:05','2025-01-16 18:40:05'),(305,85,'IMG_1738235207521.jpg',1,0,'2025-01-16 18:40:05','2025-01-16 18:40:05'),(306,86,'IMG_1738391990966.jpg',1,0,'2025-01-16 18:40:05','2025-01-16 18:40:05'),(307,87,'IMG_1738392120545.jpg',1,0,'2025-01-16 18:40:05','2025-01-16 18:40:05'),(308,87,'IMG_1738392121874.jpg',1,0,'2025-01-16 18:40:05','2025-01-16 18:40:05'),(309,88,'IMG_1738403860471.jpg',1,0,'2025-01-16 18:40:05','2025-01-16 18:40:05'),(310,89,'IMG_1738404056038.jpg',1,0,'2025-01-16 18:40:05','2025-01-16 18:40:05'),(311,90,'IMG_1738410317507.jpg',1,0,'2025-01-16 18:40:05','2025-01-16 18:40:05'),(315,66,'IMG_1735719913296.jpg',1,0,'2025-01-16 18:40:05','2025-01-16 18:40:05'),(316,91,'IMG_1738644482658.jpg',1,0,'2025-01-16 18:40:05','2025-01-16 18:40:05'),(317,91,'IMG_1738644483979.jpg',1,0,'2025-01-16 18:40:05','2025-01-16 18:40:05'),(318,92,'IMG_1738648442551.jpg',1,0,'2025-01-16 18:40:05','2025-01-16 18:40:05'),(319,93,'IMG_1738652367306.jpg',1,0,'2025-01-16 18:40:05','2025-01-16 18:40:05'),(320,94,'IMG_1738654360909.jpg',1,0,'2025-01-16 18:40:05','2025-01-16 18:40:05'),(321,95,'IMG_1738732855927.jpg',1,0,'2025-01-16 18:40:05','2025-01-16 18:40:05'),(322,95,'IMG_1738732890603.jpg',1,0,'2025-01-16 18:40:05','2025-01-16 18:40:05'),(323,95,'IMG_1738732923457.jpg',1,0,'2025-01-16 18:40:05','2025-01-16 18:40:05'),(324,96,'IMG_1738733150871.jpg',1,0,'2025-01-16 18:40:05','2025-01-16 18:40:05'),(325,96,'IMG_1738733172167.jpg',1,0,'2025-01-16 18:40:05','2025-01-16 18:40:05'),(326,96,'IMG_1738733183423.jpg',1,0,'2025-01-16 18:40:05','2025-01-16 18:40:05'),(327,97,'IMG_1738748787981.jpg',1,0,'2025-01-16 18:40:05','2025-01-16 18:40:05'),(328,98,'IMG_1738833719611.jpg',1,0,'2025-01-16 18:40:05','2025-01-16 18:40:05'),(329,99,'IMG_1738834618483.jpg',1,0,'2025-01-16 18:40:05','2025-01-16 18:40:05'),(330,100,'IMG_1738834864892.jpg',1,0,'2025-01-16 18:40:05','2025-01-16 18:40:05'),(331,101,'IMG_1738835270296.jpg',1,0,'2025-01-16 18:40:05','2025-01-16 18:40:05'),(332,102,'IMG_1738835357137.jpg',1,0,'2025-01-16 18:40:05','2025-01-16 18:40:05'),(333,103,'IMG_1738835428081.jpg',1,0,'2025-01-16 18:40:05','2025-01-16 18:40:05'),(334,104,'IMG_1738835678436.jpg',1,0,'2025-01-16 18:40:05','2025-01-16 18:40:05'),(335,105,'IMG_1738835843305.jpg',1,0,'2025-01-16 18:40:05','2025-01-16 18:40:05'),(336,106,'IMG_1738836001064.jpg',1,0,'2025-01-16 18:40:05','2025-01-16 18:40:05'),(337,106,'IMG_1738836002392.jpg',1,0,'2025-01-16 18:40:05','2025-01-16 18:40:05'),(338,106,'IMG_1738836003300.jpg',1,0,'2025-01-16 18:40:05','2025-01-16 18:40:05'),(339,107,'IMG_1738903712436.jpg',1,0,'2025-01-16 18:40:05','2025-01-16 18:40:05'),(340,107,'IMG_1738903713720.jpg',1,0,'2025-01-16 18:40:05','2025-01-16 18:40:05'),(341,107,'IMG_1738903714597.jpg',1,0,'2025-01-16 18:40:05','2025-01-16 18:40:05'),(342,108,'IMG_1738906978266.jpg',1,0,'2025-01-16 18:40:05','2025-01-16 18:40:05'),(343,109,'IMG_1738910977315.jpg',1,0,'2025-01-16 18:40:05','2025-01-16 18:40:05'),(345,110,'IMG_1738911154810.jpg',1,0,'2025-01-16 18:40:05','2025-01-16 18:40:05'),(346,111,'IMG_1738930359788.jpg',1,0,'2025-01-16 18:40:05','2025-01-16 18:40:05'),(347,112,'IMG_1739077214701.jpg',1,0,'2025-02-07 16:36:32','2025-02-07 16:36:32'),(348,112,'IMG_1739077234099.jpg',1,0,'2025-02-07 16:36:32','2025-02-07 16:36:32'),(349,113,'IMG_1739077375937.jpg',1,0,'2025-02-07 16:36:32','2025-02-07 16:36:32'),(350,113,'IMG_1739077391099.jpg',1,0,'2025-02-07 16:36:32','2025-02-07 16:36:32'),(351,113,'IMG_1739077401989.jpg',1,0,'2025-02-07 16:36:32','2025-02-07 16:36:32'),(352,114,'IMG_1739077598524.jpg',1,0,'2025-02-07 16:36:32','2025-02-07 16:36:32'),(353,115,'IMG_1740205254792.jpg',1,0,'2025-02-12 13:50:56','2025-02-12 13:50:56'),(354,115,'IMG_1740205263772.jpg',1,0,'2025-02-12 13:50:56','2025-02-12 13:50:56'),(355,115,'IMG_1740205271995.jpg',1,0,'2025-02-12 13:50:56','2025-02-12 13:50:56'),(356,116,'IMG_1740205682487.jpg',1,0,'2025-02-12 13:50:56','2025-02-12 13:50:56'),(357,116,'IMG_1740205685382.jpg',1,0,'2025-02-12 13:50:56','2025-02-12 13:50:56'),(358,116,'IMG_1740205691134.jpg',1,0,'2025-02-12 13:50:56','2025-02-12 13:50:56'),(359,117,'IMG_1744018221902.jpg',1,0,'2025-04-05 16:56:15','2025-04-05 16:56:15'),(360,118,'IMG_1744018253946.jpg',1,0,'2025-04-05 16:56:15','2025-04-05 16:56:15'),(361,119,'IMG_1745255069308.jpg',1,0,'2025-04-14 18:26:44','2025-04-14 18:26:44'),(362,119,'IMG_1745255115397.jpg',1,0,'2025-04-14 18:26:44','2025-04-14 18:26:44'),(363,119,'IMG_1745255116234.jpg',1,0,'2025-04-14 18:26:44','2025-04-14 18:26:44'),(364,120,'IMG_1745255431984.jpg',1,0,'2025-04-14 18:26:44','2025-04-14 18:26:44'),(365,120,'IMG_1745255433065.jpg',1,0,'2025-04-14 18:26:44','2025-04-14 18:26:44'),(366,121,'IMG_1745514885168.jpg',1,0,'2025-04-22 17:28:36','2025-04-22 17:28:36'),(367,122,'IMG_1745515027068.jpg',1,0,'2025-04-22 17:28:36','2025-04-22 17:28:36'),(368,123,'IMG_1745646217237.jpg',1,0,'2025-04-25 05:05:10','2025-04-25 05:05:10'),(369,124,'IMG_1745653365010.jpg',1,0,'2025-04-25 05:05:10','2025-04-25 05:05:10'),(370,125,'IMG_1745736611137.jpg',1,0,'2025-04-25 05:05:10','2025-04-25 05:05:10'),(371,126,'IMG_1745736811685.jpg',1,0,'2025-04-27 06:52:33','2025-04-27 06:52:33');

--
-- Table structure for table `tbl_product_likes`
--

CREATE TABLE `tbl_product_likes` (
  `id` int NOT NULL AUTO_INCREMENT,
  `user_id` int NOT NULL,
  `product_id` int NOT NULL,
  `store_id` int NOT NULL,
  `status` tinyint(1) NOT NULL DEFAULT '1',
  `is_deleted` tinyint(1) NOT NULL DEFAULT '0',
  `createdAt` datetime NOT NULL DEFAULT CURRENT_TIMESTAMP,
  `updatedAt` datetime NOT NULL DEFAULT CURRENT_TIMESTAMP ON UPDATE CURRENT_TIMESTAMP,
  PRIMARY KEY (`id`)
) ENGINE=InnoDB AUTO_INCREMENT=81 DEFAULT CHARSET=utf8mb4 COLLATE=utf8mb4_general_ci;

--
-- Dumping data for table `tbl_product_likes`
--

INSERT INTO `tbl_product_likes` VALUES (1,11,26,10,1,0,'2024-11-18 17:28:33','2024-11-18 17:28:33'),(3,3,7,8,1,0,'2024-11-19 18:04:51','2024-11-19 18:04:51'),(4,23,13,9,1,0,'2024-11-20 17:38:44','2024-11-20 17:38:44'),(6,23,26,10,1,0,'2024-11-20 17:38:44','2024-11-20 17:38:44'),(7,33,13,9,1,0,'2024-11-25 15:23:53','2024-11-25 15:23:53'),(8,33,26,10,1,0,'2024-11-25 15:23:53','2024-11-25 15:23:53'),(11,45,37,20,1,0,'2024-12-03 06:55:03','2024-12-03 06:55:03'),(12,37,16,9,1,0,'2024-12-03 06:55:03','2024-12-03 06:55:03'),(13,37,15,9,1,0,'2024-12-03 06:55:03','2024-12-03 06:55:03'),(14,37,26,10,1,0,'2024-12-03 06:55:03','2024-12-03 06:55:03'),(15,37,13,9,1,0,'2024-12-03 06:55:03','2024-12-03 06:55:03'),(16,37,39,20,1,0,'2024-12-03 06:55:03','2024-12-03 06:55:03'),(17,37,33,8,1,0,'2024-12-03 06:55:03','2024-12-03 06:55:03'),(18,37,41,12,1,0,'2024-12-03 06:55:03','2024-12-03 06:55:03'),(19,42,41,12,1,0,'2024-12-03 06:55:03','2024-12-03 06:55:03'),(21,48,33,8,1,0,'2024-12-03 06:55:03','2024-12-03 06:55:03'),(22,48,41,12,1,0,'2024-12-03 06:55:03','2024-12-03 06:55:03'),(23,48,38,20,1,0,'2024-12-03 06:55:03','2024-12-03 06:55:03'),(24,48,37,20,1,0,'2024-12-03 06:55:03','2024-12-03 06:55:03'),(25,48,15,9,1,0,'2024-12-07 17:47:10','2024-12-07 17:47:10'),(26,48,16,9,1,0,'2024-12-07 17:47:10','2024-12-07 17:47:10'),(27,48,26,10,1,0,'2024-12-07 17:47:10','2024-12-07 17:47:10'),(28,45,41,12,1,0,'2024-12-07 17:47:10','2024-12-07 17:47:10'),(29,44,16,9,1,0,'2024-12-07 17:47:10','2024-12-07 17:47:10'),(30,44,15,9,1,0,'2024-12-07 17:47:10','2024-12-07 17:47:10'),(31,44,13,9,1,0,'2024-12-07 17:47:10','2024-12-07 17:47:10'),(33,48,43,8,1,0,'2024-12-11 17:20:08','2024-12-11 17:20:08'),(37,48,44,8,1,0,'2024-12-12 18:02:55','2024-12-12 18:02:55'),(38,48,4,4,1,0,'2024-12-12 18:02:55','2024-12-12 18:02:55'),(41,51,39,20,1,0,'2024-12-12 18:02:55','2024-12-12 18:02:55'),(44,48,51,31,1,0,'2024-12-15 19:47:55','2024-12-15 19:47:55'),(45,48,56,39,1,0,'2024-12-15 19:47:55','2024-12-15 19:47:55'),(46,48,48,31,1,0,'2024-12-15 19:47:55','2024-12-15 19:47:55'),(47,48,50,31,1,0,'2024-12-15 19:47:55','2024-12-15 19:47:55'),(48,48,52,31,1,0,'2024-12-15 19:47:55','2024-12-15 19:47:55'),(50,48,60,39,1,0,'2024-12-29 18:34:36','2024-12-29 18:34:36'),(51,20,63,71,1,0,'2024-12-29 18:34:36','2024-12-29 18:34:36'),(52,20,64,71,1,0,'2024-12-29 18:34:36','2024-12-29 18:34:36'),(53,20,65,71,1,0,'2024-12-29 18:34:36','2024-12-29 18:34:36'),(54,122,66,74,1,0,'2025-01-01 08:08:56','2025-01-01 08:08:56'),(56,122,57,31,1,0,'2025-01-01 08:08:56','2025-01-01 08:08:56'),(57,48,62,31,1,0,'2025-01-08 06:36:34','2025-01-08 06:36:34'),(58,34,64,71,1,0,'2025-01-08 06:36:34','2025-01-08 06:36:34'),(59,140,69,84,1,0,'2025-01-10 11:47:16','2025-01-10 11:47:16'),(60,140,66,74,1,0,'2025-01-10 11:47:16','2025-01-10 11:47:16'),(61,140,68,77,1,0,'2025-01-16 18:40:05','2025-01-16 18:40:05'),(62,38,67,76,1,0,'2025-01-16 18:40:05','2025-01-16 18:40:05'),(63,122,83,105,1,0,'2025-01-16 18:40:05','2025-01-16 18:40:05'),(64,140,77,104,1,0,'2025-01-16 18:40:05','2025-01-16 18:40:05'),(65,140,76,104,1,0,'2025-01-16 18:40:05','2025-01-16 18:40:05'),(66,140,67,76,1,0,'2025-01-16 18:40:05','2025-01-16 18:40:05'),(67,122,89,108,1,0,'2025-01-16 18:40:05','2025-01-16 18:40:05'),(68,122,90,109,1,0,'2025-01-16 18:40:05','2025-01-16 18:40:05'),(69,122,92,112,1,0,'2025-01-16 18:40:05','2025-01-16 18:40:05'),(70,122,93,113,1,0,'2025-01-16 18:40:05','2025-01-16 18:40:05'),(71,122,94,74,1,0,'2025-01-16 18:40:05','2025-01-16 18:40:05'),(72,122,97,114,1,0,'2025-01-16 18:40:05','2025-01-16 18:40:05'),(74,3,66,74,1,0,'2025-02-07 16:36:32','2025-02-07 16:36:32'),(76,3,99,114,1,0,'2025-02-07 16:36:32','2025-02-07 16:36:32'),(78,140,111,116,1,0,'2025-02-07 16:36:32','2025-02-07 16:36:32'),(79,140,55,32,1,0,'2025-02-12 13:50:56','2025-02-12 13:50:56');

--
-- Table structure for table `tbl_products`
--

CREATE TABLE `tbl_products` (
  `id` int NOT NULL AUTO_INCREMENT,
  `name` varchar(164) NOT NULL,
  `product_code` varchar(64) DEFAULT NULL,
  `category_id` int NOT NULL,
  `subcategory_id` int NOT NULL,
  `store_id` int NOT NULL,
  `user_id` int NOT NULL,
  `price` double(11,2) NOT NULL,
  `discount` double(11,2) DEFAULT NULL,
  `discount_type` enum('flat','percentage') NOT NULL DEFAULT 'flat',
  `brand` varchar(164) DEFAULT NULL,
  `gender` varchar(64) DEFAULT NULL,
  `avg_rating` decimal(11,2) NOT NULL DEFAULT '0.00',
  `total_like` int NOT NULL DEFAULT '0',
  `color` varchar(64) DEFAULT NULL,
  `size` varchar(64) DEFAULT NULL,
  `shape` varchar(164) DEFAULT NULL,
  `material` varchar(164) DEFAULT NULL,
  `pattern` varchar(164) DEFAULT NULL,
  `design` varchar(164) DEFAULT NULL,
  `type` varchar(164) DEFAULT NULL,
  `sustainable` varchar(164) DEFAULT NULL,
  `warranty` varchar(164) DEFAULT NULL,
  `guarantee` varchar(164) DEFAULT NULL,
  `quantity` varchar(164) DEFAULT NULL,
  `quality` varchar(164) DEFAULT NULL,
  `service` varchar(164) DEFAULT NULL,
  `replacement` varchar(164) DEFAULT NULL,
  `resale` varchar(164) DEFAULT NULL,
  `details` text,
  `view_count` int NOT NULL DEFAULT '0',
  `status` tinyint(1) NOT NULL DEFAULT '1' COMMENT ' 	1 => Active, 0 => In-active',
  `is_deleted` tinyint(1) NOT NULL DEFAULT '0' COMMENT ' 0 => Not Deleted, 1 => Deleted ',
  `createdAt` datetime NOT NULL DEFAULT CURRENT_TIMESTAMP,
  `updatedAt` datetime NOT NULL DEFAULT CURRENT_TIMESTAMP ON UPDATE CURRENT_TIMESTAMP,
  PRIMARY KEY (`id`)
) ENGINE=InnoDB AUTO_INCREMENT=127 DEFAULT CHARSET=utf8mb4 COLLATE=utf8mb4_0900_ai_ci;

--
-- Dumping data for table `tbl_products`
--

INSERT INTO `tbl_products` VALUES (1,'Red tape blue shirt','Ahirt123',7,6,1,1,1200.00,10.00,'percentage','Red tape','Male',0.00,0,'Blue','L, M, XL','Regular','Cotton',NULL,'Plain',NULL,NULL,NULL,NULL,NULL,NULL,NULL,NULL,NULL,NULL,12,1,1,'2024-11-17 16:03:36','2024-12-12 18:02:55'),(2,'Red tape shirt','Shirt123',7,6,1,1,1200.00,10.00,'percentage','Red tape','Male',0.00,0,'Blue',NULL,NULL,NULL,NULL,NULL,NULL,NULL,NULL,NULL,NULL,NULL,NULL,NULL,NULL,NULL,21,1,1,'2024-11-17 16:03:36','2024-12-12 18:02:55'),(3,'T-shirt','t123',7,6,4,6,999.00,NULL,'flat','POLO','Male',0.00,0,NULL,NULL,NULL,NULL,NULL,NULL,NULL,NULL,NULL,NULL,NULL,NULL,NULL,NULL,NULL,NULL,8,1,1,'2024-11-17 16:03:36','2024-12-12 18:02:55'),(4,'Jeans','Jc123',7,7,4,6,499.00,NULL,'flat','Cargo',NULL,0.00,1,NULL,NULL,NULL,NULL,NULL,NULL,NULL,NULL,NULL,NULL,NULL,NULL,NULL,NULL,NULL,NULL,9,1,1,'2024-11-17 16:03:36','2024-12-12 18:02:55'),(5,'Tshirt','123',7,8,4,6,299.00,0.00,'flat','Polo',NULL,4.50,0,NULL,NULL,NULL,NULL,NULL,NULL,NULL,NULL,NULL,NULL,NULL,NULL,NULL,NULL,NULL,NULL,43,1,1,'2024-11-18 17:24:18','2024-12-12 18:02:55'),(6,'Cargo Jeans','CJ123',7,7,4,6,499.00,NULL,'flat','Denim',NULL,3.00,0,NULL,NULL,NULL,NULL,NULL,NULL,NULL,NULL,NULL,NULL,NULL,NULL,NULL,NULL,NULL,NULL,19,1,1,'2024-11-18 17:28:33','2024-12-12 18:02:55'),(7,'Yffu','Vivi',7,6,8,16,1200.00,NULL,'flat',NULL,NULL,4.67,1,NULL,NULL,NULL,NULL,NULL,NULL,NULL,NULL,NULL,NULL,NULL,NULL,NULL,NULL,NULL,NULL,26,1,1,'2024-11-18 17:28:33','2024-12-12 18:02:55'),(8,'T7r','8hy8',7,8,8,16,800.00,NULL,'flat',NULL,NULL,4.00,0,NULL,NULL,NULL,NULL,NULL,NULL,NULL,NULL,NULL,NULL,NULL,NULL,NULL,NULL,NULL,NULL,19,1,1,'2024-11-18 17:28:33','2024-12-12 18:02:55'),(9,'Mobile back cover','Coverback123',22,36,9,17,1200.00,10.00,'flat','Tonel',NULL,0.00,0,'All colour','6\' 7\"','Regular','Rubber',NULL,NULL,NULL,NULL,NULL,NULL,NULL,NULL,NULL,NULL,NULL,NULL,3,1,1,'2024-11-18 17:28:33','2024-12-12 18:02:55'),(10,'Iphone 14 blue','Iphone14blue',21,34,9,17,50000.00,10.00,'percentage','Apple',NULL,4.50,0,'Silver, olive green',NULL,NULL,NULL,NULL,NULL,NULL,NULL,NULL,NULL,NULL,NULL,NULL,NULL,NULL,NULL,17,1,1,'2024-11-18 17:28:33','2024-12-12 18:02:55'),(11,'Screen guard toughened glass','Guard123',22,37,9,17,100.00,NULL,'flat','Scren protec',NULL,0.00,0,'Fully transparent','All size',NULL,'Gorila glass 5',NULL,NULL,NULL,NULL,NULL,NULL,NULL,NULL,NULL,NULL,NULL,NULL,0,1,1,'2024-11-18 17:28:33','2024-12-12 18:02:55'),(12,'Vivo c13 silver','Vivoc13',21,33,9,17,15000.00,10.00,'percentage','Vivo',NULL,0.00,0,'Olive green','6\' 7\"','Curve display','Leather back',NULL,'Curve display',NULL,NULL,'1 year manufacturer warranty',NULL,NULL,NULL,NULL,NULL,NULL,'Ram- 6GB memory- 128GB snapdragon hexagonal',2,1,1,'2024-11-18 17:28:33','2024-12-12 18:02:55'),(13,'Nokia 2121','Nokia2121',21,35,9,17,1500.00,NULL,'flat','Nokia',NULL,5.00,4,'Black white',NULL,NULL,NULL,NULL,NULL,NULL,NULL,'1 year',NULL,NULL,NULL,NULL,NULL,NULL,NULL,55,1,1,'2024-11-18 17:28:33','2024-12-12 18:02:55'),(14,'Amber power bank 2000mAh','Amber123',22,38,9,17,1800.00,10.00,'percentage','Amber 2000',NULL,0.00,0,'Black','2000mAh',NULL,'Plastic',NULL,NULL,NULL,NULL,'1 year manufacturer warranty',NULL,NULL,NULL,NULL,NULL,NULL,NULL,2,1,1,'2024-11-18 17:28:33','2024-12-12 18:02:55'),(15,'Bold smart watch','Bold123',22,39,9,17,2500.00,NULL,'flat','Bold',NULL,5.00,3,'Black, white, pink',NULL,NULL,'Rubber strap',NULL,'Hexagonal',NULL,NULL,'1 year manufacturer warranty',NULL,NULL,NULL,NULL,NULL,NULL,NULL,43,1,1,'2024-11-18 17:28:33','2024-12-12 18:02:55'),(16,'Bold wireless headphone','Bold1234',23,40,9,17,3000.00,10.00,'percentage','Bold',NULL,5.00,3,'Black green white golden silver',NULL,NULL,'Canvas',NULL,NULL,NULL,NULL,'1 year manufacturer warranty',NULL,NULL,NULL,NULL,NULL,NULL,NULL,41,1,1,'2024-11-18 17:28:33','2024-12-12 18:02:55'),(17,'Kanisq bracelet','Bracelet123',30,70,10,17,75000.00,NULL,'flat','Kanisq','Female',0.00,0,'Golden','2 gram',NULL,'22 carret',NULL,NULL,NULL,NULL,NULL,NULL,NULL,NULL,NULL,NULL,NULL,NULL,1,1,1,'2024-11-18 17:28:33','2024-12-12 18:02:55'),(18,'Kanisq neckless set','Neckless set',30,51,10,17,75000.00,NULL,'flat','Kanisq','Female',0.00,0,NULL,'80 gram',NULL,'20 carret',NULL,NULL,NULL,NULL,NULL,NULL,NULL,NULL,NULL,NULL,NULL,NULL,2,1,1,'2024-11-18 17:28:33','2024-12-12 18:02:55'),(19,'Kanisq bridal ring','Bridalk123',30,68,10,17,35000.00,NULL,'flat','Kanisq','Female',0.00,0,NULL,'10 gram',NULL,'18 carret',NULL,NULL,NULL,NULL,NULL,NULL,NULL,NULL,NULL,NULL,NULL,NULL,13,1,1,'2024-11-18 17:28:33','2024-12-12 18:02:55'),(20,'Kanisq earrings 22 carret','Earrings123',30,53,10,17,75000.00,NULL,'flat','Kanisq','Male',0.00,0,'Golden','30 gram',NULL,'22 carret',NULL,NULL,NULL,NULL,NULL,NULL,NULL,NULL,NULL,NULL,NULL,NULL,0,1,1,'2024-11-18 17:28:33','2024-12-12 18:02:55'),(21,'Kanisq mangalsutra','Kanisq123',30,52,10,17,30000.00,NULL,'flat','Kanisq','Female',0.00,0,'Golden','10 gram',NULL,'22 carret',NULL,NULL,NULL,NULL,NULL,NULL,NULL,NULL,NULL,NULL,NULL,NULL,2,1,1,'2024-11-18 17:28:33','2024-12-12 18:02:55'),(22,'Kanisq bangles','Kanisq12345',30,70,10,17,35000.00,NULL,'flat','Kanisq','Female',0.00,0,'Golden',NULL,NULL,NULL,NULL,NULL,NULL,NULL,NULL,NULL,NULL,NULL,NULL,NULL,NULL,NULL,1,1,1,'2024-11-18 17:28:33','2024-12-12 18:02:55'),(23,'Kanisq neck chain','Kanisq12',29,49,10,17,75000.00,NULL,'flat','Kanisq','Male',0.00,0,'Golden','40 gram',NULL,'22 carret',NULL,NULL,NULL,NULL,NULL,NULL,NULL,NULL,NULL,NULL,NULL,NULL,1,1,1,'2024-11-18 17:28:33','2024-12-12 18:02:55'),(24,'Kanisq anklets','Kanisq12',30,71,10,17,25000.00,NULL,'flat','Kanisq','Female',0.00,0,'Silver','15 CM',NULL,NULL,NULL,'Old',NULL,NULL,'1 year',NULL,NULL,NULL,NULL,NULL,NULL,NULL,2,1,1,'2024-11-18 17:28:33','2024-12-12 18:02:55'),(25,'Kanisq ring','Kanisq123',29,48,10,17,75000.00,NULL,'flat','Kanisq','Male',0.00,0,'Golden',NULL,NULL,'20 carret',NULL,NULL,NULL,NULL,NULL,NULL,NULL,NULL,NULL,NULL,NULL,NULL,1,1,1,'2024-11-18 17:28:33','2024-12-12 18:02:55'),(26,'Kanisq maang tikka','Kanisq123',35,74,10,17,75000.00,NULL,'flat','Kanisq','Male',0.00,5,'Golden',NULL,NULL,'20 carret',NULL,NULL,NULL,NULL,NULL,NULL,NULL,NULL,NULL,NULL,NULL,NULL,38,1,1,'2024-11-18 17:28:33','2024-12-12 18:02:55'),(27,'Kanisq pandent','Kanisq',30,69,10,17,60000.00,NULL,'flat','Kanisq','Female',0.00,0,'Golden',NULL,NULL,NULL,NULL,NULL,NULL,NULL,NULL,NULL,NULL,NULL,NULL,NULL,NULL,NULL,4,1,1,'2024-11-18 17:28:33','2024-12-12 18:02:55'),(28,'Jeans denim','Demin123',7,7,8,16,1200.00,10.00,'percentage','DNMX','Male',0.00,0,'Blue','30',NULL,'Jeans',NULL,NULL,NULL,NULL,NULL,NULL,NULL,NULL,NULL,NULL,NULL,NULL,7,1,1,'2024-11-23 17:27:17','2024-12-12 18:02:55'),(29,'Shirt','Ahirt123',7,6,8,16,1200.00,NULL,'flat','Denim dnmx',NULL,0.00,0,NULL,NULL,NULL,NULL,NULL,NULL,NULL,NULL,NULL,NULL,NULL,NULL,NULL,NULL,NULL,NULL,21,1,1,'2024-11-23 17:27:17','2024-12-12 18:02:55'),(30,'Smart t shirts','Tshirt123',7,8,8,16,500.00,10.00,'percentage','Smart','Male',0.00,0,'Blue','L,M,L,XL',NULL,'Cotton',NULL,NULL,NULL,NULL,NULL,NULL,NULL,NULL,NULL,NULL,NULL,NULL,5,1,1,'2024-11-23 17:27:17','2024-12-12 18:02:55'),(31,'Cozy innerwear','Cozy123',7,9,8,16,450.00,NULL,'flat','Cozy','Male',0.00,0,NULL,'32,34,36',NULL,'Cotton',NULL,NULL,NULL,NULL,NULL,NULL,NULL,NULL,NULL,NULL,NULL,NULL,3,1,1,'2024-11-23 17:27:17','2024-12-12 18:02:55'),(32,'DG jacket','DG123',7,10,8,16,2200.00,10.00,'percentage','DG','Male',0.00,0,'Black','M,L,XL',NULL,'Syntgetic Leather',NULL,NULL,NULL,NULL,NULL,NULL,NULL,NULL,NULL,NULL,NULL,NULL,4,1,1,'2024-11-23 17:27:17','2024-12-12 18:02:55'),(33,'Ruhi saree','Saree123',9,22,8,16,2300.00,10.00,'percentage','Ruhi','Female',1.00,2,'Green, yellow, pink',NULL,NULL,'Bandhani',NULL,NULL,NULL,NULL,NULL,NULL,NULL,NULL,NULL,NULL,NULL,NULL,17,1,1,'2024-11-23 17:27:17','2024-12-12 18:02:55'),(34,'Ruhi choli ?','Choli123',9,24,8,16,3000.00,10.00,'percentage','Ruhi','Female',4.00,0,'? red',NULL,NULL,'Velvet',NULL,NULL,NULL,'Yes',NULL,NULL,NULL,NULL,NULL,NULL,NULL,NULL,15,1,1,'2024-11-23 17:27:17','2024-12-12 18:02:55'),(35,'Tyre','Tyre',7,6,19,16,1200.00,NULL,'flat',NULL,NULL,0.00,0,NULL,NULL,NULL,NULL,NULL,NULL,NULL,NULL,NULL,NULL,NULL,NULL,NULL,NULL,NULL,NULL,14,0,1,'2024-11-25 15:23:53','2024-12-03 06:55:03'),(36,'Usha mixer 200W',NULL,28,46,20,36,2000.00,10.00,'percentage','Usha',NULL,0.00,0,'Black','200E',NULL,NULL,NULL,NULL,NULL,NULL,NULL,NULL,NULL,NULL,NULL,NULL,NULL,NULL,0,1,1,'2024-11-25 15:23:53','2024-12-12 18:02:55'),(37,'Usha ceiling fan 200W',NULL,27,43,20,36,2250.00,0.00,'flat','Vguard',NULL,0.00,2,'Brown','1200mm',NULL,NULL,NULL,'Non decorative',NULL,NULL,'3 year',NULL,NULL,NULL,NULL,NULL,NULL,NULL,7,1,1,'2024-11-25 15:23:53','2024-12-12 18:02:55'),(38,'Mixer',NULL,28,46,20,36,3300.00,NULL,'flat','Havells',NULL,0.00,1,'White',NULL,NULL,NULL,NULL,NULL,NULL,NULL,'5 year',NULL,NULL,NULL,NULL,NULL,NULL,NULL,11,1,1,'2024-11-25 15:23:53','2024-12-12 18:02:55'),(39,'Mixer usha','123',28,46,20,36,2000.00,0.00,'flat','Usha',NULL,0.00,2,NULL,NULL,NULL,NULL,NULL,NULL,NULL,NULL,NULL,NULL,NULL,NULL,NULL,NULL,NULL,NULL,14,1,1,'2024-11-25 15:23:53','2024-12-12 18:02:55'),(40,'Shirt khambha','Shirt123',7,6,23,16,1200.00,10.00,'percentage','Khambha','Male',0.00,0,'White','L',NULL,'Synthetic',NULL,NULL,NULL,NULL,NULL,NULL,NULL,NULL,NULL,NULL,NULL,NULL,3,0,1,'2024-12-02 18:28:06','2025-01-16 18:40:05'),(41,'Shirt','Shirt123',7,6,12,17,1200.00,NULL,'flat','Shirt','Male',0.00,4,NULL,NULL,NULL,NULL,NULL,NULL,NULL,NULL,NULL,NULL,NULL,NULL,NULL,NULL,NULL,NULL,22,1,1,'2024-12-02 18:28:06','2024-12-12 18:02:55'),(42,'Kanisq rinh','Ring 123',30,68,17,17,45000.00,10.00,'percentage','Kanisq',NULL,0.00,0,'Golden',NULL,NULL,NULL,NULL,NULL,NULL,NULL,NULL,NULL,NULL,NULL,NULL,NULL,NULL,NULL,2,0,1,'2024-12-02 18:28:06','2024-12-12 18:02:55'),(43,'Good','Demo',7,6,8,16,1200.00,0.00,'flat','Smart','Male',0.00,1,'Demo','Demo',NULL,NULL,NULL,NULL,NULL,NULL,NULL,NULL,NULL,NULL,NULL,NULL,NULL,NULL,12,1,1,'2024-12-07 17:47:10','2024-12-12 18:02:55'),(44,'Hello','Hello',7,6,8,16,1200.00,10.00,'flat','Hshs',NULL,0.00,1,NULL,NULL,NULL,NULL,NULL,NULL,NULL,NULL,NULL,NULL,NULL,NULL,NULL,NULL,NULL,NULL,4,1,1,'2024-12-12 18:02:55','2024-12-12 18:02:55'),(45,'Dmxn jeans','Jenas12',7,7,25,56,1200.00,10.00,'percentage','Dmnx','Male',0.00,0,'Black blue','32,30,34',NULL,'Denim jeans',NULL,NULL,NULL,NULL,NULL,NULL,NULL,NULL,NULL,NULL,NULL,NULL,2,0,1,'2024-12-12 18:02:55','2024-12-15 19:47:55'),(46,'Smart shirt','Smart123',7,6,25,56,700.00,10.00,'percentage','Smart','Male',4.00,0,'White','30, 32, 34','Regular','Cotton',NULL,NULL,NULL,NULL,NULL,NULL,NULL,NULL,NULL,NULL,NULL,NULL,13,0,1,'2024-12-12 18:02:55','2024-12-15 19:47:55'),(47,'Yuvu t-shirt','Tshirt12',7,8,25,56,500.00,10.00,'percentage','Yuvu','Male',0.00,0,'Yellow','L,M,XL',NULL,NULL,NULL,NULL,NULL,NULL,NULL,NULL,NULL,NULL,NULL,NULL,NULL,NULL,3,0,1,'2024-12-12 18:02:55','2024-12-15 19:47:55'),(48,'Lamp','9',50,141,31,65,350.00,NULL,'flat','Polycab',NULL,0.00,1,'White','9w',NULL,NULL,NULL,NULL,NULL,NULL,NULL,'1year',NULL,NULL,NULL,NULL,NULL,NULL,42,1,0,'2024-12-15 19:47:55','2025-03-24 17:00:48'),(49,'Fan',NULL,27,43,31,65,2300.00,NULL,'flat','Vguard',NULL,0.00,0,'White, Brown','1200mm',NULL,NULL,NULL,'Non decorative',NULL,NULL,'3 year',NULL,NULL,NULL,'Home service',NULL,NULL,NULL,26,1,0,'2024-12-15 19:47:55','2025-01-16 18:40:05'),(50,'Fan',NULL,27,43,31,65,2250.00,NULL,'flat','Havells',NULL,0.00,1,'White, Brown','1200mm',NULL,NULL,NULL,'Non decorative',NULL,NULL,'2 year',NULL,NULL,NULL,'Home service',NULL,NULL,NULL,41,1,0,'2024-12-15 19:47:55','2025-03-09 06:12:54'),(51,'Lamp','12w',50,141,31,65,150.00,NULL,'flat','Havells',NULL,0.00,1,'White','12w',NULL,NULL,NULL,NULL,NULL,NULL,NULL,'1 year',NULL,NULL,NULL,'Piece to piece',NULL,NULL,25,1,0,'2024-12-15 19:47:55','2025-01-08 06:36:34'),(52,'Geyser',NULL,28,46,31,65,3600.00,NULL,'flat','Standard',NULL,0.00,1,NULL,'3liter',NULL,NULL,NULL,NULL,NULL,NULL,'2,3,5year',NULL,NULL,NULL,'Home service',NULL,NULL,NULL,123,1,0,'2024-12-15 19:47:55','2025-02-07 16:36:32'),(53,'iPhone 14 pro max','01',21,34,38,72,64999.00,1999.00,'flat','iPhone','Others',0.00,0,'Black','Max',NULL,NULL,NULL,NULL,NULL,NULL,NULL,NULL,NULL,NULL,NULL,NULL,NULL,'iPhone 14 pro max (128gb) BATTERY ? 81%',59,1,0,'2024-12-15 19:47:55','2025-04-25 05:05:10'),(54,'Aqua grid',NULL,53,145,32,66,9500.00,NULL,'flat','Aqua',NULL,0.00,0,NULL,NULL,NULL,NULL,NULL,NULL,NULL,NULL,'1 year warranty',NULL,'1','best material',NULL,NULL,NULL,'5 stage purification',11,1,0,'2024-12-15 19:47:55','2025-03-09 06:12:54'),(55,'25 liter R.O plan',NULL,53,146,32,66,11500.00,NULL,'flat',NULL,NULL,0.00,1,NULL,NULL,NULL,NULL,NULL,NULL,NULL,NULL,'1 year',NULL,NULL,'best material',NULL,NULL,NULL,NULL,19,1,0,'2024-12-15 19:47:55','2025-03-09 06:12:54'),(56,'Shirt','000',7,6,39,74,500.00,10.00,'percentage','Levi e','Male',5.00,1,'Red','M l xl','Must','Coton',NULL,'Saras',NULL,NULL,NULL,'Good',NULL,NULL,NULL,NULL,NULL,NULL,38,0,1,'2024-12-15 19:47:55','2024-12-23 16:56:45'),(57,'Lamp','9w',50,141,31,65,80.00,NULL,'flat','Havells',NULL,0.00,1,'White',NULL,NULL,NULL,NULL,NULL,NULL,NULL,NULL,'1year',NULL,NULL,NULL,'Piece to piece',NULL,NULL,40,1,0,'2024-12-15 19:47:55','2025-04-14 18:26:44'),(58,'Lexon',NULL,53,145,32,66,9000.00,NULL,'flat','Lexon',NULL,0.00,0,NULL,NULL,NULL,NULL,NULL,NULL,NULL,NULL,'1 year',NULL,'1','best quality',NULL,NULL,NULL,NULL,29,1,0,'2024-12-17 17:32:39','2025-03-09 06:12:54'),(59,'Lamp','0.5w',50,141,31,65,40.00,NULL,'flat','Havells',NULL,0.00,0,'White,blue,pink,red, green, yellow',NULL,NULL,NULL,NULL,NULL,NULL,NULL,NULL,'1year',NULL,NULL,NULL,'Piece to piece',NULL,NULL,13,1,0,'2024-12-17 17:32:39','2025-04-14 18:26:44'),(60,'Pemt','Lives',7,7,39,74,950.00,10.00,'flat',NULL,NULL,0.00,1,'Blu',NULL,NULL,NULL,NULL,NULL,NULL,NULL,NULL,NULL,NULL,NULL,NULL,NULL,NULL,NULL,122,1,0,'2024-12-23 16:56:45','2025-04-25 05:05:10'),(61,'Lamp','2.8w',50,141,31,65,80.00,NULL,'flat','Havells',NULL,0.00,0,'White',NULL,NULL,NULL,NULL,NULL,NULL,NULL,NULL,'1 year',NULL,NULL,NULL,'Piece to piece',NULL,NULL,13,1,0,'2024-12-23 16:56:45','2025-01-16 18:40:05'),(62,'Lamp','5w',50,141,31,65,80.00,NULL,'flat','Havells',NULL,0.00,1,'White',NULL,NULL,NULL,NULL,NULL,NULL,NULL,NULL,'1 year',NULL,NULL,NULL,'Piece to piece',NULL,NULL,43,1,0,'2024-12-23 16:56:45','2025-04-14 18:26:44'),(63,'Jr4',NULL,52,142,71,119,219500.00,0.00,'flat','Kangen water',NULL,0.00,1,'White','15×18','Unique','Plastic',NULL,'0',NULL,'0','3',NULL,'1','lifetime','Lifetime','No','No','ionizer',16,1,0,'2024-12-29 18:34:36','2025-04-09 18:03:31'),(64,'Sd501','0',52,142,71,119,278500.00,NULL,'flat','Kangen',NULL,0.00,2,'White','15×18','0','Plastic',NULL,'Unique',NULL,'0','5','No','1','yes','Lifetime','No','No','ionizer',30,1,0,'2024-12-29 18:34:36','2025-04-14 18:26:44'),(65,'K8','0',52,142,71,119,344500.00,0.00,'flat','Kangen water',NULL,0.00,1,'White','15×18','Flat','Plastic',NULL,'Sharpness',NULL,'No','5','No','1','yes','Lifetime','No','No','ionizer',18,1,0,'2024-12-29 18:34:36','2025-04-09 18:03:31'),(66,'Pink saree',NULL,9,22,74,121,1400.00,0.00,'flat','Yuva','Female',5.00,3,'Pink',NULL,NULL,'Bandhani',NULL,NULL,NULL,NULL,NULL,NULL,NULL,NULL,NULL,NULL,NULL,NULL,89,1,0,'2025-01-01 08:08:56','2025-04-27 06:52:33'),(67,'Air',NULL,57,161,76,124,1300.00,NULL,'flat','Air','Male',0.00,2,'White','6/7/8/9/10',NULL,NULL,NULL,NULL,NULL,NULL,NULL,NULL,NULL,NULL,NULL,NULL,NULL,NULL,61,1,0,'2025-01-01 08:08:56','2025-04-25 05:05:10'),(68,'Samsung Galaxy A16 5G 8/128',NULL,65,182,77,128,21499.00,3500.00,'flat','Samsung','Others',0.00,1,'Green',NULL,NULL,NULL,NULL,NULL,NULL,NULL,'1 year',NULL,NULL,NULL,NULL,NULL,NULL,'only 2 Days offer so hurry up',30,1,0,'2025-01-04 15:38:51','2025-04-09 18:03:31'),(69,'KDM SMART TWS WITH TOUCH SCREEN PODS',NULL,23,41,84,135,1649.00,NULL,'flat','KDM',NULL,0.00,1,'White',NULL,NULL,NULL,NULL,NULL,NULL,NULL,'3 MONTH',NULL,'1',NULL,NULL,NULL,NULL,NULL,23,1,0,'2025-01-08 06:36:34','2025-04-09 18:03:31'),(70,'Laptop',NULL,75,203,87,139,17000.00,NULL,'flat','Hp/Dell',NULL,0.00,0,NULL,NULL,NULL,NULL,NULL,NULL,NULL,NULL,NULL,NULL,NULL,NULL,NULL,NULL,NULL,NULL,9,1,1,'2025-01-10 11:47:16','2025-01-16 18:40:05'),(71,'Dell Laptop Refurb',NULL,75,203,87,139,20000.00,NULL,'flat','Dell',NULL,0.00,0,NULL,NULL,NULL,NULL,NULL,NULL,NULL,NULL,NULL,NULL,NULL,NULL,NULL,NULL,NULL,NULL,20,1,1,'2025-01-10 11:47:16','2025-03-09 06:12:54'),(72,'TILES',NULL,76,205,90,143,0.00,NULL,'flat','Hfgh',NULL,0.00,0,NULL,NULL,NULL,NULL,NULL,NULL,NULL,NULL,NULL,NULL,NULL,NULL,NULL,NULL,NULL,NULL,2,1,1,'2025-01-10 11:47:16','2025-01-10 11:47:16'),(73,'Campus Shoes','Leval',57,161,103,161,1899.00,190.00,'flat','Campus','પુરૂષ',0.00,0,'White Gray','Size :- 7/10',NULL,NULL,NULL,NULL,NULL,NULL,NULL,NULL,NULL,'Premium Quality',NULL,NULL,NULL,NULL,16,1,0,'2025-01-16 18:40:05','2025-02-12 13:50:56'),(74,'Habah',NULL,7,6,74,121,1200.00,NULL,'flat','Ahhaja','Male',0.00,0,NULL,NULL,NULL,NULL,NULL,NULL,NULL,NULL,NULL,NULL,NULL,NULL,NULL,NULL,NULL,NULL,0,1,1,'2025-01-16 18:40:05','2025-04-14 18:26:44'),(75,'Sparx Shoes','Sm-980',57,161,103,161,1499.00,149.00,'','Sparx','પુરૂષ',0.00,0,'Nevy blue','Size :- 6/10',NULL,NULL,NULL,NULL,NULL,NULL,NULL,NULL,NULL,NULL,NULL,NULL,NULL,NULL,18,1,0,'2025-01-16 18:40:05','2025-02-12 13:50:56'),(76,'Sport shoes',NULL,57,161,104,162,0.00,NULL,'flat','Puma',NULL,0.00,1,NULL,'7 to 11',NULL,NULL,NULL,NULL,NULL,NULL,NULL,NULL,NULL,'best',NULL,'No',NULL,NULL,11,1,0,'2025-01-16 18:40:05','2025-03-24 17:00:48'),(77,'Sport shoes',NULL,57,161,104,162,0.00,NULL,'flat','Puma',NULL,0.00,1,NULL,'7 to10',NULL,NULL,NULL,NULL,NULL,NULL,NULL,NULL,NULL,NULL,NULL,NULL,NULL,NULL,14,1,0,'2025-01-16 18:40:05','2025-04-27 06:52:33'),(78,'Nike',NULL,57,161,104,162,0.00,NULL,'flat','Nike','Male',0.00,0,NULL,'7 to 10',NULL,NULL,NULL,NULL,NULL,NULL,NULL,NULL,NULL,NULL,NULL,NULL,NULL,NULL,5,1,0,'2025-01-16 18:40:05','2025-01-16 18:40:05'),(79,'Shoes',NULL,57,161,104,162,0.00,NULL,'flat','Nike',NULL,0.00,0,NULL,'7 to 10',NULL,NULL,NULL,NULL,NULL,NULL,NULL,NULL,NULL,NULL,NULL,NULL,NULL,NULL,7,1,0,'2025-01-16 18:40:05','2025-04-25 05:05:10'),(80,'Shoes',NULL,57,161,104,162,0.00,NULL,'flat','Nike','Male',0.00,0,NULL,'7 to 10',NULL,NULL,NULL,NULL,NULL,NULL,NULL,NULL,NULL,NULL,NULL,NULL,NULL,NULL,11,1,0,'2025-01-16 18:40:05','2025-04-14 18:26:44'),(81,'Shoes',NULL,57,161,104,162,0.00,NULL,'flat','Nike','Male',0.00,0,NULL,'7 to 11',NULL,NULL,NULL,NULL,NULL,NULL,NULL,NULL,NULL,NULL,NULL,NULL,NULL,NULL,22,1,0,'2025-01-16 18:40:05','2025-04-25 05:05:10'),(82,'Shoes',NULL,57,161,104,162,0.00,NULL,'flat','Skechers','Male',0.00,0,NULL,'7 to 10',NULL,NULL,NULL,NULL,NULL,NULL,NULL,NULL,NULL,NULL,NULL,NULL,NULL,NULL,17,1,0,'2025-01-16 18:40:05','2025-04-25 05:05:10'),(83,'Double bed','Cosmo',32,58,105,163,35900.00,NULL,'flat','Real Decor furniture',NULL,0.00,1,NULL,'King size',NULL,'Wooden',NULL,NULL,NULL,NULL,NULL,NULL,NULL,NULL,NULL,NULL,NULL,'all color available',17,1,0,'2025-01-16 18:40:05','2025-04-27 06:52:33'),(84,'Aqua 2090 Ro filter',NULL,53,145,106,164,7500.00,NULL,'flat','Aqua 2090',NULL,0.00,0,'Blue,white,black,green,purple,grey','10 litre',NULL,NULL,NULL,NULL,NULL,NULL,'1 year',NULL,NULL,NULL,'Fitting',NULL,NULL,NULL,5,1,0,'2025-01-16 18:40:05','2025-03-09 06:12:54'),(85,'Honeywell Soundbar',NULL,75,203,87,139,9000.00,NULL,'flat','Honeywell',NULL,0.00,0,NULL,NULL,NULL,NULL,NULL,NULL,NULL,NULL,NULL,NULL,NULL,NULL,NULL,NULL,NULL,NULL,4,1,0,'2025-01-16 18:40:05','2025-02-12 13:50:56'),(86,'2X2 floor tiles',NULL,76,206,107,165,25.00,NULL,'flat','Rokland',NULL,0.00,0,'Wain Balu','2x2',NULL,'Porcilan',NULL,NULL,NULL,NULL,NULL,NULL,'4',NULL,NULL,NULL,NULL,NULL,11,1,0,'2025-01-16 18:40:05','2025-04-09 18:03:31'),(87,'Wall tiles',NULL,76,205,107,165,200.00,NULL,'flat','AQSA',NULL,0.00,0,'Silavar gry','18x12',NULL,NULL,NULL,NULL,NULL,NULL,NULL,NULL,'6',NULL,NULL,NULL,NULL,NULL,7,1,0,'2025-01-16 18:40:05','2025-04-09 18:03:31'),(88,'3.42kw solar system',NULL,80,217,108,166,0.00,NULL,'flat','ADANI',NULL,0.00,0,NULL,NULL,NULL,NULL,NULL,NULL,NULL,NULL,NULL,NULL,NULL,NULL,NULL,NULL,NULL,NULL,2,1,1,'2025-01-16 18:40:05','2025-01-16 18:40:05'),(89,'Roof top Solar',NULL,80,217,108,166,0.00,NULL,'flat',NULL,NULL,0.00,1,NULL,NULL,NULL,NULL,NULL,NULL,NULL,NULL,NULL,NULL,NULL,NULL,NULL,NULL,NULL,NULL,10,1,0,'2025-01-16 18:40:05','2025-03-09 06:12:54'),(90,'5tt',NULL,32,58,109,167,25.00,NULL,'flat',NULL,NULL,0.00,1,NULL,NULL,NULL,NULL,NULL,NULL,NULL,NULL,NULL,NULL,NULL,NULL,NULL,NULL,NULL,NULL,8,0,0,'2025-01-16 18:40:05','2025-01-16 18:40:05'),(91,'Megvil',NULL,70,197,110,168,25000.00,NULL,'percentage',NULL,NULL,0.00,0,'Blac&silver','14,15,16',NULL,NULL,NULL,NULL,NULL,NULL,NULL,NULL,NULL,NULL,NULL,NULL,NULL,NULL,3,1,0,'2025-01-16 18:40:05','2025-04-14 18:26:44'),(92,'ગોદરેજ',NULL,67,188,112,170,19800.00,16.00,'percentage','Godrej',NULL,0.00,1,'Silver','184 liter',NULL,NULL,NULL,NULL,NULL,NULL,'1 year full and 10 year compressor',NULL,'1','best','Godrej company',NULL,NULL,NULL,13,0,0,'2025-01-16 18:40:05','2025-01-16 18:40:05'),(93,'Eee',NULL,80,217,113,171,575.00,NULL,'flat',NULL,NULL,0.00,1,NULL,'FC c',NULL,NULL,NULL,NULL,NULL,NULL,NULL,NULL,NULL,NULL,NULL,NULL,NULL,NULL,2,1,1,'2025-01-16 18:40:05','2025-01-16 18:40:05'),(94,'Hahha',NULL,7,6,74,121,1200.00,NULL,'flat',NULL,NULL,0.00,1,NULL,NULL,'Ahha',NULL,NULL,NULL,NULL,NULL,NULL,NULL,NULL,NULL,NULL,NULL,NULL,NULL,1,1,1,'2025-01-16 18:40:05','2025-04-14 18:26:44'),(95,'Led lemp',NULL,70,197,110,168,7000.00,NULL,'flat','Kardeck',NULL,0.00,0,NULL,'250w',NULL,'Japanese technology',NULL,NULL,NULL,NULL,NULL,'2 yers',NULL,NULL,NULL,NULL,NULL,NULL,2,1,0,'2025-01-16 18:40:05','2025-04-09 18:03:31'),(96,'Android car player',NULL,70,197,110,168,6000.00,NULL,'percentage','Kardeck',NULL,0.00,0,NULL,'9inch',NULL,'Ts7 processor',NULL,NULL,NULL,NULL,'1yers',NULL,NULL,NULL,NULL,'tebal',NULL,NULL,3,1,0,'2025-01-16 18:40:05','2025-03-09 06:12:54'),(97,'Dc ref','Ref',67,188,114,172,18450.00,25.00,'percentage','Haier','Others',0.00,1,NULL,NULL,NULL,NULL,NULL,NULL,NULL,NULL,'1+9',NULL,'1',NULL,'Standerd home service',NULL,NULL,NULL,9,1,0,'2025-01-16 18:40:05','2025-04-09 18:03:31'),(98,'A C','Split AC',67,186,114,172,32000.00,NULL,'percentage','Amsterd',NULL,0.00,0,NULL,NULL,NULL,NULL,NULL,NULL,NULL,NULL,'5+5','Standard company warranty',NULL,NULL,NULL,NULL,NULL,NULL,6,1,0,'2025-01-16 18:40:05','2025-04-09 18:03:31'),(99,'AC','Split AC',67,186,114,172,36500.00,NULL,'percentage','Voltas',NULL,0.00,1,NULL,NULL,NULL,NULL,NULL,NULL,NULL,NULL,'5+5year',NULL,NULL,NULL,NULL,NULL,NULL,NULL,4,1,0,'2025-01-16 18:40:05','2025-04-09 18:03:31'),(100,'Refrigerator','Dc',67,188,114,172,12500.00,NULL,'percentage','Haier',NULL,0.00,0,NULL,NULL,NULL,NULL,NULL,NULL,NULL,NULL,NULL,NULL,NULL,NULL,NULL,NULL,NULL,NULL,12,1,0,'2025-01-16 18:40:05','2025-04-22 17:28:36'),(101,'Aatamaker','Fullyauto',67,192,114,172,12500.00,NULL,'percentage','NATRAJ',NULL,0.00,0,NULL,NULL,NULL,NULL,NULL,NULL,NULL,NULL,'1+5',NULL,NULL,NULL,NULL,NULL,NULL,NULL,4,1,0,'2025-01-16 18:40:05','2025-02-12 13:50:56'),(102,'REF','Dc',67,188,114,172,13600.00,NULL,'percentage',NULL,NULL,0.00,0,NULL,NULL,NULL,NULL,NULL,NULL,NULL,NULL,NULL,NULL,NULL,NULL,NULL,NULL,NULL,NULL,16,1,0,'2025-01-16 18:40:05','2025-04-22 17:28:36'),(103,'AC','Split AC',67,186,114,172,35500.00,NULL,'percentage','Haier',NULL,0.00,0,NULL,NULL,NULL,NULL,NULL,NULL,NULL,NULL,NULL,NULL,NULL,NULL,NULL,NULL,NULL,NULL,4,1,0,'2025-01-16 18:40:05','2025-04-09 18:03:31'),(104,'Washing machine','Fullyauto',67,187,114,172,16500.00,NULL,'percentage','Haier',NULL,0.00,0,NULL,NULL,NULL,NULL,NULL,NULL,NULL,NULL,NULL,NULL,NULL,NULL,NULL,NULL,NULL,NULL,0,1,0,'2025-01-16 18:40:05','2025-01-16 18:40:05'),(105,'Geyser','Whaterhiter',67,189,114,172,2700.00,NULL,'flat',NULL,NULL,0.00,0,NULL,NULL,NULL,NULL,NULL,NULL,NULL,NULL,NULL,NULL,NULL,NULL,NULL,NULL,NULL,NULL,3,1,0,'2025-01-16 18:40:05','2025-03-23 16:43:40'),(106,'Ro system','Automatic',67,192,114,172,6500.00,NULL,'flat',NULL,NULL,0.00,0,NULL,NULL,NULL,NULL,NULL,NULL,NULL,NULL,NULL,NULL,NULL,NULL,NULL,NULL,NULL,NULL,2,1,0,'2025-01-16 18:40:05','2025-02-07 16:36:32'),(107,'Car sit cover',NULL,70,197,110,168,7000.00,NULL,'flat',NULL,NULL,0.00,0,NULL,NULL,NULL,NULL,NULL,NULL,NULL,NULL,NULL,NULL,NULL,NULL,NULL,NULL,NULL,NULL,9,1,0,'2025-01-16 18:40:05','2025-04-09 18:03:31'),(108,'GODREJ',NULL,67,188,112,170,19800.00,15.00,'percentage','GODREJ',NULL,0.00,0,NULL,NULL,NULL,NULL,NULL,NULL,NULL,NULL,NULL,NULL,'1',NULL,NULL,NULL,NULL,NULL,2,1,0,'2025-01-16 18:40:05','2025-04-09 18:03:31'),(109,'Whhwhwh',NULL,82,230,74,121,1200.00,NULL,'flat',NULL,NULL,0.00,0,NULL,NULL,NULL,NULL,NULL,NULL,NULL,NULL,NULL,NULL,NULL,NULL,NULL,NULL,NULL,'hshs',0,1,1,'2025-01-16 18:40:05','2025-04-14 18:26:44'),(110,'Satyam Tanki',NULL,17,229,74,121,3000.00,0.00,'flat','Satyan',NULL,0.00,0,'Blue','500litter',NULL,'Gp',NULL,NULL,NULL,NULL,NULL,NULL,NULL,NULL,NULL,NULL,NULL,NULL,0,1,1,'2025-01-16 18:40:05','2025-04-14 18:26:44'),(111,'ટાઇલ્સ','0000',76,206,116,175,0.00,NULL,'flat',NULL,NULL,0.00,1,NULL,NULL,NULL,NULL,NULL,NULL,NULL,NULL,NULL,NULL,NULL,NULL,NULL,NULL,NULL,NULL,10,1,0,'2025-01-16 18:40:05','2025-04-27 06:52:33'),(112,'Plastic and galve bareel',NULL,17,229,115,174,0.00,0.00,'flat','Galve',NULL,0.00,0,'All types','210 litter',NULL,'Good',NULL,NULL,NULL,NULL,NULL,NULL,NULL,NULL,NULL,NULL,NULL,NULL,10,1,0,'2025-02-07 16:36:32','2025-04-09 18:03:31'),(113,'Galve and ms pipe',NULL,82,226,115,174,0.00,0.00,'flat','Asian apollo',NULL,0.00,0,NULL,'All types',NULL,'Good',NULL,NULL,NULL,NULL,NULL,NULL,NULL,NULL,NULL,NULL,NULL,NULL,4,1,0,'2025-02-07 16:36:32','2025-04-08 17:46:28'),(114,'Pani tank',NULL,17,229,115,174,0.00,0.00,'flat','Satyam',NULL,0.00,0,'Black white pink marbal all types','200 litter to 5000 liteer',NULL,'Good',NULL,NULL,NULL,NULL,'10 year',NULL,NULL,'Good',NULL,'Yes',NULL,NULL,13,1,0,'2025-02-07 16:36:32','2025-04-25 05:05:10'),(115,'7d met',NULL,70,197,110,168,5500.00,NULL,'percentage',NULL,NULL,0.00,0,'Black ,red,extra','For car',NULL,'Ledhar whith gras',NULL,NULL,NULL,NULL,NULL,NULL,NULL,'good',NULL,NULL,NULL,NULL,7,1,0,'2025-02-12 13:50:56','2025-04-27 06:52:33'),(116,'Drl light',NULL,70,197,110,168,4000.00,NULL,'percentage',NULL,NULL,0.00,0,'Maltipel',NULL,NULL,NULL,NULL,NULL,NULL,NULL,NULL,NULL,NULL,NULL,NULL,NULL,NULL,NULL,10,1,0,'2025-02-12 13:50:56','2025-04-27 06:52:33'),(117,'Uwus',NULL,11,17,74,121,1200.00,NULL,'flat','Yihsjs',NULL,0.00,0,NULL,NULL,NULL,NULL,NULL,NULL,NULL,NULL,NULL,'1 year','1',NULL,NULL,NULL,NULL,NULL,0,1,1,'2025-04-07 09:30:45','2025-04-14 18:26:44'),(118,'Uwuw',NULL,11,17,74,121,1200.00,NULL,'flat','Gah',NULL,0.00,0,'Yahsh',NULL,NULL,'Shhsu',NULL,NULL,NULL,NULL,NULL,NULL,NULL,NULL,NULL,NULL,NULL,NULL,4,1,1,'2025-04-07 09:31:10','2025-04-14 18:26:44'),(119,'Uu','Uu',7,7,74,121,1200.00,10.00,'flat',NULL,NULL,0.00,0,NULL,NULL,NULL,NULL,NULL,NULL,NULL,NULL,NULL,NULL,NULL,NULL,NULL,NULL,NULL,NULL,1,1,0,'2025-04-21 17:05:33','2025-04-25 05:05:10'),(120,'Yu','Yu',9,7,74,121,1200.00,NULL,'flat',NULL,NULL,0.00,0,NULL,NULL,NULL,NULL,NULL,NULL,NULL,NULL,NULL,NULL,NULL,NULL,NULL,NULL,NULL,NULL,1,1,0,'2025-04-21 17:10:49','2025-04-25 05:05:10'),(121,'Yuvin',NULL,7,6,74,121,1200.00,10.00,'percentage',NULL,NULL,0.00,0,NULL,NULL,NULL,NULL,NULL,NULL,NULL,NULL,NULL,NULL,NULL,NULL,NULL,NULL,NULL,NULL,0,1,0,'2025-04-24 17:15:11','2025-04-25 05:05:10'),(122,'Yuyu',NULL,27,43,125,121,1200.00,10.00,'percentage',NULL,NULL,0.00,0,NULL,NULL,NULL,NULL,NULL,NULL,NULL,NULL,NULL,NULL,NULL,NULL,NULL,NULL,NULL,NULL,0,1,0,'2025-04-24 17:17:24','2025-04-25 05:05:10'),(123,'Yubu',NULL,27,44,125,121,1200.00,NULL,'flat',NULL,NULL,0.00,0,NULL,NULL,NULL,NULL,NULL,NULL,NULL,NULL,NULL,NULL,NULL,NULL,NULL,NULL,NULL,NULL,0,1,0,'2025-04-26 05:43:56','2025-04-25 05:05:10'),(124,'Tshirt','322',7,8,74,121,2222.00,NULL,'flat',NULL,NULL,0.00,0,NULL,NULL,NULL,NULL,NULL,NULL,NULL,NULL,NULL,NULL,NULL,NULL,NULL,NULL,NULL,NULL,1,1,0,'2025-04-26 07:42:52','2025-04-25 05:05:10'),(125,'Shirt JD','423',7,6,74,121,2111.00,NULL,'flat',NULL,NULL,0.00,0,NULL,NULL,NULL,NULL,NULL,NULL,NULL,NULL,NULL,NULL,NULL,NULL,NULL,NULL,NULL,NULL,0,1,0,'2025-04-27 06:50:15','2025-04-25 05:05:10'),(126,'T-shirt AP','778',7,8,74,121,890.00,NULL,'flat',NULL,NULL,0.00,0,NULL,NULL,NULL,NULL,NULL,NULL,NULL,NULL,NULL,NULL,NULL,NULL,NULL,NULL,NULL,NULL,0,1,0,'2025-04-27 06:53:38','2025-04-27 06:52:33');

--
-- Table structure for table `tbl_reviews`
--

CREATE TABLE `tbl_reviews` (
  `id` bigint NOT NULL AUTO_INCREMENT,
  `user_id` int NOT NULL,
  `product_id` int NOT NULL,
  `rating` tinyint NOT NULL,
  `review` text COLLATE utf8mb4_general_ci NOT NULL,
  `role` tinyint(1) NOT NULL DEFAULT '0',
  `status` tinyint(1) NOT NULL DEFAULT '1',
  `is_deleted` tinyint(1) NOT NULL DEFAULT '0',
  `createdAt` datetime NOT NULL DEFAULT CURRENT_TIMESTAMP,
  `updatedAt` datetime NOT NULL DEFAULT CURRENT_TIMESTAMP ON UPDATE CURRENT_TIMESTAMP,
  PRIMARY KEY (`id`)
) ENGINE=InnoDB AUTO_INCREMENT=28 DEFAULT CHARSET=utf8mb4 COLLATE=utf8mb4_general_ci;

--
-- Dumping data for table `tbl_reviews`
--

INSERT INTO `tbl_reviews` VALUES (1,12,7,5,'good',1,1,0,'2024-11-18 18:58:07','2024-11-18 17:28:34'),(2,12,7,5,'v good',1,1,0,'2024-11-18 18:59:37','2024-11-18 17:28:34'),(3,12,7,5,'good',1,1,0,'2024-11-18 19:00:02','2024-11-18 17:28:34'),(4,12,7,5,'good',1,1,0,'2024-11-18 19:00:39','2024-11-18 17:28:34'),(5,11,10,4,'very good',1,1,0,'2024-11-19 13:03:28','2024-11-18 17:28:34'),(6,11,10,5,'good',1,1,0,'2024-11-19 13:18:39','2024-11-18 17:28:34'),(7,11,8,5,'5',1,1,0,'2024-11-19 13:21:33','2024-11-18 17:28:34'),(8,11,8,5,'good',1,1,0,'2024-11-19 13:21:56','2024-11-18 17:28:34'),(9,11,7,4,'good',1,1,0,'2024-11-19 13:22:19','2024-11-18 17:28:34'),(11,11,5,5,'good',1,1,0,'2024-11-19 13:23:17','2024-11-18 17:28:34'),(12,19,7,4,'good',1,0,1,'2024-11-19 17:34:41','2024-11-19 19:53:41'),(13,3,8,2,'asda',1,1,0,'2024-11-19 18:09:48','2024-11-19 18:04:52'),(14,3,5,4,'wewe',1,1,0,'2024-11-19 18:10:27','2024-11-19 18:04:52'),(15,19,15,5,'good',1,0,1,'2024-11-19 19:29:35','2024-11-19 19:53:41'),(16,19,16,5,'good',1,0,1,'2024-11-20 03:47:43','2024-11-19 19:53:41'),(17,20,13,5,'osm product',1,1,0,'2024-11-20 12:48:20','2024-11-19 19:53:41'),(18,3,6,1,'laol',1,1,0,'2024-11-20 17:53:34','2024-11-20 17:38:44'),(20,3,6,5,'Nice',1,1,0,'2024-11-20 17:54:22','2024-11-20 17:38:44'),(21,23,13,5,'good',1,1,0,'2024-11-21 13:41:47','2024-11-20 17:38:44'),(22,33,33,1,'not good',1,0,1,'2024-12-02 13:12:15','2024-12-29 18:10:16'),(23,47,34,4,'good',1,1,0,'2024-12-05 04:17:51','2024-12-03 06:55:03'),(24,47,46,4,'Very Good ?',1,1,0,'2024-12-15 09:30:46','2024-12-12 18:02:55'),(25,49,56,5,'?',1,1,0,'2024-12-17 13:21:07','2024-12-15 19:47:55'),(26,122,66,5,'good',1,1,0,'2025-01-01 08:29:33','2025-01-01 08:08:56'),(27,3,66,5,'great',1,1,0,'2025-02-07 16:43:32','2025-02-07 16:36:32');

--
-- Table structure for table `tbl_save_products`
--

CREATE TABLE `tbl_save_products` (
  `id` int NOT NULL AUTO_INCREMENT,
  `user_id` int NOT NULL,
  `product_id` int NOT NULL,
  `store_id` int NOT NULL,
  `status` tinyint(1) NOT NULL DEFAULT '1',
  `is_deleted` tinyint(1) NOT NULL DEFAULT '0',
  `createdAt` datetime NOT NULL DEFAULT CURRENT_TIMESTAMP,
  `updatedAt` datetime NOT NULL DEFAULT CURRENT_TIMESTAMP,
  PRIMARY KEY (`id`)
) ENGINE=InnoDB AUTO_INCREMENT=53 DEFAULT CHARSET=utf8mb4 COLLATE=utf8mb4_general_ci;

--
-- Dumping data for table `tbl_save_products`
--

INSERT INTO `tbl_save_products` VALUES (9,33,13,4,1,1,'2024-11-25 15:23:53','2024-12-12 18:02:55'),(10,33,26,4,1,1,'2024-11-25 15:23:53','2024-12-12 18:02:55'),(15,45,37,20,1,1,'2024-12-03 06:55:03','2024-12-12 18:02:55'),(18,47,15,9,1,1,'2024-12-03 06:55:03','2024-12-12 18:02:55'),(19,48,41,12,1,1,'2024-12-03 06:55:03','2024-12-12 18:02:55'),(20,45,41,12,1,1,'2024-12-07 17:47:10','2024-12-12 18:02:55'),(23,51,39,20,1,1,'2024-12-12 18:02:55','2024-12-12 18:02:55'),(30,34,64,71,1,0,'2025-01-08 06:36:34','2025-01-08 06:36:34'),(33,48,60,39,1,0,'2025-01-10 11:47:16','2025-01-10 11:47:16'),(34,122,86,107,1,0,'2025-01-16 18:40:05','2025-01-16 18:40:05'),(36,122,82,104,1,0,'2025-01-16 18:40:05','2025-01-16 18:40:05'),(38,122,90,109,1,0,'2025-01-16 18:40:05','2025-01-16 18:40:05'),(39,122,92,112,1,0,'2025-01-16 18:40:05','2025-01-16 18:40:05'),(40,122,93,113,1,0,'2025-01-16 18:40:05','2025-01-16 18:40:05'),(43,122,97,114,1,0,'2025-01-16 18:40:05','2025-01-16 18:40:05'),(51,121,120,74,1,0,'2025-04-26 05:49:53','2025-04-25 05:05:10'),(52,122,66,74,1,0,'2025-04-27 07:38:25','2025-04-27 06:52:33');

--
-- Table structure for table `tbl_social_links`
--

CREATE TABLE `tbl_social_links` (
  `id` int NOT NULL AUTO_INCREMENT,
  `instagram` text NOT NULL,
  `facebook` text NOT NULL,
  `youtube` text NOT NULL,
  `status` smallint NOT NULL DEFAULT '1' COMMENT '1 => Active, 0 => In-active',
  `is_deleted` smallint NOT NULL DEFAULT '0' COMMENT '0 => Not Deleted, 1 => Deleted	',
  `createdAt` timestamp NOT NULL DEFAULT CURRENT_TIMESTAMP,
  `updatedAt` timestamp NOT NULL DEFAULT CURRENT_TIMESTAMP ON UPDATE CURRENT_TIMESTAMP,
  PRIMARY KEY (`id`)
) ENGINE=InnoDB AUTO_INCREMENT=2 DEFAULT CHARSET=utf8mb4 COLLATE=utf8mb4_0900_ai_ci;

--
-- Dumping data for table `tbl_social_links`
--

INSERT INTO `tbl_social_links` VALUES (1,'https://www.instagram.com/fingertips_app/','https://www.facebook.com/search/top?q=fingertipsapp','https://www.youtube.com/@devbhumistudio',1,0,'2024-07-07 14:34:47','2024-11-19 19:53:41');

--
-- Table structure for table `tbl_sponsorship_details`
--

CREATE TABLE `tbl_sponsorship_details` (
  `id` bigint NOT NULL AUTO_INCREMENT,
  `data` text COLLATE utf8mb4_general_ci NOT NULL,
  `guj_data` text COLLATE utf8mb4_general_ci NOT NULL,
  `status` bigint NOT NULL DEFAULT '1' COMMENT '	1 => Active, 0 => In-active',
  `is_deleted` bigint NOT NULL DEFAULT '0' COMMENT '	0 => Not Deleted, 1 => Deleted',
  `createdAt` timestamp NOT NULL DEFAULT CURRENT_TIMESTAMP,
  `updatedAt` timestamp NOT NULL DEFAULT CURRENT_TIMESTAMP ON UPDATE CURRENT_TIMESTAMP,
  PRIMARY KEY (`id`)
) ENGINE=InnoDB AUTO_INCREMENT=2 DEFAULT CHARSET=utf8mb4 COLLATE=utf8mb4_general_ci;

--
-- Dumping data for table `tbl_sponsorship_details`
--

INSERT INTO `tbl_sponsorship_details` VALUES (1,'<p>&nbsp;heelo sponsor <a href=\"tel:+916352330228\">+91 6352330228</a></p><p>&nbsp;</p>','<p>હેલ્લો સ્પોન્સર <a href=\"tel:+916352330228\">+91 6352330228</a></p>',1,0,'2024-10-12 10:26:09','2024-11-17 16:03:36');

--
-- Table structure for table `tbl_store_categorys`
--

CREATE TABLE `tbl_store_categorys` (
  `id` int NOT NULL AUTO_INCREMENT,
  `role` tinyint(1) NOT NULL DEFAULT '1' COMMENT ' 	0->user,1-> venodr,2->service provider 	',
  `en_name` varchar(164) NOT NULL,
  `guj_name` varchar(128) NOT NULL,
  `image` text NOT NULL,
  `status` smallint NOT NULL DEFAULT '1' COMMENT ' 1 => Active, 0 => In-active ',
  `is_deleted` smallint NOT NULL DEFAULT '0' COMMENT ' 0 => Not Deleted, 1 => Deleted ',
  `createdAt` timestamp NOT NULL DEFAULT CURRENT_TIMESTAMP,
  `updatedAt` timestamp NOT NULL DEFAULT CURRENT_TIMESTAMP ON UPDATE CURRENT_TIMESTAMP,
  PRIMARY KEY (`id`)
) ENGINE=InnoDB AUTO_INCREMENT=36 DEFAULT CHARSET=utf8mb4 COLLATE=utf8mb4_0900_ai_ci;

--
-- Dumping data for table `tbl_store_categorys`
--

INSERT INTO `tbl_store_categorys` VALUES (1,1,'cloth store','test','default.png',1,1,'2024-06-08 06:50:46','2024-09-16 19:05:13'),(2,0,'test category 2','પરીક્ષણ શ્રેણી 2','default.png',1,1,'2024-06-22 10:30:04','2024-09-16 19:05:13'),(3,2,'loan agent','લોન એજેંટ','default.png',1,1,'2024-06-22 17:49:10','2024-10-26 07:06:09'),(4,1,'cloth','ક્લોથ','1726130404485.png',1,1,'2024-09-11 21:16:57','2024-09-16 19:05:13'),(5,2,'tailor','ટેલર','store_category/1734062594430-tailor icon.jpg',1,0,'2024-09-15 11:03:01','2024-12-12 18:02:55'),(6,1,'hardware','હાર્ડવેર','1726465152318.jfif',1,1,'2024-09-15 11:03:01','2024-09-16 19:05:13'),(7,1,'cloths','ક્લોથ','store_category/1734062568904-cloths.jpg',1,0,'2024-09-16 19:05:13','2024-12-12 18:02:55'),(8,1,'hardware','હાર્ડવેર','store_category/1734062531992-hardware.jpg',1,0,'2024-09-20 18:28:13','2025-01-16 18:40:05'),(9,1,'mobile-phone','મોબાઈલ ફોન','1726924623528.jpg',1,1,'2024-09-21 12:54:13','2024-10-20 05:11:42'),(10,1,'electric','ઇલેક્ટ્રિક','store_category/1734062496864-electric icon.jpg',1,0,'2024-09-21 12:54:13','2024-12-12 18:02:55'),(11,1,'mobile','મોબાઈલ','1729449396961.jpg',1,1,'2024-10-20 05:11:42','2024-10-20 05:11:42'),(12,1,'mobile phone','મોબાઈલ ફોન','store_category/1734062460422-mobile icon.jpg',1,0,'2024-10-20 05:11:42','2024-12-12 18:02:55'),(13,1,'jewellery','જવેલરી','store_category/1734062434649-gold2.jpg',0,0,'2024-10-26 04:54:19','2025-01-08 06:36:34'),(14,1,'foot wear','ફૂટવેયર','store_category/1734062409357-WhatsApp Image 2024-10-30 at 17.38.24_cc3da1ad.jpg',1,0,'2024-10-29 10:48:21','2024-12-12 18:02:55'),(15,2,'insurance agent','ઇન્સ્યોરન્સ એજેંટ','1730202237938.jpeg',1,1,'2024-10-29 10:48:21','2024-11-25 15:23:53'),(16,1,'furniture','ફર્નિચર','store_category/1734062382710-furniture icon .jpg',1,0,'2024-10-30 10:41:45','2024-12-12 18:02:55'),(17,1,'Agro','એગ્રો','store_category/1734062360326-agro icon1.jpg',1,0,'2024-10-30 10:41:45','2025-01-16 18:40:05'),(18,1,'Auto parts','ઓટો પાર્ટસ','store_category/1734062329387-spare parts icon1  .jpg',0,0,'2024-10-30 10:41:45','2024-12-17 17:32:39'),(19,1,'machinary & irrigation','મશીનરી & સિંચાઇ','store_category/1734062306979-irrigation & plumbing icon 1.jpg',0,0,'2024-10-30 10:41:45','2025-01-08 06:36:34'),(20,1,'Building & Construction','બિલ્ડિંગ & કન્સ્ટ્રકશન','store_category/1734062217088-building materials copy1.png',1,0,'2024-10-30 10:41:45','2025-01-10 11:47:16'),(21,2,'Test','test','store_category/1731696258649-simon-berger-twukN12EN7c-unsplash.jpg',1,1,'2024-11-15 18:18:04','2024-11-22 18:18:58'),(22,2,'advisor','એડવાયસર','store_category/1732792051524-104089-removebg-preview.png',1,0,'2024-11-25 15:23:53','2024-11-29 05:35:24'),(23,1,'Water & RO','વોટર & આર .ઓ .','store_category/1734369685935-water and RO icon.png',1,0,'2024-12-15 19:47:54','2024-12-15 19:47:54'),(24,2,'CC tv camera','સીસી ટીવી કેમેરા','store_category/1734430045164-IMG_0778.jpeg',1,1,'2024-12-15 19:47:54','2024-12-15 19:47:54'),(25,1,'CC Tv camera','સીસી ટીવી કેમેરા','store_category/1734441559333-cc tv camera icon.png',1,0,'2024-12-15 19:47:54','2024-12-15 19:47:54'),(26,2,'Studios','સ્ટુડિયો','store_category/1734665020886-104089-removebg-preview.png',1,0,'2024-12-17 17:32:39','2024-12-17 17:32:39'),(27,2,'School & Hostel','સ્કૂલ & હોસ્ટેલ','store_category/1734665665577-104089-removebg-preview.png',1,0,'2024-12-17 17:32:39','2024-12-17 17:32:39'),(28,1,'Tyre','ટાયર','store_category/1735037940148-IMG-20241224-WA0015.jpg',1,0,'2024-12-23 16:56:45','2024-12-23 16:56:45'),(29,1,'Electronics','ઇલેક્ટ્રોનિક્સ','store_category/1735222389609-electronic icon.jpg',1,0,'2024-12-25 13:15:29','2024-12-25 13:15:29'),(30,1,'Vehicle','વાહનો','store_category/1735647184828-vehicle icon copy1.png',1,0,'2024-12-29 18:34:36','2025-01-08 06:36:34'),(31,1,'Computer & Accessories','કમ્પ્યુટર & એક્સેસરીજ','store_category/1736436265386-computer icon copy.png',1,0,'2025-01-08 06:36:34','2025-01-10 05:08:12'),(32,2,'Print media services','પ્રિન્ટ મીડિયા સર્વિસ','store_category/1737018053610-1000011780.jpg',1,0,'2025-01-10 11:47:16','2025-01-10 11:47:16'),(33,1,'Solar & Battery','સોલર & બેટરી','store_category/1738402691568-solar & battery.jpg',1,0,'2025-01-16 18:40:05','2025-01-16 18:40:05'),(34,1,'Cycle & Toys','સાઇકલ & રમકડાં','store_category/1738916754292-cycle & toys.jpg',0,0,'2025-01-16 18:40:05','2025-01-16 18:40:05'),(35,1,'Watch & Glasses','ઘડિયાળ & ચસમાં','store_category/1738917020240-watch & googles.jpg',0,0,'2025-01-16 18:40:05','2025-01-16 18:40:05');

--
-- Table structure for table `tbl_sub_categorys`
--

CREATE TABLE `tbl_sub_categorys` (
  `id` int NOT NULL AUTO_INCREMENT,
  `store_category_id` int NOT NULL,
  `category_id` int NOT NULL,
  `en_name` varchar(164) NOT NULL,
  `guj_name` varchar(164) NOT NULL,
  `status` smallint NOT NULL DEFAULT '1' COMMENT ' 	1 => Active, 0 => In-active',
  `is_deleted` smallint NOT NULL DEFAULT '0' COMMENT ' 0 => Not Deleted, 1 => Deleted ',
  `createdAt` timestamp NOT NULL DEFAULT CURRENT_TIMESTAMP,
  `updatedAt` timestamp NOT NULL DEFAULT CURRENT_TIMESTAMP ON UPDATE CURRENT_TIMESTAMP,
  PRIMARY KEY (`id`)
) ENGINE=InnoDB AUTO_INCREMENT=235 DEFAULT CHARSET=utf8mb4 COLLATE=utf8mb4_0900_ai_ci;

--
-- Dumping data for table `tbl_sub_categorys`
--

INSERT INTO `tbl_sub_categorys` VALUES (1,1,1,'shirt','test',1,0,'2024-06-08 07:21:40','2024-07-29 17:47:01'),(2,2,2,'t-shirt','testt',1,0,'2024-06-08 07:41:13','2024-07-29 17:47:15'),(3,2,2,'hh','gg',1,0,'2024-06-22 11:23:26','2024-09-11 21:16:57'),(4,4,6,'cloth','જેન્ટસ વેઅર',1,0,'2024-09-12 19:39:30','2024-09-12 19:39:30'),(5,4,6,'shirts','શર્ટ',1,0,'2024-09-12 19:39:30','2024-09-13 19:39:48'),(6,7,7,'shirt','શર્ટ',1,0,'2024-09-16 19:05:13','2024-10-26 04:54:19'),(7,7,7,'jeans','જીન્સ',1,0,'2024-09-16 19:05:13','2024-09-16 19:05:13'),(8,7,7,'t-shirt','ટી -શર્ટ',1,0,'2024-09-16 19:05:13','2024-09-16 19:05:13'),(9,7,7,'innerwear','આંતરિક વસ્ત્રો',1,0,'2024-09-16 19:05:13','2024-09-16 19:05:13'),(10,7,7,'winter wear','શિયાળાના વસ્ત્રો',1,0,'2024-09-16 19:05:13','2024-09-16 19:05:13'),(11,7,8,'shirt','શર્ટ',1,0,'2024-09-16 19:05:13','2024-09-16 19:05:13'),(12,7,8,'t-shirt','ટી -શર્ટ',1,0,'2024-09-16 19:05:13','2024-09-16 19:05:13'),(13,7,8,'kurta','કુર્તા',1,0,'2024-09-16 19:05:13','2024-09-16 19:05:13'),(14,7,8,'crop-top','ક્રોપ-ટોપ',1,0,'2024-09-16 19:05:13','2024-09-16 19:05:13'),(15,8,10,'pipe wrench','પાઇપ વ્રેન્ચ',1,0,'2024-09-20 18:28:13','2024-09-20 18:28:13'),(16,8,10,'tap wrench','ટેપ વ્રેન્ચ',1,0,'2024-09-20 18:28:13','2024-09-20 18:28:13'),(17,8,11,'wrench','વ્રેન્ચ',1,0,'2024-09-21 12:54:13','2024-09-21 12:54:13'),(18,8,11,'clamp','ક્લેમ્પ',1,1,'2024-10-01 17:12:02','2024-10-01 17:12:02'),(19,8,14,'head block','હેડ બ્લોક',1,0,'2024-10-05 16:11:40','2024-10-05 16:11:40'),(20,7,7,'jacket','jacket',1,1,'2024-10-15 04:13:54','2024-10-18 16:43:14'),(21,7,7,'innerwearસ','ઇનનર્વરે',1,1,'2024-10-18 16:43:14','2024-10-18 16:43:14'),(22,7,9,'saree\'s','સાડી',1,0,'2024-10-25 18:45:44','2024-10-25 18:45:44'),(23,7,9,'kurti','કુર્તી',1,0,'2024-10-25 18:45:44','2024-10-25 18:45:44'),(24,7,9,'choli','ચોલી',1,0,'2024-10-25 18:45:44','2024-10-25 18:45:44'),(25,7,9,'crop-top','ક્રોપ-ટોપ',1,0,'2024-10-25 18:45:44','2024-10-25 18:45:44'),(26,7,9,'pant shirt','પેંટ શર્ટ',1,0,'2024-10-25 18:45:44','2024-10-25 18:45:44'),(27,7,9,'dupatta','દુપટ્ટા',1,0,'2024-10-25 18:45:44','2024-10-25 18:45:44'),(28,7,9,'readymade blouse','રેડીમેડ બ્લાઉઝ',1,0,'2024-10-25 18:45:44','2024-10-25 18:45:44'),(29,7,9,'Dress fabric','ડ્રેસ કાપડ',1,0,'2024-10-25 18:45:44','2024-10-25 18:45:44'),(30,7,9,'nightwear','નાઇટવેઅર',1,0,'2024-10-25 18:45:44','2024-10-25 18:45:44'),(31,12,25,'jacket','જેકેટ',1,1,'2024-10-26 04:54:19','2024-10-26 04:54:19'),(32,8,14,'jacket','જેકેટ',1,1,'2024-10-26 04:54:19','2024-10-26 04:54:19'),(33,12,21,'Android','એન્ડ્રોઇડ',1,0,'2024-10-26 04:54:19','2024-10-26 04:54:19'),(34,12,21,'iphone','આઇફોન',1,0,'2024-10-26 04:54:19','2024-10-26 04:54:19'),(35,12,21,'features phone','ફીચર્સ phone',1,0,'2024-10-26 04:54:19','2024-10-26 04:54:19'),(36,12,22,'mobile cover','મોબાઈલ કવર',1,0,'2024-10-26 04:54:19','2024-10-26 04:54:19'),(37,12,22,'screen guard','સ્ક્રીન ગાર્ડ',1,0,'2024-10-26 04:54:19','2024-10-26 04:54:19'),(38,12,22,'power bank','પાવરબઁક',1,0,'2024-10-26 04:54:19','2024-10-26 04:54:19'),(39,12,22,'smart watch','સ્માર્ટ વોચ',1,0,'2024-10-26 04:54:19','2024-10-26 04:54:19'),(40,12,23,'wired headphones','વાયર્ડ હેડફોન',1,0,'2024-10-26 04:54:19','2024-10-26 04:54:19'),(41,12,23,'wireless headphone','વાયરલેસ હેડફોન',1,0,'2024-10-26 04:54:19','2024-10-26 04:54:19'),(42,8,14,'dasd','ખંભાલિયા',1,1,'2024-10-26 07:06:09','2024-10-26 07:06:09'),(43,10,27,'ceiling fan','સીલિંગ પંખા',1,0,'2024-10-26 18:37:13','2024-10-26 18:37:13'),(44,10,27,'padestrial fan','ટેબલ પંખા',1,0,'2024-10-26 18:37:13','2024-10-26 18:37:13'),(45,10,27,'mixer grinder','મિક્સર ગ્રાઇંડર',1,1,'2024-10-26 18:37:13','2024-10-26 18:37:13'),(46,10,28,'mixer grinder','મિક્સર ગ્રાઇંડર',1,0,'2024-10-26 18:37:13','2024-10-26 18:37:13'),(47,13,29,'Bracelets','બ્રેસલેટ',1,0,'2024-10-26 18:37:13','2024-10-26 18:37:13'),(48,13,29,'Ring','વિટી',1,0,'2024-10-26 18:37:13','2024-10-26 18:37:13'),(49,13,29,'neck chains','ગાળાની ચેન',1,0,'2024-10-26 18:37:13','2024-10-26 18:37:13'),(50,13,29,'pandant','પેનડેન્ટ',1,0,'2024-10-26 18:37:13','2024-10-26 18:37:13'),(51,13,30,'necklace set','હાર',1,0,'2024-10-26 18:37:13','2024-10-26 18:37:13'),(52,13,30,'mangalsutra','મંગલસૂત્ર',1,0,'2024-10-26 18:37:13','2024-10-26 18:37:13'),(53,13,30,'Earring','કાનની વેઠ',1,0,'2024-10-26 18:37:13','2024-10-26 18:37:13'),(54,16,31,'Sofa','સોફા',1,0,'2024-10-30 10:41:45','2024-10-30 10:41:45'),(55,16,31,'Tripod','ત્રિપાઈ',1,0,'2024-10-30 10:41:45','2024-10-30 10:41:45'),(56,16,31,'Entertainment unit','મનોરંજન યુનિટ',1,0,'2024-10-30 10:41:45','2024-10-30 10:41:45'),(57,16,31,'Chair','ખુરશી',1,0,'2024-10-30 10:41:45','2024-10-30 10:41:45'),(58,16,32,'Bed','બેડ(પલંગ)',1,0,'2024-10-30 10:41:45','2024-10-30 10:41:45'),(59,16,32,'Wardrobe','કબાટ',1,0,'2024-10-30 10:41:45','2024-10-30 10:41:45'),(60,16,32,'Nightstand','બેડસાઇડ ટેબલ',1,0,'2024-10-30 10:41:45','2024-10-30 10:41:45'),(61,16,32,'Dresser','ડ્રેસર',1,0,'2024-10-30 10:41:45','2024-10-30 10:41:45'),(62,16,33,'Desk(Table)','ડેસ્ક(ટેબલ)',1,0,'2024-10-30 10:41:45','2024-10-30 10:41:45'),(63,16,33,'Chair','ખુરશી',1,0,'2024-10-30 10:41:45','2024-10-30 10:41:45'),(64,16,33,'Storage Solutions','સ્ટોરેજ સોલ્યુસન્સ',1,0,'2024-10-30 10:41:45','2024-10-30 10:41:45'),(65,16,33,'Shelves','અભરાઇ',1,0,'2024-10-30 10:41:45','2024-10-30 10:41:45'),(66,16,33,'Decor & Accents','સજાવટ & આકર્ષણ',1,1,'2024-10-30 10:41:45','2024-10-30 10:41:45'),(67,16,34,'Decorative items','સજાવટી વસ્તુઓ',1,0,'2024-10-30 10:41:45','2024-10-30 10:41:45'),(68,13,30,'Rings','વિટી',1,0,'2024-10-30 10:41:45','2024-10-30 10:41:45'),(69,13,30,'Pandent','પેન્ડન્ટ',1,0,'2024-10-30 10:41:45','2024-10-30 10:41:45'),(70,13,30,'Bangles','બંગળી',1,0,'2024-10-30 10:41:45','2024-10-30 10:41:45'),(71,13,30,'Anklets','પાયલ',1,0,'2024-10-30 10:41:45','2024-10-30 10:41:45'),(72,13,35,'Nose Ring & Studs','નથણી & નાથ',1,0,'2024-10-30 10:41:45','2024-10-30 10:41:45'),(73,13,35,'Hair accessories','વાળના શણગાર',1,0,'2024-10-30 10:41:45','2024-10-30 10:41:45'),(74,13,35,'Maang Tikka','માંગ ટિક્કા',1,0,'2024-10-30 10:41:45','2024-10-30 10:41:45'),(75,13,35,'Kundan Butti','કુંદન બુટ્ટી',1,0,'2024-10-30 10:41:45','2024-10-30 10:41:45'),(76,13,35,'Kandora','કંદોરા',1,0,'2024-10-30 10:41:45','2024-10-30 10:41:45'),(77,13,30,'Kundan Butti','કુંદન બુટ્ટી',1,0,'2024-10-30 10:41:45','2024-10-30 10:41:45'),(78,13,36,'Antique piece','એન્ટિક દાગીના',1,0,'2024-10-30 10:41:45','2024-10-30 10:41:45'),(79,13,36,'Diamond jewelry','હીરાજડિત જ્વેલરી',1,0,'2024-10-30 10:41:45','2024-10-30 10:41:45'),(80,17,37,'Cotton','કપાસ',1,0,'2024-10-30 10:41:45','2024-10-30 10:41:45'),(81,17,37,'Groundnut','મગફળી',1,0,'2024-10-30 10:41:45','2024-10-30 10:41:45'),(82,17,37,'Kathol','કઠોળ',1,0,'2024-10-30 10:41:45','2024-10-30 10:41:45'),(83,17,37,'Vegetables seeds','શાકભાજી બિયારણ',1,0,'2024-10-30 10:41:45','2024-10-30 10:41:45'),(84,17,37,'Ravipak seeds','રવિપાક બિયારણ',1,0,'2024-10-30 10:41:45','2024-10-30 10:41:45'),(85,17,38,'Organic fertilizer','ઓર્ગનીક ખાતર',1,0,'2024-10-30 10:41:45','2024-10-30 10:41:45'),(86,17,38,'Chemical fertilizer','રાસાયણિક ખાતર',1,0,'2024-10-30 10:41:45','2024-10-30 10:41:45'),(87,17,38,'Bhumi sudharak','ભૂમિ સુધારક',1,0,'2024-10-30 10:41:45','2024-10-30 10:41:45'),(88,17,39,'Pesticides','કીટનાશક',1,0,'2024-10-30 10:41:45','2024-10-30 10:41:45'),(89,17,39,'Herbicides','નિંદનાશક',1,0,'2024-10-30 10:41:45','2024-10-30 10:41:45'),(90,17,39,'Fungicides','ફૂગનાશક',1,0,'2024-10-30 10:41:45','2024-10-30 10:41:45'),(91,17,39,'Tools & equipments','ઉપકરણો & સાધનો',1,1,'2024-10-30 10:41:45','2024-10-30 10:41:45'),(92,17,40,'spray pump','સ્પ્રે પંપ',1,0,'2024-10-30 10:41:45','2024-10-30 10:41:45'),(93,17,40,'Irrigation tools','સિંચાઇના સાધનો',1,0,'2024-10-30 10:41:45','2024-11-16 05:21:34'),(94,18,41,'Body parts','બોડી પાર્ટસ',1,0,'2024-10-30 10:41:45','2024-10-30 10:41:45'),(95,18,41,'Accessories','એક્સેસરીજ',1,0,'2024-10-30 10:41:45','2024-10-30 10:41:45'),(96,18,41,'Safety Gear','સુરક્ષા સાધનો',1,0,'2024-10-30 10:41:45','2024-10-30 10:41:45'),(97,18,41,'Engine parts','એંજિન પાર્ટસ',1,0,'2024-10-30 10:41:45','2024-10-30 10:41:45'),(98,18,43,'Engine parts','એંજિન પાર્ટસ',1,0,'2024-10-30 10:41:45','2024-10-30 10:41:45'),(99,18,43,'Cooling system','કુલિંગ સિસ્ટમ',1,0,'2024-10-30 10:41:45','2024-10-30 10:41:45'),(100,18,43,'Body parts','બોડી પાર્ટસ',1,0,'2024-10-30 10:41:45','2024-10-30 10:41:45'),(101,18,43,'Accessories','એક્સેસરીજ',1,0,'2024-10-30 10:41:45','2024-10-30 10:41:45'),(102,18,43,'Utility tools','યુટિલિટિ સાધનો',1,0,'2024-10-30 10:41:45','2024-10-30 10:41:45'),(103,18,43,'Electric system','ઇલેક્ટ્રિક સિસ્ટમ',1,0,'2024-10-30 10:41:45','2024-10-30 10:41:45'),(104,18,43,'Hydraulic system','હાઇડ્રોલિક સિસ્ટમ',1,0,'2024-10-30 10:41:45','2024-10-30 10:41:45'),(105,18,41,'Electric system','ઇલેક્ટ્રિક સિસ્ટમ',1,0,'2024-10-30 10:41:45','2024-10-30 10:41:45'),(106,18,42,'transmission','ટ્રાન્સમિશન',1,0,'2024-10-30 10:41:45','2024-10-30 10:41:45'),(107,18,42,'engine parts','એંજિન પાર્ટસ',1,0,'2024-10-30 10:41:45','2024-10-30 10:41:45'),(108,18,42,'accessories','એક્સેસરીજ',1,0,'2024-10-30 10:41:45','2024-10-30 10:41:45'),(109,18,42,'utility tools','યુટિલિટિ સાધનો',1,0,'2024-10-30 10:41:45','2024-10-30 10:41:45'),(110,18,42,'hydraulic system','હાઇડ્રોલિક સિસ્ટમ',1,0,'2024-10-30 10:41:45','2024-10-30 10:41:45'),(111,18,42,'electric system','ઇલેક્ટ્રિક સિસ્ટમ',1,0,'2024-10-30 10:41:45','2024-10-30 10:41:45'),(112,18,44,'Body parts','બોડી પાર્ટસ',1,0,'2024-10-30 10:41:45','2024-10-30 10:41:45'),(113,18,44,'accessories','એક્સેસરીજ',1,0,'2024-10-30 10:41:45','2024-10-30 10:41:45'),(114,18,44,'interior parts','ઇન્ટિરિયર પાર્ટસ',1,0,'2024-10-30 10:41:45','2024-10-30 10:41:45'),(115,18,44,'cooling system','કુલિંગ સિસ્ટમ',1,0,'2024-10-30 10:41:45','2024-10-30 10:41:45'),(116,18,44,'Transmission parts','ટ્રાન્સમિશન પાર્ટસ',1,0,'2024-10-30 10:41:45','2024-10-30 10:41:45'),(117,18,44,'electric system','ઇલેક્ટ્રિક સિસ્ટમ',1,0,'2024-10-30 10:41:45','2024-10-30 10:41:45'),(118,18,44,'Engine parts','એંજિન પાર્ટસ',1,0,'2024-10-30 10:41:45','2024-10-30 10:41:45'),(119,19,45,'pipes','પાઇપ',1,0,'2024-10-30 10:41:45','2024-10-30 10:41:45'),(120,19,45,'tube pipe','ફુગ્ગા પાઇપ',1,1,'2024-10-30 10:41:45','2024-10-30 10:41:45'),(121,19,45,'Drip','ટપક',1,0,'2024-10-30 10:41:45','2024-10-30 10:41:45'),(122,19,45,'pipe fitting & Connectors','પાઇપ ફીટીંગ & કનેક્ટર્સ',1,0,'2024-10-30 10:41:45','2024-10-30 10:41:45'),(123,19,45,'Valves','વાલ્વ',1,0,'2024-10-30 10:41:45','2024-10-30 10:41:45'),(124,19,45,'sprinkler','ફુવારા',1,0,'2024-10-30 10:41:45','2024-10-30 10:41:45'),(125,19,45,'submersible pump','સબમર્સીબલ પમ્પ',1,1,'2024-10-30 10:41:45','2024-10-30 10:41:45'),(126,19,46,'submersible pump','સબમર્સીબલ પમ્પ',1,0,'2024-10-30 10:41:45','2024-10-30 10:41:45'),(127,19,46,'centrifugal pump','સેન્ટરીફયુગલ પમ્પ',1,0,'2024-10-30 10:41:45','2024-10-30 10:41:45'),(128,19,46,'hand pump','હેન્ડ પમ્પ',1,0,'2024-10-30 10:41:45','2024-11-16 05:21:34'),(129,19,47,'Pressure regulator','પ્રેશર રેગ્યુલેટર',1,0,'2024-10-30 10:41:45','2024-10-30 10:41:45'),(130,19,47,'filter cleaning tools','ફિલ્ટર સફાઇ સાધનો',1,0,'2024-10-30 10:41:45','2024-10-30 10:41:45'),(131,19,47,'gasket ,seals & repair kit','ગાસકેટ, સીલ & રીપેર કીટ',1,0,'2024-10-30 10:41:45','2024-10-30 10:41:45'),(132,19,47,'fertilizer system','ફર્ટિલાઇઝર સિસ્ટમ',1,0,'2024-10-30 10:41:45','2024-10-30 10:41:45'),(133,7,7,'shoes','શૂઝ',1,1,'2024-11-08 17:03:13','2024-11-08 17:03:13'),(134,18,44,'car 1','car 1',1,1,'2024-11-19 19:10:49','2024-12-15 19:47:55'),(135,17,40,'Tool 1','Tool 1',1,1,'2024-11-19 19:10:49','2024-12-15 19:47:55'),(136,19,48,'F1','F1',1,1,'2024-11-19 19:10:49','2024-12-15 19:47:55'),(137,18,44,'Car 2','Car 2',0,1,'2024-11-19 19:10:49','2024-12-15 19:47:55'),(138,18,44,'car 3','car 3',1,1,'2024-11-19 19:10:49','2024-12-15 19:47:55'),(139,19,49,'hardware 5','hardware 5',1,1,'2024-11-25 15:23:53','2024-12-15 19:47:55'),(140,10,28,'bulb','બલ્બ',0,0,'2024-11-29 05:35:24','2025-01-04 15:38:51'),(141,10,50,'Bulb','બલ્બ',1,0,'2024-12-15 19:47:55','2024-12-15 19:47:55'),(142,23,52,'Home Water Purifier','હોમ વોટર પ્યૂરીફાયર',1,0,'2024-12-15 19:47:55','2024-12-15 19:47:55'),(143,23,52,'Office & Commercial','ઓફિસ & કોમર્શિયલ',1,0,'2024-12-15 19:47:55','2024-12-15 19:47:55'),(144,23,52,'Domestic RO','ડોમેસ્ટિક RO',1,1,'2024-12-15 19:47:55','2024-12-15 19:47:55'),(145,23,53,'Domestic RO','ઘરેલું આર.ઓ',1,0,'2024-12-15 19:47:55','2024-12-15 19:47:55'),(146,23,53,'Commercial RO','કોમર્શિયલ આર. ઓ.',1,0,'2024-12-15 19:47:55','2024-12-15 19:47:55'),(147,23,54,'RO Filters & Cartridges','આર.ઓ. ફિલ્ટર અને કાર્ટ્રિજ',1,0,'2024-12-15 19:47:55','2024-12-15 19:47:55'),(148,23,54,'RO Membranes','આર.ઓ. મેમ્બ્રેન',1,0,'2024-12-15 19:47:55','2024-12-15 19:47:55'),(149,23,54,'Motor & Pumps','મોટર અને પંપ',1,0,'2024-12-15 19:47:55','2024-12-15 19:47:55'),(150,23,54,'Testing Devices','ટેસ્ટિંગ સાધનો',1,0,'2024-12-15 19:47:55','2024-12-15 19:47:55'),(151,25,55,'Dome Cameras','ડોમ કેમેરા',1,0,'2024-12-15 19:47:55','2024-12-15 19:47:55'),(152,25,55,'Bullet Cameras','બુલેટ કેમેરા',1,0,'2024-12-15 19:47:55','2024-12-15 19:47:55'),(153,25,55,'PTZ Camera','PTZ કેમેરા',1,0,'2024-12-15 19:47:55','2024-12-15 19:47:55'),(154,25,55,'Wireless Camera','વાયરલેસ કેમેરા',1,0,'2024-12-15 19:47:55','2024-12-15 19:47:55'),(155,25,56,'DVR/NVR Systems','DVR/NVR સિસ્ટમ',1,0,'2024-12-15 19:47:55','2024-12-15 19:47:55'),(156,25,56,'Cables & Connectors','કેબલ & કનેક્ટર્સ',1,0,'2024-12-15 19:47:55','2024-12-15 19:47:55'),(157,25,56,'Power Supply','પાવર સપ્લાય',1,0,'2024-12-15 19:47:55','2024-12-15 19:47:55'),(158,25,56,'Mounting Brackets','માઉન્ટીગ  બ્રેકેટ્સ',1,0,'2024-12-15 19:47:55','2024-12-15 19:47:55'),(159,14,57,'Formal Shoes','ફોર્મલ શૂઝ',1,0,'2024-12-15 19:47:55','2024-12-15 19:47:55'),(160,14,57,'Casual Shoes','કેઝ્યુઅલ શૂઝ',1,0,'2024-12-15 19:47:55','2024-12-15 19:47:55'),(161,14,57,'Sports Shoes','સ્પોર્ટ્સ શૂઝ',1,0,'2024-12-15 19:47:55','2024-12-15 19:47:55'),(162,14,57,'Sandals and Floaters','સેન્ડલ્સ અને ફ્લોટર્સ',1,0,'2024-12-15 19:47:55','2024-12-15 19:47:55'),(163,14,57,'Loafers','લોફર્સ',1,0,'2024-12-15 19:47:55','2024-12-15 19:47:55'),(164,14,57,'Boots','બૂટ્સ',1,0,'2024-12-15 19:47:55','2024-12-15 19:47:55'),(165,14,57,'Flip-Flops/Slippers','ફ્લિપ-ફ્લોપ્સ/ચપ્પલ',1,0,'2024-12-15 19:47:55','2024-12-15 19:47:55'),(166,14,57,'Ethnic Footwear','એથનિક ફૂટવેર',1,0,'2024-12-15 19:47:55','2024-12-15 19:47:55'),(167,14,58,'Heels','હીલ્સ',1,0,'2024-12-15 19:47:55','2024-12-15 19:47:55'),(168,14,58,'Sandals','સેન્ડલ્સ',1,0,'2024-12-15 19:47:55','2024-12-15 19:47:55'),(169,14,58,'Flip-Flops/Slippers','ફ્લિપ-ફ્લોપ્સ/ચપ્પલ',1,0,'2024-12-15 19:47:55','2024-12-15 19:47:55'),(170,14,58,'Juttis ( Mojaris )','જુત્તી ( મોજરી )',1,0,'2024-12-15 19:47:55','2024-12-15 19:47:55'),(171,14,58,'Shoes','શૂઝ',1,0,'2024-12-15 19:47:55','2024-12-15 19:47:55'),(172,14,59,'Sandals','સેન્ડલ્સ',1,0,'2024-12-15 19:47:55','2024-12-15 19:47:55'),(173,14,59,'Shoes','શૂઝ',1,0,'2024-12-15 19:47:55','2024-12-15 19:47:55'),(174,14,59,'Flip-Flops/Slippers','ફ્લિપ-ફ્લોપ્સ/ચપ્પલ',1,0,'2024-12-15 19:47:55','2024-12-15 19:47:55'),(175,14,59,'School Shoes','સ્કૂલ શૂઝ',1,0,'2024-12-15 19:47:55','2024-12-15 19:47:55'),(176,14,59,'Ethnic Footwear','એથનિક ફૂટવેર',1,0,'2024-12-15 19:47:55','2024-12-15 19:47:55'),(177,14,60,'Seasonal Footwear','ઋતુના આધારે ફૂટવેર',1,0,'2024-12-15 19:47:55','2024-12-15 19:47:55'),(178,28,61,'Tractor','ટ્રેક્ટર',1,0,'2024-12-23 16:56:45','2024-12-23 16:56:45'),(179,28,62,'Car (Four-wheel)','કાર (ફોર-વિલ)',1,0,'2024-12-23 16:56:45','2024-12-23 16:56:45'),(180,28,63,'JCB','જે. સી.બી',1,0,'2024-12-23 16:56:45','2024-12-23 16:56:45'),(181,28,64,'Bike','બાઇક',1,0,'2024-12-23 16:56:45','2024-12-23 16:56:45'),(182,29,65,'Mobile','મોબાઈલ',1,0,'2024-12-25 13:15:29','2024-12-25 13:15:29'),(183,29,65,'Accessories','એક્સેસરીજ',1,0,'2024-12-25 13:15:29','2024-12-25 13:15:29'),(184,29,66,'TV','ટીવી',1,0,'2024-12-25 13:15:29','2024-12-25 13:15:29'),(185,29,66,'Audio','ઓડિઓ',1,0,'2024-12-25 13:15:29','2024-12-25 13:15:29'),(186,29,67,'AC','એસી',1,0,'2024-12-25 13:15:29','2024-12-25 13:15:29'),(187,29,67,'Washing machine','વોશિંગ મશીન',1,0,'2024-12-25 13:15:29','2024-12-25 13:15:29'),(188,29,67,'Refrigerator','રેફ્રિજરેટર',1,0,'2024-12-25 13:15:29','2024-12-25 13:15:29'),(189,29,67,'Geyser','ગીઝર',1,0,'2024-12-25 13:15:29','2024-12-25 13:15:29'),(190,29,67,'Electric sagadi','ઇલેક્ટ્રિક સગડી',1,0,'2024-12-25 13:15:29','2024-12-25 13:15:29'),(191,29,67,'Iron','ઈસ્ત્રી',1,0,'2024-12-25 13:15:29','2024-12-25 13:15:29'),(192,29,67,'Accessories','એક્સેસરીજ',1,0,'2024-12-25 13:15:29','2024-12-25 13:15:29'),(193,30,68,'Motorcycle','મોટરસાઇકલ',1,0,'2024-12-29 18:34:36','2024-12-29 18:34:36'),(194,30,68,'Scooter','સ્કૂટર',1,0,'2024-12-29 18:34:36','2024-12-29 18:34:36'),(195,30,68,'Cycle','સાઇકલ',1,0,'2024-12-29 18:34:36','2024-12-29 18:34:36'),(196,30,69,'Tractor','ટ્રેક્ટર',1,0,'2024-12-29 18:34:36','2024-12-29 18:34:36'),(197,30,70,'Car (Four-wheel)','કાર (ફોર-વિલ)',1,0,'2024-12-29 18:34:36','2024-12-29 18:34:36'),(198,30,71,'Saneda','સનેડા',1,0,'2024-12-29 18:34:36','2024-12-29 18:34:36'),(199,30,69,'Mini-Tractor','મિનિ-ટ્રેક્ટર',1,0,'2024-12-29 18:34:36','2024-12-29 18:34:36'),(200,30,72,'pick-up','પિકક-અપ',1,0,'2024-12-29 18:34:36','2024-12-29 18:34:36'),(201,31,73,'Monitor','મોનિટર',1,0,'2025-01-08 06:36:34','2025-01-08 06:36:34'),(202,31,74,'CPU','CPU',1,0,'2025-01-08 06:36:34','2025-01-08 06:36:34'),(203,31,75,'Accessories','એક્સેસરીજ',1,0,'2025-01-08 06:36:34','2025-01-08 06:36:34'),(204,30,70,'Accessories','એક્સેસરીજ',1,0,'2025-01-10 11:47:16','2025-01-10 11:47:16'),(205,20,76,'wall tiles','દીવાલ ટાઇલ્સ',1,0,'2025-01-10 11:47:16','2025-01-10 11:47:16'),(206,20,76,'Floor tiles','ફ્લોર ટાઇલ્સ',1,0,'2025-01-10 11:47:16','2025-01-10 11:47:16'),(207,20,76,'Parking tiles','પાર્કિંગ ટાઇલ્સ',1,0,'2025-01-10 11:47:16','2025-01-10 11:47:16'),(208,20,77,'Wash basin','વોશ બેસિન',1,0,'2025-01-10 11:47:16','2025-01-10 11:47:16'),(209,20,78,'commode','કમોડ ( કુકડા )',1,0,'2025-01-10 11:47:16','2025-01-10 11:47:16'),(210,14,79,'Belt','બેલ્ટ',1,0,'2025-01-16 18:40:05','2025-01-16 18:40:05'),(211,14,79,'Perfume','પરફ્યુમ',1,0,'2025-01-16 18:40:05','2025-01-16 18:40:05'),(212,14,79,'Wallet','વોલેટ',1,0,'2025-01-16 18:40:05','2025-01-16 18:40:05'),(213,14,79,'Watches','ઘડિયાળ',1,0,'2025-01-16 18:40:05','2025-01-16 18:40:05'),(214,14,79,'Underwear','અન્ડરવેર',1,0,'2025-01-16 18:40:05','2025-01-16 18:40:05'),(215,14,79,'Socks','મોજાં',1,0,'2025-01-16 18:40:05','2025-01-16 18:40:05'),(216,14,79,'Hanky','હાથરૂમાલ',1,0,'2025-01-16 18:40:05','2025-01-16 18:40:05'),(217,33,80,'Residencial','રેસિડેન્શિયલ',1,0,'2025-01-16 18:40:05','2025-01-16 18:40:05'),(218,33,80,'commercials','કોમર્શિયલ્સ',1,0,'2025-01-16 18:40:05','2025-01-16 18:40:05'),(219,33,80,'Industrials','ઇન્ડસ્ટ્રીયલ્સ',1,0,'2025-01-16 18:40:05','2025-01-16 18:40:05'),(220,33,81,'Invertor Battery','ઇનવર્ટર બેટરી',1,0,'2025-01-16 18:40:05','2025-02-07 16:36:32'),(221,30,69,'power tiller','પાવર ટીલર',1,0,'2025-01-16 18:40:05','2025-01-16 18:40:05'),(222,30,69,'power weeder','પાવર વિડર',1,0,'2025-01-16 18:40:05','2025-01-16 18:40:05'),(223,30,69,'power ripper','પાવર રીપર',1,0,'2025-01-16 18:40:05','2025-01-16 18:40:05'),(224,8,82,'GP Sheet','જીપી શીટ',1,0,'2025-01-16 18:40:05','2025-01-16 18:40:05'),(225,8,82,'Coating shed patara','કોટિંગ પતરાં',1,0,'2025-01-16 18:40:05','2025-01-16 18:40:05'),(226,8,82,'Iron Pipes','લોખંડ પાઈપ',1,0,'2025-01-16 18:40:05','2025-01-16 18:40:05'),(227,8,82,'Channel & Angles','ચેનલ & એંગલ',1,0,'2025-01-16 18:40:05','2025-01-16 18:40:05'),(228,8,82,'Accessories','એક્સેસરીજ',1,0,'2025-01-16 18:40:05','2025-01-16 18:40:05'),(229,8,17,'Water tank','પાણી ટાંકી',1,0,'2025-01-16 18:40:05','2025-01-16 18:40:05'),(230,8,13,'Accessories','એક્સેસરીજ',1,0,'2025-01-16 18:40:05','2025-01-16 18:40:05'),(231,33,81,'Tractor','tractor',1,0,'2025-02-07 16:36:32','2025-02-07 16:36:32'),(232,33,81,'Four-wheel','ફોરવ્હિલ',1,0,'2025-02-07 16:36:32','2025-02-07 16:36:32'),(233,33,81,'Truck & Bus','ટ્રક & બસ',1,0,'2025-02-07 16:36:32','2025-02-07 16:36:32'),(234,33,81,'Motor-cycle','મોટરસાઇકલ',1,0,'2025-02-07 16:36:32','2025-02-07 16:36:32');

--
-- Table structure for table `tbl_subscription_plans`
--

CREATE TABLE `tbl_subscription_plans` (
  `id` int NOT NULL AUTO_INCREMENT,
  `title` varchar(264) COLLATE utf8mb4_general_ci NOT NULL,
  `guj_title` varchar(256) COLLATE utf8mb4_general_ci NOT NULL,
  `no_images` int NOT NULL,
  `storage` varchar(264) COLLATE utf8mb4_general_ci NOT NULL,
  `storage_type` tinyint NOT NULL COMMENT '0-> KB 1-> MB 2-> GB',
  `type` enum('1','2') COLLATE utf8mb4_general_ci NOT NULL DEFAULT '1' COMMENT '	1-> venodr,2->service provider',
  `benefit` text COLLATE utf8mb4_general_ci NOT NULL,
  `payment_procedure` text COLLATE utf8mb4_general_ci NOT NULL,
  `guj_benefit` text COLLATE utf8mb4_general_ci NOT NULL,
  `guj_payment` text COLLATE utf8mb4_general_ci NOT NULL,
  `monthly_price` double(11,2) NOT NULL,
  `yearly_price` double(11,2) NOT NULL,
  `is_free` tinyint NOT NULL DEFAULT '0' COMMENT '0-> Not Free 1-> Free',
  `is_show_all_user_list` tinyint(1) NOT NULL DEFAULT '1',
  `status` tinyint(1) NOT NULL DEFAULT '1' COMMENT '	1 => Active, 0 => In-active\r\n',
  `is_deleted` tinyint(1) NOT NULL DEFAULT '0' COMMENT '	0 => Not Deleted, 1 => Deleted',
  `createdAt` datetime NOT NULL DEFAULT CURRENT_TIMESTAMP,
  `updatedAt` datetime NOT NULL DEFAULT CURRENT_TIMESTAMP ON UPDATE CURRENT_TIMESTAMP,
  PRIMARY KEY (`id`)
) ENGINE=InnoDB AUTO_INCREMENT=10 DEFAULT CHARSET=utf8mb4 COLLATE=utf8mb4_general_ci;

--
-- Dumping data for table `tbl_subscription_plans`
--

INSERT INTO `tbl_subscription_plans` VALUES (1,'Free Tier','ફ્રી પ્લાન',3,'100',1,'1','<p><strong>Free Tier for Vendors</strong><br>We offer a <strong>free subscription plan</strong> for vendors creating a store on our platform. Here\'s what it includes:</p><ol><li><strong>Storage</strong>: 300MB of actual storage (100MB compressed)</li><li><strong>Image Upload Limit</strong>: Up to <strong>3 images per product</strong></li><li><strong>Duration</strong>: Free access for the first <strong>6 months</strong></li><li><p><strong>Availability</strong>: Offered on a <strong>first-come, first-served</strong> basis</p><p>This plan is designed to support vendors in showcasing their products effectively while exploring the benefits of our platform at no cost.</p></li></ol>','<ol><li><strong>Important:</strong><br>After the 6-month free period, vendors need to <strong>edit their store details</strong> and <strong>submit for re-approval</strong> to continue using the platform.</li></ol>','<p><strong>વેન્ડરો માટે મફત શ્રેણી</strong><br>અમારા પ્લેટફોર્મ પર સ્ટોર બનાવનાર વેન્ડરો માટે અમે <strong>મફત સબ્સ્ક્રિપ્શન પ્લાન</strong> પ્રદાન કરીએ છીએ. આ પ્લાનમાં નીચેના ફાયદાઓ છે:</p><ul><li><strong>સ્ટોરેજ</strong>: <strong>300MB ના વાસ્તવિક સ્ટોરેજ</strong> (100MB કોમ્પ્રેસ્ડ)</li><li><strong>ઈમેજ અપલોડ મર્યાદા</strong>: દરેક પ્રોડક્ટ માટે <strong>3 ઈમેજ</strong> સુધી</li><li><strong>સમયગાળો</strong>: પ્રથમ <strong>6 મહિના</strong> મફત</li><li><strong>ઉપલબ્ધતા</strong>: <strong>વહેલા તે પહેલાના ધોરણે&nbsp;</strong></li></ul><p>આ પ્લાન વેન્ડરોને અમારી પ્લેટફોર્મના લાભો શોધી કાઢવા અને તેમના પ્રોડક્ટ્સ અસરકારક રીતે પ્રદર્શિત કરવા માટે કોઈપણ ખર્ચ વિના સહાય કરવા માટે ડિઝાઇન કરવામાં આવ્યો છે.</p>','<p><strong>મહત્વપૂર્ણ:</strong><br>મફત 6-મહિનાના સમયગાળાના અંતે, વેન્ડરોએ <strong>તેમના સ્ટોર વિગતો સંપાદિત કરી</strong> અને <strong>ફરી-મંજુરી માટે સબમિટ</strong> કરવી જરૂરી છે, જેથી પ્લેટફોર્મ પર તેમની પ્રવૃત્તિ ચાલુ રહી શકે.</p>',0.00,0.00,1,1,1,0,'2024-08-11 17:18:43','2025-04-14 18:26:44'),(2,'Silver Member','',5,'1 GB',0,'1','<ol><li><p><strong>Predictable Revenue Stream</strong>: Subscriptions provide steady, recurring income, allowing the store to better forecast sales, manage inventory, and plan for growth with consistent cash flow.</p></li><li><p><strong>Customer Loyalty and Retention</strong>: A subscription model keeps customers engaged with the brand over time, fostering loyalty and increasing the likelihood of repeat purchases.</p></li><li><p><strong>Personalized Shopping Experience</strong>: With a subscription model, you can collect customer preferences and data to offer personalized clothing selections, enhancing customer satisfaction and brand connection.</p></li><li><p><strong>Convenience for Customers</strong>: Customers receive curated clothing items regularly without the need to shop each time, offering a seamless, convenient shopping experience.</p></li><li><p><strong>Inventory Management Efficiency</strong>: Subscriptions allow the store to better manage inventory by predicting demand and reducing overstock or understock situations.</p></li><li><p><strong>Upsell and Cross-Sell Opportunities</strong>: The subscription model creates regular touchpoints, making it easier to introduce new collections or offer add-ons, increasing average order value.</p></li><li><p><strong>Brand Engagement and Feedback</strong>: Regular shipments keep customers engaged with the brand and provide ongoing opportunities to gather feedback for product improvements and customer experience enhancements.</p></li></ol>','<ol><li><p><strong>Predictable Revenue Stream</strong>: Subscriptions provide steady, recurring income, allowing the store to better forecast sales, manage inventory, and plan for growth with consistent cash flow.</p></li><li><p><strong>Customer Loyalty and Retention</strong>: A subscription model keeps customers engaged with the brand over time, fostering loyalty and increasing the likelihood of repeat purchases.</p></li><li><p><strong>Personalized Shopping Experience</strong>: With a subscription model, you can collect customer preferences and data to offer personalized clothing selections, enhancing customer satisfaction and brand connection.</p></li><li><p><strong>Convenience for Customers</strong>: Customers receive curated clothing items regularly without the need to shop each time, offering a seamless, convenient shopping experience.</p></li><li><p><strong>Inventory Management Efficiency</strong>: Subscriptions allow the store to better manage inventory by predicting demand and reducing overstock or understock situations.</p></li><li><p><strong>Upsell and Cross-Sell Opportunities</strong>: The subscription model creates regular touchpoints, making it easier to introduce new collections or offer add-ons, increasing average order value.</p></li><li><p><strong>Brand Engagement and Feedback</strong>: Regular shipments keep customers engaged with the brand and provide ongoing opportunities to gather feedback for product improvements and customer experience enhancements.</p></li></ol>','','',200.00,2000.00,0,1,1,1,'2024-08-11 17:18:43','2024-10-05 16:11:40'),(3,'Golden Member','ગોલ્ડન પ્લાન',5,'500',1,'1','<p>Upgrade to our <strong>Golden Membership Plan</strong> and unlock premium features for your store:</p><ul><li><strong>Storage</strong>: 1.5GB actual storage (500MB compressed)</li><li><strong>Image Upload Limit</strong>: Up to <strong>5 images per product</strong></li><li><strong>Pricing</strong>:<ul><li><strong>₹500 per month</strong></li><li><strong>₹4500 annually</strong> (save more with the yearly plan!)</li></ul></li><li><strong>Listing Priority</strong>: Your store will be listed at the top of the priority queue, based on a <strong>first-come, first-served</strong> basis</li></ul><p>The Golden Plan is perfect for vendors seeking maximum visibility and flexibility for showcasing their products.</p>','<p>We have made the payment process simple and convenient:</p><ol><li><strong>Payment Options</strong>:<ul><li>Use the <strong>QR code</strong> provided for payment.</li><li>Alternatively, you can use the <strong>bank details</strong> shared.</li></ul></li><li><strong>Confirm Payment</strong>:<ul><li>After making the payment, send the <strong>payment receipt</strong> to the Fingertips WhatsApp number.</li><li>Along with the receipt, include the following details:<ul><li><strong>Plan Details</strong> (selected plan)</li><li><strong>Store Details</strong> (vendor name and store name)</li><li><strong>Payment Amount</strong></li></ul></li></ul></li><li><strong>Plan Activation</strong>:<ul><li>Once your payment is confirmed, your store will be activated as per the selected plan.</li></ul></li></ol><p>This ensures a seamless experience to start or upgrade your store on our platform</p><p>Whatsapp : +91 6352330228</p>','<p>અમારા <strong>ગોલ્ડન મેમ્બરશિપ પ્લાન</strong> સાથે તમારા સ્ટોર માટે પ્રીમિયમ સુવિધાઓ અનલોક કરો:</p><ul><li><strong>સ્ટોરેજ</strong>: 1.5GB વાસ્તવિક સ્ટોરેજ (500MB કોમ્પ્રેસ્ડ)</li><li><strong>ઈમેજ અપલોડ મર્યાદા</strong>: દરેક પ્રોડક્ટ માટે <strong>5 ઈમેજ</strong> સુધી</li><li><strong>કીંમત</strong>:<ul><li><strong>₹500 પ્રતિ મહિનો</strong></li><li><strong>₹4500 પ્રતિ વર્ષ</strong> (વાર્ષિક પ્લાન સાથે વધુ બચત કરો!)</li></ul></li><li><strong>લિસ્ટિંગ પ્રાથમિકતા</strong>: <strong>પહેલાવહેલા, પહેલા પામે</strong> ધોરણે તમારી સ્ટોરને પ્રાથમિકતાવાળી શ્રેણીમાં ટોચ પર સ્થાન મળશે</li></ul><p><strong>ગોલ્ડન પ્લાન</strong> તે વેન્ડરો માટે સંપૂર્ણ છે, જે વધુ દેખાવ અને તેમના પ્રોડક્ટ્સ પ્રદર્શિત કરવા માટે લવચીકતા શોધી રહ્યા છે.</p>','<p>અમે તમારી ચુકવણી પ્રક્રિયા સરળ અને અનુકૂળ બનાવી છે:</p><ol><li><strong>ચુકવણી વિકલ્પો</strong>:<ul><li>આપેલા <strong>QR કોડ</strong> દ્વારા ચુકવણી કરો.</li><li>વૈકલ્પિક રીતે, તમે શેર કરેલી <strong>બેંક વિગતો</strong>નો પણ ઉપયોગ કરી શકો છો.</li></ul></li><li><strong>ચુકવણીની પુષ્ટિ કરો</strong>:<ul><li>ચુકવણી કર્યા પછી, <strong>ચુકવણીની રસીદ</strong> Fingertips ના વોટ્સએપ નંબર પર મોકલો.</li><li>રસીદ સાથે નીચેની વિગતો શામેલ કરો:<ul><li><strong>પ્લાનની વિગતો</strong> (પસંદ કરેલ પ્લાન)</li><li><strong>સ્ટોરની વિગતો</strong> (વેન્ડરનું નામ અને સ્ટોરનું નામ)</li><li><strong>ચુકવણીની રકમ</strong></li></ul></li></ul></li><li><strong>પ્લાન સક્રિય કરવું</strong>:<ul><li><p>તમારી ચુકવણીની પુષ્ટિ થયા પછી, પસંદ કરેલા પ્લાન અનુસાર તમારું સ્ટોર સક્રિય કરવામાં આવશે.</p><p>આ તમને અમારી પ્લેટફોર્મ પર તમારું સ્ટોર શરૂ કરવા અથવા અપગ્રેડ કરવા માટે એક <strong>સુગમ અને સરળ પ્રક્રિયા</strong> પૂરું પાડે છે.</p><p>Whatsapp: +91 6352330228</p></li></ul></li></ol>',500.00,4500.00,0,1,1,0,'2024-08-11 17:19:14','2025-04-14 18:26:44'),(4,'silver member','સિલ્વર પ્લાન',3,'300',1,'1','<p><strong>Silver Plan</strong><br>Upgrade to our <strong>Silver Plan</strong> and enjoy enhanced features for your store:</p><ul><li><strong>Storage</strong>: 1GB actual storage (300MB compressed)</li><li><strong>Image Upload Limit</strong>: Up to <strong>3 images per product</strong></li><li><strong>Pricing</strong>:<ul><li><strong>₹300 per month</strong></li><li><strong>₹3000 annually</strong> (save more with the yearly plan!)</li></ul></li><li><strong>Store Listing Priority</strong>: Get higher priority in store listings, just after Golden members</li></ul><p>The Silver Plan is perfect for vendors who want to expand their reach and showcase their products more effectively.</p>','<p>We have made the payment process simple and convenient:</p><ol><li><strong>Payment Options</strong>:<ul><li>Use the <strong>QR code</strong> provided for payment.</li><li>Alternatively, you can use the <strong>bank details</strong> shared.</li></ul></li><li><strong>Confirm Payment</strong>:<ul><li>After making the payment, send the <strong>payment receipt</strong> to the Fingertips WhatsApp number.</li><li>Along with the receipt, include the following details:<ul><li><strong>Plan Details</strong> (selected plan)</li><li><strong>Store Details</strong> (vendor name and store name)</li><li><strong>Payment Amount</strong></li></ul></li></ul></li><li><strong>Plan Activation</strong>:<ul><li>Once your payment is confirmed, your store will be activated as per the selected plan.</li></ul></li></ol><p>This ensures a seamless experience to start or upgrade your store on our platform.</p><p>Whatsapp: +91 6352330228</p>','<p><strong>સિલ્વર પ્લાન</strong><br>અમારા <strong>સિલ્વર પ્લાન</strong> સાથે તમારા સ્ટોર માટે વધુ સુવિધાઓનો લાભ મેળવો:</p><ul><li><strong>સ્ટોરેજ</strong>: 1GB વાસ્તવિક સ્ટોરેજ (300MB કોમ્પ્રેસ્ડ)</li><li><strong>ઈમેજ અપલોડ મર્યાદા</strong>: દરેક પ્રોડક્ટ માટે <strong>3 ઈમેજ</strong> સુધી</li><li><strong>કીંમત</strong>:<ul><li><strong>₹300 પ્રતિ મહિનો</strong></li><li><strong>₹2500 પ્રતિ વર્ષ</strong> (વાર્ષિક પ્લાન સાથે વધુ બચત કરો!)</li></ul></li><li><strong>સ્ટોર લિસ્ટિંગ પ્રાથમિકતા</strong>: <strong>ગોલ્ડન મેમ્બર્સ</strong> પછી તમારી સ્ટોર લિસ્ટિંગને વધુ પ્રાથમિકતા મળે છે</li></ul><p><strong>સિલ્વર પ્લાન</strong> તેમના માટે પરિપૂર્ણ છે જે તેમના સ્ટોરને વધુ પ્રભાવશાળી બનાવવાનું ઇચ્છે છે અને વધુ ગ્રાહકો સુધી પહોંચવા માંગે છે.</p>','<p>અમે તમારી ચુકવણી પ્રક્રિયા સરળ અને અનુકૂળ બનાવી છે:</p><ol><li><strong>ચુકવણી વિકલ્પો</strong>:<ul><li>આપેલા <strong>QR કોડ</strong> દ્વારા ચુકવણી કરો.</li><li>વૈકલ્પિક રીતે, તમે શેર કરેલી <strong>બેંક વિગતો</strong>નો પણ ઉપયોગ કરી શકો છો.</li></ul></li><li><strong>ચુકવણીની પુષ્ટિ કરો</strong>:<ul><li>ચુકવણી કર્યા પછી, <strong>ચુકવણીની રસીદ</strong> Fingertips ના વોટ્સએપ નંબર પર મોકલો.</li><li>રસીદ સાથે નીચેની વિગતો શામેલ કરો:<ul><li><strong>પ્લાનની વિગતો</strong> (પસંદ કરેલ પ્લાન)</li><li><strong>સ્ટોરની વિગતો</strong> (વેન્ડરનું નામ અને સ્ટોરનું નામ)</li><li><strong>ચુકવણીની રકમ</strong></li></ul></li></ul></li><li><strong>પ્લાન સક્રિય કરવું</strong>:<ul><li>તમારી ચુકવણીની પુષ્ટિ થયા પછી, પસંદ કરેલા પ્લાન અનુસાર તમારું સ્ટોર સક્રિય કરવામાં આવશે.</li></ul></li></ol><p>આ તમને અમારી પ્લેટફોર્મ પર તમારું સ્ટોર શરૂ કરવા અથવા અપગ્રેડ કરવા માટે એક <strong>સુગમ અને સરળ પ્રક્રિયા</strong> પૂરું પાડે છે.</p><p>Whatsapp: +91 6352330228</p>',300.00,3000.00,0,1,1,0,'2024-10-05 16:11:40','2024-12-12 18:02:55'),(5,'Demo Plan','demo',2,'800',0,'1','<p>None</p>','<p>None</p>','<p>None</p>','<p>None</p>',29.00,129.00,0,1,1,1,'2024-10-26 18:37:13','2024-10-26 18:37:13'),(6,'golden plan','ગોલ્ડન પ્લાન',10,'10',1,'2','<p>english benefits</p><p>&nbsp;</p>','<p>english payment procedure</p>','<p>ગુજરાતી બેનએફિટ્સ&nbsp;</p>','<p>ગુજરાતી પેમેન્ટ પ્રોસીજર&nbsp;</p>',100.00,1000.00,0,1,0,0,'2024-10-30 10:41:45','2024-12-12 18:02:55'),(7,'free tier','ફ્રી પ્લાન',5,'10',1,'2','<h3><strong>Benefits for Service Providers (Free)</strong></h3><ul><li><strong>No Cost</strong>: Enjoy all features of the platform completely <strong>free</strong>.</li><li><strong>Profile Setup</strong>: Create and manage your service profile, including details like service type, name, address, contact information, and images of your work.</li><li><strong>Increased Visibility</strong>: Display your services to local users and potential customers, helping you reach a wider audience.</li><li><strong>Customer Interaction</strong>: Receive inquiries, reviews, ratings, and messages directly from users interested in your services.</li><li><strong>No Commitment</strong>: Service providers can use the platform with <strong>no upfront cost</strong> and explore the benefits of expanding their business online.</li></ul><h3>&nbsp;</h3>','<h3><strong>Payment Procedure (For Future Upgrades)</strong></h3><ul><li><strong>Current Plan</strong>: Service providers are on a <strong>free plan</strong> for now.</li><li><strong>Upgrade Option</strong>: Once a premium plan is available, you can choose from different subscription options to unlock additional features like increased visibility, more image uploads, and advanced promotional tools.</li><li><strong>Payment</strong>: For the future, payments can be made via <strong>QR codes</strong> or <strong>bank transfer</strong>, and after making the payment, you will need to confirm the transaction by submitting the <strong>payment receipt</strong> along with your profile and service details (name, service type, amount paid).</li><li><strong>Confirmation &amp; Activation</strong>: Once payment is confirmed, your service profile will be upgraded as per the selected plan.</li></ul>','<h3><strong>સેવા પ્રદાતાઓ માટે ફાયદા (મફત)</strong></h3><ul><li><strong>કોઈ ખર્ચ નથી</strong>: પ્લેટફોર્મની તમામ સુવિધાઓ <strong>મફતમાં</strong>નો અનુભવ કરો.</li><li><strong>પ્રોફાઇલ સેટઅપ</strong>: તમારી સેવા પ્રોફાઇલ બનાવી અને સંચાલિત કરો, જેમાં સેવા પ્રકાર, નામ, સરનામું, સંપર્ક માહિતી અને તમારી કામગીરીની છબીનો સમાવેશ થાય છે.</li><li><strong>વધુ દેખાવ</strong>: તમારી સેવાઓને સ્થાનિક યુઝર્સ અને સંભવિત ગ્રાહકોને પ્રદર્શિત કરો, જે તમારા વ્યવસાયને વિસ્તૃત કરવામાં મદદ કરશે.</li><li><strong>ગ્રાહક સંલગ્નતા</strong>: યુઝર્સમાંથી પૂછપરછ, સમીક્ષાઓ, રેટિંગ્સ અને સંદેશાઓ મેળવો, જે તમારી સેવાઓમાં રસ ધરાવનારા છે.</li><li><strong>કોઈ પ્રતિબદ્ધતા નથી</strong>: સેવા પ્રદાતાઓ <strong>કોઈ અગ્રિમ ખર્ચ વગર</strong> પ્લેટફોર્મનો ઉપયોગ કરી શકે છે અને તેમના વ્યવસાયને ઓનલાઈન વિસ્તૃત કરવાની સુવિધા મેળવે છે.</li></ul>','<h3><strong>ચુકવણી પ્રક્રિયા (ભવિષ્યના અપગ્રેડ માટે)</strong></h3><ul><li><strong>હાલનો પ્લાન</strong>: સેવા પ્રદાતાઓ હાલ <strong>મફત પ્લાન</strong> પર છે.</li><li><strong>અપગ્રેડ વિકલ્પ</strong>: જેમજેમ પ્રીમિયમ પ્લાન ઉપલબ્ધ થશે, તમે વિવિધ સબ્સ્ક્રિપ્શન વિકલ્પોમાંથી પસંદ કરી શકો છો, જેમ કે વધારાની વિઝીબિલિટી , વધુ છબી અપલોડ અને વિકાસશીલ પ્રમોશનલ ટૂલ્સ.</li><li><strong>ચુકવણી</strong>: ભવિષ્ય માટે, ચુકવણી <strong>QR કોડ</strong> અથવા <strong>બેંક ટ્રાન્સફર</strong> દ્વારા કરી શકાય છે, અને ચુકવણી પછી, <strong>ચુકવણી રસીદ</strong> અને તમારી પ્રોફાઇલ અને સેવા વિગતો (નામ, સેવા પ્રકાર, ચુકવણીની રકમ) સાથેની પુષ્ટિ મોકલવી પડશે.</li><li><strong>પુષ્ટિ અને સક્રિયકરણ</strong>: એકવાર ચુકવણી પુષ્ટિ થયા પછી, તમારી સેવા પ્રોફાઇલ પસંદ કરેલા પ્લાન અનુસાર અપગ્રેડ કરી દેવામાં આવશે.</li></ul>',0.00,0.00,1,1,1,0,'2024-10-30 10:41:45','2024-12-23 16:56:45'),(8,'silver plan','સિલ્વર પ્લાન',5,'10',1,'2','<p>english benefits&nbsp;</p>','<p>english payment procedure&nbsp;</p>','<p>ગુજરાતી બેનિફિટ્સ&nbsp;</p>','<p>ગુજરાતી પેમેન્ટ પ્રોસીજર&nbsp;</p>',200.00,1800.00,0,1,0,0,'2024-10-30 10:41:45','2024-12-12 18:02:55'),(9,'Testtt','Testttttt',5,'5',1,'2','<p>Testingggg</p>','<p>Google Pay</p>','<p>Testingggg</p>','<p>Google pay</p>',10.00,100.00,0,0,0,1,'2025-04-14 18:26:44','2025-04-14 18:28:14');

--
-- Table structure for table `tbl_user_contacts`
--

CREATE TABLE `tbl_user_contacts` (
  `id` int NOT NULL AUTO_INCREMENT,
  `user_id` int NOT NULL,
  `en_name` varchar(164) COLLATE utf8mb4_general_ci NOT NULL,
  `guj_name` varchar(164) COLLATE utf8mb4_general_ci NOT NULL,
  `email` varchar(164) COLLATE utf8mb4_general_ci NOT NULL,
  `phone` varchar(164) COLLATE utf8mb4_general_ci NOT NULL,
  `comment` text COLLATE utf8mb4_general_ci NOT NULL,
  `is_pending` tinyint NOT NULL DEFAULT '0',
  `status` int NOT NULL DEFAULT '1' COMMENT '1 => Active, 0 => In-active',
  `is_deleted` int NOT NULL DEFAULT '0' COMMENT '0 => Not Deleted, 1 => Deleted	',
  `createdAt` datetime NOT NULL DEFAULT CURRENT_TIMESTAMP,
  `updatedAt` datetime NOT NULL DEFAULT CURRENT_TIMESTAMP ON UPDATE CURRENT_TIMESTAMP,
  PRIMARY KEY (`id`)
) ENGINE=InnoDB AUTO_INCREMENT=7 DEFAULT CHARSET=utf8mb4 COLLATE=utf8mb4_general_ci;

--
-- Dumping data for table `tbl_user_contacts`
--

INSERT INTO `tbl_user_contacts` VALUES (1,14,'User002','User002','user003@gmail.com','1002999999','testing',1,1,0,'2024-11-19 19:10:49','2024-11-25 15:23:53'),(2,17,'Hm','Hm','HM@gmail.com','2469999999','good',1,1,0,'2024-11-19 19:53:41','2025-01-16 18:40:05'),(3,36,'Ambaliya mayur','Ambaliya mayur','ambaliyamayurb@gmail.com','9601181484','hello I having issues while login',1,1,0,'2024-11-25 15:23:53','2025-01-16 18:40:05'),(4,39,'Vajsi chavda','Vajsi chavda','vajsi123@gmail.com','9510567950','hi',1,1,0,'2024-11-25 15:23:53','2025-01-16 18:40:05'),(5,16,'Vendor3','Vendor3','vendor3@gmail.com','2399979979','hello',1,1,0,'2024-12-11 17:20:08','2025-01-16 18:40:05'),(6,0,'Hhsha','Hhsha','karanlagariya624@gmail.com','9586877125','hello',1,1,0,'2024-12-11 17:20:08','2025-01-16 18:40:05');

--
-- Table structure for table `tbl_user_details`
--

CREATE TABLE `tbl_user_details` (
  `id` int NOT NULL AUTO_INCREMENT,
  `user_id` int NOT NULL,
  `market_place_id` int NOT NULL,
  `category_id` int NOT NULL,
  `en_name` varchar(164) CHARACTER SET utf8mb4 COLLATE utf8mb4_general_ci NOT NULL,
  `guj_name` varchar(264) COLLATE utf8mb4_general_ci NOT NULL,
  `gstno` varchar(164) COLLATE utf8mb4_general_ci NOT NULL,
  `whatsapp_number` varchar(32) COLLATE utf8mb4_general_ci NOT NULL,
  `address_line_1` text COLLATE utf8mb4_general_ci NOT NULL,
  `address_line_2` text COLLATE utf8mb4_general_ci NOT NULL,
  `latitude` varchar(64) COLLATE utf8mb4_general_ci NOT NULL,
  `longitude` varchar(64) COLLATE utf8mb4_general_ci NOT NULL,
  `landmark` text COLLATE utf8mb4_general_ci,
  `profile_image` text COLLATE utf8mb4_general_ci,
  `image` text COLLATE utf8mb4_general_ci NOT NULL,
  `en_work_details` text COLLATE utf8mb4_general_ci NOT NULL,
  `guj_work_details` text COLLATE utf8mb4_general_ci NOT NULL,
  `state` varchar(64) COLLATE utf8mb4_general_ci NOT NULL,
  `city` varchar(64) COLLATE utf8mb4_general_ci NOT NULL,
  `pincode` varchar(164) COLLATE utf8mb4_general_ci NOT NULL,
  `view_count` int NOT NULL DEFAULT '0',
  `type` enum('store','service') COLLATE utf8mb4_general_ci NOT NULL DEFAULT 'store',
  `is_premium` tinyint(1) NOT NULL DEFAULT '0',
  `subscription_id` int NOT NULL,
  `sorting` int NOT NULL DEFAULT '1',
  `status` tinyint(1) NOT NULL DEFAULT '1',
  `is_approved` tinyint(1) NOT NULL DEFAULT '0' COMMENT '0=pending,1=approve,2=reject',
  `is_deleted` tinyint(1) NOT NULL DEFAULT '0',
  `is_sorting` int NOT NULL DEFAULT '1',
  `used_space` bigint NOT NULL DEFAULT '0',
  `storage_limit` bigint NOT NULL DEFAULT '0',
  `createdAt` datetime NOT NULL DEFAULT CURRENT_TIMESTAMP,
  `updatedAt` datetime NOT NULL DEFAULT CURRENT_TIMESTAMP ON UPDATE CURRENT_TIMESTAMP,
  PRIMARY KEY (`id`)
) ENGINE=InnoDB AUTO_INCREMENT=126 DEFAULT CHARSET=utf8mb4 COLLATE=utf8mb4_general_ci;

--
-- Dumping data for table `tbl_user_details`
--

INSERT INTO `tbl_user_details` VALUES (1,1,1,7,'ABC cloth store','ABC ક્લોથ સ્ટોર','','9586877125','102','Sector Road','28.5030264','76.99222089999999',NULL,NULL,'https://new-finger-tips.s3.ap-south-1.amazonaws.com/user_photo/IMG_1731859447888.jpg','','','Gurugram','Daulatabad','361316',0,'store',0,0,1,1,1,1,0,146862,500000000,'2024-11-17 16:03:35','2024-12-12 18:02:55'),(2,2,1,7,'Abc','Abc','','9586877125','102','Sector Road','28.5030264','76.99222089999999',NULL,NULL,'https://new-finger-tips.s3.ap-south-1.amazonaws.com/user_photo/IMG_1731859732931.jpg','','','Gurugram','Daulatabad','361316',0,'store',0,0,1,1,1,1,0,0,500000000,'2024-11-17 16:03:35','2024-12-12 18:02:55'),(3,4,1,5,'Denim Tailor','ડેનિમ દરજી','','9586877125','102','RAF Camp Road','19.07538','73.08658539999999','','https://new-finger-tips.s3.ap-south-1.amazonaws.com/user_photo/IMG_1731865444126.jpg','https://new-finger-tips.s3.ap-south-1.amazonaws.com/products/IMG_1731865605806.jpg,https://new-finger-tips.s3.ap-south-1.amazonaws.com/products/IMG_1731865606844.jpg,https://new-finger-tips.s3.ap-south-1.amazonaws.com/products/IMG_1731865607484.jpg,https://new-finger-tips.s3.ap-south-1.amazonaws.com/products/IMG_1731865608083.jpg,https://new-finger-tips.s3.ap-south-1.amazonaws.com/products/IMG_1731865608784.jpg,https://new-finger-tips.s3.ap-south-1.amazonaws.com/products/IMG_1731865609564.jpg,https://new-finger-tips.s3.ap-south-1.amazonaws.com/products/IMG_1731865610577.jpg,https://new-finger-tips.s3.ap-south-1.amazonaws.com/products/IMG_1731865611329.jpg','Lady\'s specialist','Lady\'s specialist','Sector 38','Taloje Panchanand','316616',7,'service',0,0,1,1,1,1,0,0,20000000,'2024-11-17 16:03:35','2024-12-12 18:02:55'),(4,6,1,7,'joy clothing','joy clothing guj','1123123123','9393939393','302, Banaswadi Main Road','Banaswadi','13.008237','77.641598',NULL,NULL,'IMG_1731950722389.jpg','','','Karnataka','Bengaluru','560033',0,'store',0,3,1,1,1,1,0,7602870,300000000,'2024-11-17 16:03:35','2024-12-12 18:02:55'),(5,13,1,5,'Devil Tailor','ડેવિલ ટેલર','','9586877125','102','Emaar Imperial Gardens Sector Road','28.4791632','76.96856330000001','','https://new-finger-tips.s3.ap-south-1.amazonaws.com/user_photo/IMG_1731866472045.jpg','https://new-finger-tips.s3.ap-south-1.amazonaws.com/products/IMG_1731866507833.jpg,https://new-finger-tips.s3.ap-south-1.amazonaws.com/products/IMG_1731866508774.jpg,https://new-finger-tips.s3.ap-south-1.amazonaws.com/products/IMG_1731866509473.jpg,https://new-finger-tips.s3.ap-south-1.amazonaws.com/products/IMG_1731866510114.jpg,https://new-finger-tips.s3.ap-south-1.amazonaws.com/products/IMG_1731866510837.jpg','Gent\'s specialist','Gent\'s specialist','Gurugram','Sector 102','123154',6,'service',0,0,1,1,1,1,0,0,10000000,'2024-11-17 16:03:35','2024-12-12 18:02:55'),(6,2,1,7,'Xyz','Xyz','','9586877125','201 B','Mahatma Gandhi Road','22.581458','88.3530464',NULL,NULL,'IMG_1731931699961.jpg','','','Bara Bazar','Raja Katra','316164',0,'store',0,0,1,1,1,1,0,0,500000000,'2024-11-17 16:03:35','2024-12-12 18:02:55'),(7,15,1,5,'New Trends Tailor','new trends tailor','','7474747447','302, Banaswadi Main Road','Banaswadi','13.008237','77.641598','','IMG_1731952429544.jpg','IMG_1731952443770.jpg,IMG_1731952444559.jpg','Tailasdasda sasdasdasdadasdxasxdasdasdadasd adasdadads','Tailasdasda sasdasdasdadasdxasxdasdasdadasd adasdadads','Karnataka','Bengaluru','560033',4,'service',0,0,1,1,1,1,0,0,10000000,'2024-11-18 17:28:33','2024-12-12 18:02:55'),(8,16,1,7,'Yuva store','યુવા સ્ટોર','','9586877125','301019','Sector 8 Road','28.1959382','76.8365456',NULL,NULL,'IMG_1734026723509.jpg','','','U.I.T.','Sector 8','215545',0,'store',0,0,1,1,1,1,0,1334855,300000000,'2024-11-18 17:28:33','2024-12-12 18:02:55'),(9,17,1,12,'Hm mobile','એચ એમ મોબાઈલ','','9586877125','301019','Sector 8 Road','28.1959382','76.8365456',NULL,NULL,'IMG_1732013465601.jpg','','','U.I.T.','Sector 8','316616',0,'store',0,0,1,1,1,1,0,580487,500000000,'2024-11-18 17:28:33','2024-12-12 18:02:55'),(10,17,1,13,'Krush jewels','કૃષ જ્વેલસ','','9586877125','301','Udyog Vihar II Road','28.5068834','77.087878',NULL,NULL,'IMG_1732019584249.jpg','','','Udyog Vihar','Phase II','361315',0,'store',0,0,1,1,1,1,0,1833335,700000000,'2024-11-18 17:28:33','2024-12-12 18:02:55'),(11,17,1,8,'Hardware1','હાર્ડવેર1','','9586877125','102','Sector Road','28.5030264','76.99222089999999',NULL,NULL,'IMG_1732047943671.jpg','','','Gurugram','Daulatabad','125369',0,'store',0,0,1,1,1,1,0,0,300000000,'2024-11-19 19:53:40','2024-12-12 18:02:55'),(12,17,1,7,'C1','C1','','9586877125','201 B','Mahatma Gandhi Road','22.581458','88.3530464',NULL,NULL,'IMG_1732048286402.jpg','','','Bara Bazar','Raja Katra','361364',0,'store',0,0,1,1,1,1,0,48873,300000000,'2024-11-19 19:53:40','2024-12-12 18:02:55'),(13,24,1,7,'AB cloth','એ બી ક્લોથ','Gstin number','6352330228','Khambhalia - Lalpur Road','Lalpur','22.1879774','69.9558387',NULL,NULL,'IMG_1732255009514.jpg','','','India','Gujarat','360000',0,'store',0,0,1,1,1,1,0,0,300000000,'2024-11-20 17:38:43','2024-12-12 18:02:55'),(14,6,1,13,'Reyansh Jewellery','Retansh guj','sbshahha','9494949494','235','J. P. Nagar','12.9010157','77.5815893',NULL,NULL,'IMG_1732299665141.jpg','','','Karnataka','Bengaluru','560092',0,'store',0,0,1,1,1,1,0,0,700000000,'2024-11-22 18:18:58','2024-12-12 18:02:55'),(15,4,1,15,'Lic Insurance','Lic Guj','','9494949764','235','J. P. Nagar','0.0','0.0',NULL,'IMG_1732299931562.jpg','IMG_1732300979270.jpg,IMG_1732300979988.jpg','Nsjsjsisd\nD\nDdkdkekkwked\nDkdkekekeke','Nsjsjsisd\nD\nDdkdkekkwked\nDkdkekekeke','Karnataka','Bengaluru','560092',0,'service',0,0,1,1,0,1,1,77807,20000000,'2024-11-22 18:18:58','2024-12-12 18:02:55'),(16,17,1,12,'Nuvan mobile','નુવાન મોબાઈલ','','9586877125','401208','Hawai Pada Road','19.41728609999999','72.84481079999999',NULL,NULL,'IMG_1732358157504.jpg','','','Nalasopara East','gavraipada village','131661',0,'store',0,0,1,1,1,1,0,0,500000000,'2024-11-22 18:18:58','2024-12-12 18:02:55'),(17,17,1,13,'Aditi jewels','અદિતિ જ્વેલ્સ','','9586877125','304','Gyan Khand 1','28.6395838','77.35047030000001',NULL,NULL,'IMG_1732359716822.jpg','','','Ghaziabad','Indirapuram','361361',0,'store',0,0,1,1,1,1,1,67537,500000000,'2024-11-22 18:18:58','2024-12-12 18:02:55'),(18,17,1,13,'Sivalik jewels','શિવાલિક જવેલસ','','9586877125','502319','Degloor - Hyderabad Road','17.5290525','78.26395219999999',NULL,NULL,'IMG_1732362005934.jpg','','','Patancheruvu','Shanthi Nagar','316436',0,'store',0,0,1,1,1,1,1,0,300000000,'2024-11-22 18:18:58','2024-12-12 18:02:55'),(19,16,20,7,'Shop','Ahop','','9586877125','201 B','Mahatma Gandhi Road','22.581458','88.3530464',NULL,NULL,'IMG_1732679598850.jpg','','','Bara Bazar','Raja Katra','316166',0,'store',0,0,1,0,1,1,1,155776,300000000,'2024-11-25 15:23:53','2024-12-12 18:02:55'),(20,36,1,10,'Banshi electric','Banshi electric','','9601181484','201 B','Mahatma Gandhi Road','22.581458','88.3530464',NULL,NULL,'IMG_1732775068432.jpg','','','Bara Bazar','Raja Katra','316169',0,'store',0,0,1,1,1,1,0,267114,700000000,'2024-11-25 15:23:53','2024-12-12 18:02:55'),(21,40,1,5,'Avadh Tailor','અવધ ટેઈલર','','9586877125','125','Sector Road','28.54819579999999','77.3222463','','IMG_1732852383272.jpg','IMG_1732852508585.jpg,IMG_1732852509799.jpg,IMG_1732852511012.jpg,IMG_1732852511878.jpg,IMG_1732852512893.jpg','Ladies specialist','Ladies specialist','Noida','Sector 124','316316',0,'service',0,0,1,1,0,1,1,0,20000000,'2024-11-25 15:23:53','2024-12-12 18:02:55'),(22,41,1,5,'Avadh Tailor','અવધ ટેઈલર','','9586877125','205','Rabindra Sarani','22.5813405','88.3570585','','IMG_1732852834322.jpg','IMG_1732852870045.jpg,IMG_1732852871145.jpg,IMG_1732852872373.jpg,IMG_1732852873477.jpg,IMG_1732852874584.jpg,IMG_1732852875665.jpg','Ladies specialist','Ladies specialist','Bara Bazar','Raja Katra','361364',5,'service',0,0,1,1,1,1,1,0,20000000,'2024-11-25 15:23:53','2024-12-12 18:02:55'),(23,16,19,7,'Khambhaliya cloth','ખંભાળિયા ક્લોથ','','9586877125','102','Sector Road','28.5030264','76.99222089999999',NULL,NULL,'IMG_1733195439583.jpg','','','Gurugram','Daulatabad','361315',0,'store',0,0,1,0,1,1,1,105607,300000000,'2024-12-02 18:28:06','2024-12-12 18:02:55'),(24,16,1,8,'Shop','Shop','','9586877125','102','Sector Rd','28.5388417','77.3932062',NULL,NULL,'IMG_1733996605067.jpg','','','Sector 102','Salarpur Khadar','361315',0,'store',0,0,1,1,1,1,1,0,300000000,'2024-12-11 17:20:08','2024-12-12 18:02:55'),(25,56,22,7,'Cloth central','કલોથ સેન્ટ્રલ','','9586877125','102','Sector Road','28.5030264','76.99222089999999',NULL,NULL,'IMG_1734244584174.jpg','','','Gurugram','ulatabad','361315',0,'store',0,0,1,1,1,1,1,455540,300000000,'2024-12-12 18:02:55','2024-12-15 19:47:54'),(26,58,22,7,'Vivek Store','Vivek stoee','gatin123445678','8490024897','JP Nagar Industrial Area Road','3rd Phase','12.9099394','77.6000284',NULL,NULL,'IMG_1734249428865.jpg','','','Bengaluru','J. P. Nagar','560078',0,'store',0,0,1,1,0,1,1,0,300000000,'2024-12-12 18:02:55','2024-12-15 19:47:54'),(27,59,22,8,'Ss','Ss','','9586877125','2024','22nd C Main Road','12.9144153','77.6482889',NULL,NULL,'IMG_1734249739103.jpg','','','1st Sector','Vanganahalli','361316',0,'store',0,0,1,1,0,1,1,0,300000000,'2024-12-12 18:02:55','2024-12-15 19:47:54'),(28,61,23,12,'Hmt mobile','Hmt mobile','','8866948888','Milan Society Road','Mahavirnagar','23.5948735','72.9690443',NULL,NULL,'IMG_1734255819104.jpg','','','Gujarat','Himatnagar','360001',0,'store',0,0,1,1,1,1,1,0,100000000,'2024-12-12 18:02:55','2024-12-15 19:47:54'),(29,62,22,22,'Shiv Advisor','શિવ એડવાયઝર','','9586877125','2024','22nd C Main Road','12.9144153','77.6482889','','IMG_1734261153130.jpg','IMG_1734261224176.jpg,IMG_1734261224877.jpg','Loan related works','Loan related works','1st Sector','Vanganahalli','361316',0,'service',0,0,1,1,0,1,1,0,20000000,'2024-12-12 18:02:55','2024-12-23 16:35:25'),(30,64,22,7,'Testing vendor','Heyy','','9638527411','Testing Track','Bikshapathi Nagar','17.4718875','78.3650554',NULL,NULL,'IMG_1734290387631.jpg','','','Kondapur','Hafeezpet','380015',0,'store',0,0,1,1,0,1,1,0,100000000,'2024-12-12 18:02:55','2024-12-15 19:42:36'),(31,65,22,10,'Bansi electric','બંસી ઇલેક્ટ્રિક','','9601181484','Bansi electric','beside shree ram tyre, station road','22.0912064','69.2732617',NULL,NULL,'IMG_1734328494883.jpg','','','Gujarat','Bhatiya','361315',0,'store',0,0,1,1,1,0,1,408822,100000000,'2024-12-15 19:47:54','2024-12-23 16:56:45'),(32,66,22,23,'Shyam R.O. system','શ્યામ આર.ઑ. સિસ્ટમ','','9664880435','37W8','station road, radhe complex, first floar,bhatiya','22.0905291','69.2742932','bhatiya',NULL,'IMG_1734344737400.jpg','','','Gujarat','Bhatiya','361315',0,'store',0,0,1,1,1,0,1,343017,100000000,'2024-12-15 19:47:54','2024-12-17 17:32:39'),(33,67,23,8,'Test store','Test store','','8529631470','Ahmedabad - Vadodara Expressway','Laxmi Narayan Society','22.9871147','72.63060010000001',NULL,NULL,'IMG_1734358840321.jpg','','','Ahmedabad','Jashoda Nagar','380015',0,'store',0,0,1,1,0,1,1,0,100000000,'2024-12-15 19:47:54','2024-12-15 19:47:54'),(34,68,22,7,'Test','Test','','6464346134','102','Sector Road','28.5030264','76.99222089999999',NULL,NULL,'IMG_1734359227064.jpg','','','Gurugram','Daulatabad','316464',0,'store',0,0,1,1,0,1,1,0,100000000,'2024-12-15 19:47:54','2024-12-15 19:47:54'),(35,69,23,18,'Om enterprises','Om enterprises','','9510567950','shop no 10 near Milan char rshta','ok','0.0','0.0',NULL,NULL,'IMG_1734360231826.jpg','','','gujrat','khambhaliya','361305',0,'store',0,0,1,1,0,1,1,0,100000000,'2024-12-15 19:47:54','2024-12-15 19:47:54'),(36,68,22,7,'Yyy','Hhh','','3636363669','102','Sector Road','28.5030264','76.99222089999999',NULL,NULL,'IMG_1734364551976.jpg','','','Gurugram','Daulatabad','316646',0,'store',0,0,1,1,0,1,1,0,100000000,'2024-12-15 19:47:54','2024-12-15 19:47:54'),(37,71,22,10,'Online Store','ઓનલાઇન સ્ટોર','','9978666349','Main Bazar Road','Bhatiya','22.0921076','69.27191979999999',NULL,NULL,'IMG_1734398605077.jpg','','','India','Gujarat','361315',0,'store',0,0,1,1,0,1,1,0,100000000,'2024-12-15 19:47:54','2024-12-15 19:47:54'),(38,72,22,12,'WELCOME MOBILE','વેલ્કમ્ મોબાઈલ','','9737525525','37RC+FJV','police station ni same','22.0912469','69.2716102','main bajar',NULL,'IMG_1734412521424.jpg','','','Gujarat','Bhatiya','361315',0,'store',0,0,1,1,1,0,1,0,100000000,'2024-12-15 19:47:54','2024-12-15 19:47:54'),(39,74,22,7,'Mahadev Mens Wear','મહાદેવ મેન્સ વેર','','9426554854','radhe complex','Station Road','22.0910469','69.2744858',NULL,NULL,'IMG_1734433368820.jpg','','','Gujarat','Bhatiya','361315',0,'store',0,0,1,1,1,0,1,0,100000000,'2024-12-15 19:47:54','2024-12-23 16:56:45'),(40,78,22,7,'Shop','શોપ','','9586877125','Main Bazar Road','station road','18.6232677','73.79965109999999',NULL,NULL,'IMG_1734675709612.jpg','','','gujarat','bhatia','361315',0,'store',0,0,1,1,0,1,1,0,100000000,'2024-12-17 17:32:39','2024-12-17 17:32:39'),(41,79,22,7,'Shop','Shop','','9999999999','Main Bazar Road','station road','18.6232677','73.79965109999999',NULL,NULL,'IMG_1734676105667.jpg','','','gujarat','bhatia','361315',0,'store',0,0,1,0,1,1,1,0,100000000,'2024-12-17 17:32:39','2024-12-17 17:32:39'),(42,81,22,7,'Shop name','શોપનું નામ','','4694549496','Main Road','station road','23.3563363','85.32444129999999',NULL,NULL,'IMG_1734677638712.jpg','','','Gujarat','bhatia','361315',0,'store',0,0,1,0,1,1,1,0,100000000,'2024-12-17 17:32:39','2024-12-23 16:35:25'),(43,83,22,26,'Studio','સ્ટુડિયો','','9904713008','Babaja - Kharibil Road','Babaja','20.2308795','86.0575391','','IMG_1734775352200.jpg','IMG_1734775395106.jpg','Movie','Movie','India','Odisha','361315',0,'service',0,0,1,1,1,1,1,0,10000000,'2024-12-17 17:32:39','2024-12-23 16:56:45'),(44,84,22,26,'Vivek Studios','Vivek Studio','','8490024897','Nethravathi Nilayam','J. P. Nagar','12.9008855','77.5815726','','IMG_1734776999225.jpg','IMG_1734777018716.jpg,IMG_1734777019110.jpg','Description','Description','Karnataka','Bengaluru','560078',0,'service',0,0,1,1,0,1,1,0,10000000,'2024-12-17 17:32:39','2024-12-23 16:56:45'),(45,86,22,7,'Shop name','Store name','','9999999999','block store','road area street name','28.5030264','76.99222089999999',NULL,NULL,'IMG_1734880272621.jpg','','','gujarat','city','361315',0,'store',0,0,1,1,0,1,1,0,100000000,'2024-12-17 17:32:39','2024-12-23 16:35:25'),(46,87,23,7,'Test','Test','','9638527410','Amul Garden','Ayojan Nagar','23.0150268','72.5331121',NULL,NULL,'IMG_1734971497522.jpg','','','Gujarat','Ahmedabad','380015',0,'store',0,0,1,1,0,1,1,0,100000000,'2024-12-17 17:32:39','2024-12-17 17:32:39'),(47,88,22,5,'Hwhs','Suus','','4646646467','102','Sector Road','28.5030264','76.99222089999999','','IMG_1734972635363.jpg','IMG_1734972659541.jpg','Jajs','Jajs','Gurugram','Daulatabad','361466',0,'service',0,0,1,1,0,1,1,0,10000000,'2024-12-23 16:35:25','2024-12-23 17:12:07'),(48,89,22,5,'Hwhs','Suus','','4646646467','102','Sector Road','28.5030264','76.99222089999999','','IMG_1734972635363.jpg','IMG_1734972659541.jpg','Jajs','Jajs','Gurugram','Daulatabad','361466',0,'service',0,0,1,1,0,1,1,0,10000000,'2024-12-23 16:56:45','2024-12-23 17:12:07'),(49,90,22,5,'Service','Seva Name','','6496764649','102','Sector Road','28.5030264','76.99222089999999','','IMG_1734973702480.jpg','IMG_1734973736879.jpg','Enter work details','Enter work details','Gurugram','Daulatabad','361313',0,'service',0,0,1,1,0,1,1,0,10000000,'2024-12-23 16:56:45','2024-12-23 16:56:45'),(50,91,22,22,'Test','Testt','','8529637410','Amul Garden','Ayojan Nagar','23.015017','72.5331021','','IMG_1734974020723.jpg','IMG_1734974044242.jpg,IMG_1734974044497.jpg','Work details','Work details','Gujarat','Ahmedabad','380015',0,'service',0,0,1,1,0,1,1,0,10000000,'2024-12-23 16:56:45','2024-12-23 16:56:45'),(51,92,22,5,'Service','Seva','','9999999999','102','Sector Road','28.5030264','76.99222089999999','','IMG_1734974214323.jpg','IMG_1734974240622.jpg','Enter','Enter','Gurugram','Daulatabad','361315',0,'service',0,0,1,1,0,1,1,0,10000000,'2024-12-23 16:56:45','2024-12-23 16:56:45'),(52,93,22,5,'Service','Seva','','9999999999','102','Sector Road','28.5030264','76.99222089999999','','IMG_1734974214323.jpg','IMG_1734974240622.jpg','Enter','Enter','Gurugram','Daulatabad','361315',0,'service',0,0,1,1,0,1,1,0,10000000,'2024-12-23 16:56:45','2024-12-23 16:56:45'),(53,94,22,5,'Sr','Huw','','9999999999','102','Sector Road','28.5030264','76.99222089999999','','IMG_1734975856789.jpg','IMG_1734974240622.jpg','Wjjw','Wjjw','Gurugram','Daulatabad','136166',0,'service',0,0,1,1,0,1,1,0,10000000,'2024-12-23 16:56:45','2024-12-23 16:56:45'),(54,94,22,5,'Ser','Suue','','6764646616','102','Sector Road','0.0','0.0',NULL,'IMG_1734976084911.jpg','IMG_1734976108996.jpg','Gut','Gut','Gurugram','Daulatabad','686582',0,'service',0,0,1,1,2,1,1,0,10000000,'2024-12-23 16:56:45','2024-12-23 16:56:45'),(55,95,22,12,'Store name English ma','Store name Gujarati ma','','6464964664','Main Bazar Road','station road','18.6232677','73.79965109999999',NULL,NULL,'IMG_1735024126007.jpg','','','gujarat','bhatia','361315',0,'store',0,0,1,1,0,1,1,0,100000000,'2024-12-23 16:56:45','2024-12-23 16:56:45'),(56,96,22,12,'Store name English ma','Store name Gujarati ma','','6464964664','102','Sector Road','28.5030264','76.99222089999999',NULL,NULL,'IMG_1735024126007.jpg','','','Gurugram','Daulatabad','316614',0,'store',0,0,1,1,0,1,1,0,100000000,'2024-12-23 16:56:45','2024-12-23 16:56:45'),(57,97,23,12,'Shop','Shop','','8888800000','102','Sector Road','28.5030264','76.99222089999999',NULL,NULL,'IMG_1735024477845.jpg','','','Gurugram','Daulatabad','316316',0,'store',0,0,1,1,0,1,1,0,100000000,'2024-12-23 16:56:45','2024-12-26 17:13:42'),(58,100,23,28,'DWARKADHISH tyre','દ્વારકાધીશ ટાયર','','9979175291','6J7H+3GP','radhe pump ni same  dwarka jamnagar haywey','22.2124489','69.6294088','ahir Kanya chatralay bajuma',NULL,'IMG_1735038196118.jpg','','','Gujarat','jam khambhaliya','361305',0,'store',0,0,1,1,1,0,1,0,100000000,'2024-12-23 16:56:45','2024-12-23 16:56:45'),(59,102,22,5,'Good','Seva','','4643196494','102','Sector Road','28.5030264','76.99222089999999','','IMG_1735059881591.jpg','IMG_1735059901276.jpg','Good','Good','Gurugram','Daulatabad','316316',3,'service',0,0,1,1,0,1,1,0,10000000,'2024-12-24 16:58:29','2024-12-24 16:58:29'),(60,103,23,26,'Testing','Prayog','','9637448520','Amul Garden','Ayojan Nagar','23.0150172','72.5331027','','IMG_1735060300159.jpg','IMG_1735060336343.jpg','Details','Details','Gujarat','Ahmedabad','380015',0,'service',0,0,1,1,0,1,1,0,10000000,'2024-12-24 16:58:29','2024-12-24 16:58:29'),(61,104,22,26,'Service','Seva','','1316313164','102','RAF Camp Road','19.07538','73.08658539999999','','IMG_1735060711549.jpg','IMG_1735060738463.jpg','Enter work','Enter work','Sector 38','Taloje Panchanand','316346',0,'service',0,0,1,1,0,1,1,0,10000000,'2024-12-24 16:58:29','2024-12-24 16:58:29'),(62,106,22,12,'Shree Krishna telecom','શ્રી ક્રિષ્ના ટેલિકોમ','','9687301177','37RC+CHP','1st , Bus stop shop no - 2 , bhatiya','22.0908907','69.2713145','station road',NULL,'IMG_1735197455983.jpg','','','Gujarat','Bhatiya','361315',0,'store',0,0,1,1,1,0,1,0,100000000,'2024-12-25 13:15:29','2024-12-25 13:15:29'),(63,110,23,12,'Hello store','Store','','9635284170','Amul Garden','Ayojan Nagar','23.0150223','72.5331139',NULL,NULL,'IMG_1735453396967.jpg','','','Gujarat','Ahmedabad','380015',0,'store',0,0,1,1,0,1,1,0,100000000,'2024-12-26 17:13:42','2024-12-29 18:34:36'),(64,111,22,7,'Testing','Hshs','','8490024897','Nethravathi Nilayam','J. P. Nagar','12.9009011','77.5815883',NULL,NULL,'IMG_1735496452065.jpg','','','Karnataka','Bengaluru','560078',0,'store',0,0,1,1,0,1,1,0,100000000,'2024-12-29 18:10:16','2024-12-29 18:10:16'),(65,112,22,5,'Bsbsbs','Sbshsh','','8490024897','Nethravathi Nilayam','J. P. Nagar','12.9009057','77.5815882','','IMG_1735496566019.jpg','IMG_1735496585110.jpg,IMG_1735496585707.jpg','Sjns','Sjns','Karnataka','Bengaluru','560078',0,'service',0,0,1,1,0,1,1,0,10000000,'2024-12-29 18:10:16','2025-01-01 08:08:55'),(66,113,24,26,'Bhatt','Bhatt','','8524561230','Amul Garden','Ayojan Nagar','23.0150225','72.5331046','','IMG_1735496720784.jpg','IMG_1735496752027.jpg,IMG_1735496752236.jpg','Hello','Hello','Gujarat','Ahmedabad','380015',0,'service',0,0,1,1,0,1,1,0,10000000,'2024-12-29 18:10:16','2025-01-01 08:08:55'),(67,115,22,22,'Service','Seva','','5653356623','102','Sector Road','28.5030264','76.99222089999999','','IMG_1735501595850.jpg','IMG_1735501405872.jpg','Well','Well','Gurugram','Daulatabad','361315',6,'service',0,0,1,1,0,1,1,0,10000000,'2024-12-29 18:34:36','2025-01-16 18:40:05'),(68,115,22,22,'See','See','','9586877125','101','Sector 101 Metro Station Road','0.0','0.0',NULL,'IMG_1735524412724.jpg','IMG_1735524452913.jpg','Wol','Wol','Noida','Sector 101','366366',5,'service',0,0,1,1,0,1,1,0,10000000,'2024-12-29 18:34:36','2025-01-16 18:40:05'),(69,116,22,22,'Service','Seba','','5454245155','102','Sector Road','28.5030264','76.99222089999999','','IMG_1735530355559.jpg','IMG_1735530106942.jpg','Work','Work','Gurugram','Daulatabad','361315',0,'service',0,0,1,1,0,1,1,0,10000000,'2024-12-29 18:34:36','2025-01-10 11:47:16'),(70,117,22,22,'Service','Seva','','1661691946','102','Sector Road','28.5030264','76.99222089999999','','IMG_1735533365259.jpg','IMG_1735533387041.jpg','Enter work','Enter work','Gurugram','Daulatabad','361316',0,'service',0,0,1,1,0,1,1,0,10000000,'2024-12-29 18:34:36','2025-01-10 11:47:16'),(71,119,23,23,'S&P Worldwide','S&P Worldwide','','8140936636','Khambhaliya','Khambhaliya','21.398938','70.65534749999999',NULL,NULL,'IMG_1735653722622.jpg','','','India','Gujarat','361305',0,'store',0,0,1,1,1,0,1,1728451,100000000,'2024-12-29 18:34:36','2024-12-29 18:34:36'),(72,120,25,7,'Fingertips demo','ફિંગરટિપ્સ ડેમો','','6352330228','Main Road','Kanka','23.3563363','85.32444129999999',NULL,NULL,'IMG_1735712790376.jpg','','','gujarat','bhatia','361310',0,'store',0,0,1,0,1,1,1,0,100000000,'2024-12-29 18:34:36','2025-01-01 08:08:55'),(73,59,22,7,'Fingertips demo','ફિંગરટિપ્સ ડેમો','','1361313166','102','Sector Road','28.5030264','76.99222089999999',NULL,NULL,'IMG_1735717158636.jpg','','','gujara','bhatia','361310',0,'store',0,0,1,1,0,1,1,0,100000000,'2024-12-29 18:34:36','2025-01-01 08:08:55'),(74,121,25,7,'Fingertipsapp','ફિંગરટિપ્સ એપ','','1111111111','102','Sector Road','28.5030264','76.99222089999999',NULL,NULL,'IMG_1735718679267.jpg','','','Gujarat','Bhatia','361315',0,'store',0,0,1,1,1,0,1,1748693,100000000,'2024-12-29 18:34:36','2025-04-27 06:52:33'),(75,123,22,29,'Radhe karishna enterprise','રાધે ક્રિષ્ના એન્ટરપ્રાઈઝ','','8758108149','37VF+J6V,','BOB bank vali sheri','22.0919867','69.2730418','oppo. Anjali storw',NULL,'IMG_1735796080763.jpg','','','Gujarat','Bhatiya','361315',0,'store',0,0,1,1,1,0,1,0,100000000,'2025-01-01 08:08:55','2025-01-01 08:08:55'),(76,124,22,14,'Sagar footwear','Sagar footwear','','9510133020','37RF+R39','Government hospital ni same ni gli','22.0920438','69.2727546',NULL,NULL,'IMG_1735799607870.jpg','','','Gujarat','Bhatiya','361315',0,'store',0,0,1,1,1,0,1,0,100000000,'2025-01-01 08:08:55','2025-01-01 08:08:55'),(77,128,23,29,'GujaratMobile & Electronics','GujaratMobile & Electronics','','7878601215','6J6X+G85','Yogeshwar Nagar','22.2111915','69.6481793',NULL,NULL,'IMG_1736146577086.jpg','','','Gujarat','Khambhalia','361305',0,'store',0,0,1,1,1,0,1,33774,100000000,'2025-01-04 15:38:51','2025-01-04 15:38:51'),(78,129,23,7,'Vintageglitter','વિન્ટેજ ગ્લિટર','','9601621111','6M74+7RC','railway Station Road Narshi bhavan','22.2131865','69.657017','L I C Office',NULL,'IMG_1736156186075.jpg','','','Gujarat','Khambhalia','361305',0,'store',0,0,1,1,1,0,1,0,100000000,'2025-01-04 15:38:51','2025-01-04 15:38:51'),(79,130,23,12,'Gayatri','Mobile','','6357470778','Khambhaliya Road','Khambhaliya','21.398938','70.65534749999999',NULL,NULL,'IMG_1736162107707.jpg','','','India','Gujarat','361305',0,'store',0,0,1,1,0,1,1,0,100000000,'2025-01-04 15:38:51','2025-01-04 15:38:51'),(80,131,23,29,'Heena Sales','Heena Sales','','9725056756','Jodhpur Gate','Daglawa','22.2054794','69.6534133','17-Navapara, Shreeji Chambers,Old Post Office Road,',NULL,'IMG_1736164125628.jpg','','','Gujarat','Khambhalia','361305',0,'store',0,0,1,1,1,0,1,0,100000000,'2025-01-04 15:38:51','2025-01-04 15:38:51'),(81,132,23,29,'Yash electronics','યશ ઇલેક્ટ્રોનિક્સ','','7600751509','navapara, shreeji chambers','pramukh swami maharaj marg','22.2054532','69.6535188','near SBI ADB branch',NULL,'IMG_1736316544038.jpg','','','Gujarat','Khambhalia','361305',0,'store',0,0,1,1,1,0,1,0,100000000,'2025-01-04 15:38:51','2025-01-04 15:38:51'),(82,133,23,25,'Krishna Computer & Cctv camera','ક્રિષ્ના કોમ્પયુટર & સીસીટીવી કેમેરા','','9054003250','Jodhpur Gate','Daglawa','22.2054383','69.6533287',NULL,NULL,'IMG_1736322475646.jpg','','','Gujarat','Khambhalia','361305',0,'store',0,0,1,1,1,0,1,0,100000000,'2025-01-08 06:36:34','2025-01-08 06:36:34'),(83,134,23,30,'Jyoti cycle','જ્યોતિ સાઇકલ','','9081846585','6J6X+PR3','Yogeshwar Nagar, Vijay cinema','22.2114966','69.6492947','pull ni bajuma',NULL,'IMG_1736327948073.jpg','','','Gujarat','Khambhalia','361305',0,'store',0,0,1,1,1,0,1,0,100000000,'2025-01-08 06:36:34','2025-01-08 06:36:34'),(84,135,23,12,'Shree Mahadev Mobile','શ્રી મહાદેવ મોબાઇલ','','7016312512','6M43+VM3','Daglawa','22.2070451','69.6541662',NULL,NULL,'IMG_1736401534868.jpg','','','Gujarat','Khambhalia','361305',0,'store',0,0,1,1,1,0,1,474255,100000000,'2025-01-08 06:36:34','2025-01-08 06:36:34'),(85,136,23,7,'The captain clothes','ધ કેપ્ટન કલોથ સ્ટોર','','9978579871','6M33+QGC','Daglawa','22.2045475','69.6536101',NULL,NULL,'IMG_1736486810121.jpg','','','Gujarat','Khambhalia','361305',0,'store',0,0,1,1,1,0,1,0,100000000,'2025-01-10 05:08:12','2025-01-10 05:08:12'),(86,138,23,23,'waterness minral R.O.','waterness minral R.o.','','6353933313','Khambhalia','Daglawa','22.2049112','69.6532895',NULL,NULL,'IMG_1736492655859.jpg','','','Gujarat','Khambhalia','361305',0,'store',0,0,1,1,1,0,1,0,100000000,'2025-01-10 05:08:12','2025-01-10 05:08:12'),(87,139,23,31,'Verai computers','વેરાઈ કમ્પ્યુટરસ','','9898775155','Khambhalia','Daglawa','22.2066647','69.6534315',NULL,NULL,'IMG_1736495035783.jpg','','','Gujarat','Khambhalia','361305',0,'store',0,0,1,1,1,0,1,56440,100000000,'2025-01-10 05:08:12','2025-01-16 18:40:05'),(88,141,23,30,'Shyam car decor & auto car','શ્યામ કાર ડેકોર & ઓટો કેર','','9106331707','6J7H+3GP','khambhaliyaa Dwarka highway','22.2124441','69.6294472','kanya chhatralay ni same',NULL,'IMG_1736764522778.jpg','','','Gujarat','Harshadpur','361305',0,'store',0,0,1,1,1,0,1,0,100000000,'2025-01-10 11:47:16','2025-01-10 11:47:16'),(89,142,22,32,'Shreeji offset - Bhatia','શ્રીજી ઓફસેટ - ભાટિયા','','8141579825','37RF+P85','galaxy plaza, shop no. 7, near shreeji clinic','22.0917172','69.2733432','','IMG_1737018617472.jpg','IMG_1737018491772.jpg,IMG_1737018496271.jpg,IMG_1737018496664.jpg,IMG_1737018497106.jpg,IMG_1737018497545.jpg,IMG_1737018497985.jpg','Printing, designing, advertising, logo design, bill book, banner, bag printing, pamphlet etc..','Printing, designing, advertising, logo design, bill book, banner, bag printing, pamphlet etc..','Gujarat','Bhatiya','361315',26,'service',0,0,1,1,1,0,1,0,10000000,'2025-01-10 11:47:16','2025-04-25 05:05:10'),(90,143,22,20,'D&K TILES','ડી & કે ટાઇલ્સ','','7202919393','bhatia dwarka Highway','nayra petrol pump ni same','0.0','0.0','devbhumiplaza',NULL,'IMG_1737026561831.jpg','','','gujrat','Bhatia','361315',0,'store',0,0,1,1,1,0,1,0,100000000,'2025-01-10 11:47:16','2025-01-10 11:47:16'),(91,144,25,27,'Yu','Yu','','5454646649','102','Sector Road','0.0','0.0','','IMG_1737045885968.jpg','IMG_1737045914149.jpg,IMG_1737045963674.jpg','Hello','હેલથકેર','Gurugram','Daulatabad','361315',0,'service',0,0,1,0,0,1,1,0,10000000,'2025-01-10 11:47:16','2025-01-16 18:40:05'),(92,145,24,32,'Karan Xerox','કરણ ઝેરોક્ષ','','8989898989','Amul Garden','Ayojan Nagar','23.0150251','72.5330767','','IMG_1737051123272.jpg','IMG_1737051172085.jpg','hello, this is karan xerox','hello, this is karan xerox','Gujarat','Ahmedabad','380015',0,'service',0,0,1,1,0,1,1,0,10000000,'2025-01-10 11:47:16','2025-01-16 18:17:05'),(93,146,23,26,'Karan Studio','કરણ સ્ટુડિયો','','6969696969','Amul Garden','Ayojan Nagar','23.0150026','72.5330664','','IMG_1737051835534.jpg','IMG_1737051172085.jpg,IMG_1737051893057.jpg','Welcome to Karan Studio','Welcome to Karan Studio','Gujarat','Ahmedabad','380015',0,'service',0,0,1,1,0,1,1,0,10000000,'2025-01-16 18:20:08','2025-01-16 18:27:56'),(94,147,24,26,'Karan Studio','કરણ સ્ટુડિયો','','7878787878','Amul Garden','Ayojan Nagar','23.0150175','72.5330884','','IMG_1737052182093.jpg','IMG_1737051172085.jpg,IMG_1737051893057.jpg','Welcome to Karan Studio','Welcome to Karan Studio','Gujarat','Ahmedabad','380015',0,'service',0,0,1,1,0,1,1,0,10000000,'2025-01-16 18:27:56','2025-01-16 18:40:05'),(95,148,25,27,'Painting','ચિત્રકામ','','9191919191','235','J. P. Nagar','12.9010455','77.5815776','','IMG_1737053738307.jpg','IMG_1737053667745.jpg','Painting, art , sketches','પેઇન્ટિંગ, કલા, સ્કેચ','Karnataka','Bengaluru','560092',0,'service',0,0,1,1,0,1,1,0,10000000,'2025-01-16 18:40:05','2025-01-16 18:40:05'),(96,149,22,17,'Khedut agro centre','ખેડુત એગ્રો સેન્ટર','','9924952838','Main Bazar Road','main bazar bhatiya','22.0916052','69.2714489','bhatiya',NULL,'IMG_1737109090793.jpg','','','Gujarat','Bhatiya','361315',0,'store',0,0,1,1,1,0,1,0,100000000,'2025-01-16 18:40:05','2025-01-16 18:40:05'),(97,150,25,10,'None','Nine','gsgsys','9494646464','235','J. P. Nagar','12.90097','77.5815858',NULL,NULL,'IMG_1737112469343.jpg','','','Karnataka','Bengaluru','560092',0,'store',0,0,1,1,0,1,1,0,100000000,'2025-01-16 18:40:05','2025-01-16 18:40:05'),(98,155,23,12,'Nana','Ajaj','jsjshd','7964679976','235','J. P. Nagar','12.900986','77.5816129',NULL,NULL,'IMG_1737437438877.jpg','','','Karnataka','Bengaluru','560092',0,'store',0,0,1,1,0,1,1,0,100000000,'2025-01-16 18:40:05','2025-01-16 18:40:05'),(99,156,25,7,'Store','Store','','4224536553','Pindara','yuva','22.2081594','69.2588379',NULL,NULL,'IMG_1737518613098.jpg','','','Gujarat','Pindara','361315',0,'store',0,0,1,1,0,1,1,0,100000000,'2025-01-16 18:40:05','2025-01-16 18:40:05'),(100,157,25,7,'Store','Store','','6666666666','Nikhil\'s Farm','Road','22.235055','69.2483583',NULL,NULL,'IMG_1737518905227.jpg','','','Gujarat','Pindara','361315',0,'store',0,0,1,1,0,1,1,0,100000000,'2025-01-16 18:40:05','2025-01-16 18:40:05'),(101,158,25,7,'Store','Store','','2222222222','6M64+573','Daglawa','22.2104069','69.6557209',NULL,NULL,'IMG_1737528449802.jpg','','','Gujarat','Khambhalia','361305',0,'store',0,0,1,1,0,1,1,0,100000000,'2025-01-16 18:40:05','2025-01-16 18:40:05'),(102,160,22,31,'Jain computers','22akupj87001ez','22akupj87001ez','9893209662','vikasha nagar','kondagaon','26.8966461','80.96581049999999',NULL,NULL,'IMG_1737896579902.jpg','','','Chhattisgarh','Kondagaon','494226',0,'store',0,0,1,1,0,1,1,0,100000000,'2025-01-16 18:40:05','2025-01-16 18:40:05'),(103,161,23,14,'Foot Fashion','ફુટ ફેશન','','9824236450','Royal Complex','Railway Station Road','22.215785','69.6582708',NULL,NULL,'IMG_1737960432110.jpg','','','Gujarat','Khambhaliya','361305',0,'store',0,0,1,1,1,0,1,176493,100000000,'2025-01-16 18:40:05','2025-01-16 18:40:05'),(104,162,23,14,'Brand hub mens accessories','Brand hub mens accessories','','9724670009','OFFICE NO. 2 & 3','Yogeshwar Nagar','22.2138188','69.6568796',NULL,NULL,'IMG_1738049311458.jpg','','','Gujarat','Khambhalia','361305',0,'store',0,0,1,1,1,0,1,343562,100000000,'2025-01-16 18:40:05','2025-01-16 18:40:05'),(105,163,23,16,'Real Decor furniture','રિયલ ડેકોર ફર્નિચર','','8469599988','Ralway','Yogeshwar Nagar','22.2151968','69.6578342',NULL,NULL,'IMG_1738060554169.jpg','','','Gujarat','Khambhalia','361305',0,'store',0,0,1,1,1,0,1,38346,100000000,'2025-01-16 18:40:05','2025-01-16 18:40:05'),(106,164,23,23,'Tulsi filters house','તુલસી ફિલ્ટર હાઉસ','','9601060270','Railway','Yogeshwar Nagar','22.2137832','69.6568426',NULL,NULL,'IMG_1738065049198.jpg','','','Gujarat','Khambhalia','361305',0,'store',0,0,1,1,1,0,1,50277,100000000,'2025-01-16 18:40:05','2025-01-16 18:40:05'),(107,165,23,20,'Bhagavati tiles','ભગવતી ટાઇલ્સ','','9904263937','Vraj Hospital','Yogeshwar Nagar','22.2126522','69.6506103',NULL,NULL,'IMG_1738391363875.jpg','','','Gujarat','Khambhalia','361305',0,'store',0,0,1,1,1,0,1,1345895,100000000,'2025-01-16 18:40:05','2025-01-16 18:40:05'),(108,166,23,33,'SUNRISE SOLAR & ELECTRONICAL','સનરાઈઝ સોલર & ઈલેકટ્રીકલ','','9106422817','6M33+WJJ','Daglawa','22.20489','69.6540269',NULL,NULL,'IMG_1738404423799.jpg','','','Gujarat','Khambhalia','361305',0,'store',0,0,1,1,1,0,1,1253094,100000000,'2025-01-16 18:40:05','2025-01-16 18:40:05'),(109,167,23,16,'Krishna furniture','ક્રિષ્ના ફર્નિચર','','9724529621','6J3Q+J27','porbandar road','22.2041213','69.6375723','khamnath park ni same',NULL,'IMG_1738408532958.jpg','','','Gujarat','Khambhalia','361305',0,'store',0,0,1,1,1,0,1,0,100000000,'2025-01-16 18:40:05','2025-01-16 18:40:05'),(110,168,23,30,'Madhav car decor','માધવ કાર ડેકોર','','8758146576','6M72+GP9','Yogeshwar Nagar','22.2137589','69.6517632',NULL,NULL,'IMG_1738580477897.jpg','','','Gujarat','Khambhalia','361305',0,'store',0,0,1,1,1,0,1,1390666,100000000,'2025-01-16 18:40:05','2025-02-12 13:50:56'),(111,169,23,30,'Shyam power tractors','શ્યામ પાવર ટ્રેક્ટર','','9712571895','6M72+PF','Yogeshwar Nagar','22.2142783','69.6513817',NULL,NULL,'IMG_1738583745409.jpg','','','Gujarat','Harshadpur','361305',0,'store',0,0,1,1,1,0,1,0,100000000,'2025-01-16 18:40:05','2025-01-16 18:40:05'),(112,170,23,29,'Jay Janta Salse and services','જય જનતા સેલ્સ એન્ડ સર્વિસ','','9408321376','6M43+87V','Daglawa','22.2057026','69.6534867',NULL,NULL,'IMG_1738647724626.jpg','','','Gujarat','Khambhalia','361305',0,'store',0,0,1,1,1,0,1,304980,100000000,'2025-01-16 18:40:05','2025-01-16 18:40:05'),(113,171,23,33,'Shreya solar','શ્રેયા સોલાર','','7990058681','6M43+JM6','Daglawa','22.2065647','69.6541716',NULL,NULL,'IMG_1738652135961.jpg','','','Gujarat','Khambhalia','361305',0,'store',0,0,1,1,1,0,1,0,100000000,'2025-01-16 18:40:05','2025-01-16 18:40:05'),(114,172,23,29,'Dwarkadhish refrigeration','Dwarkadhish refrigeration','24bdvpd5784m1zs','7698114011','Main','Yogeshwar Nagar','22.2121563','69.6481072',NULL,NULL,'IMG_1738747605570.jpg','','','Gujarat','Khambhalia','361305',0,'store',0,0,1,1,1,0,1,1311284,100000000,'2025-01-16 18:40:05','2025-01-16 18:40:05'),(115,174,23,8,'MADHAV STEEL','માધવ સ્ટીલ','','9512441737','6J7W+F48','Kachoeiyawadi','22.21323','69.6456167',NULL,NULL,'IMG_1738910677326.jpg','','','Gujarat','Khambhalia','361305',0,'store',0,0,1,1,1,0,1,0,100000000,'2025-01-16 18:40:05','2025-02-07 16:36:31'),(116,175,23,20,'Gayatri Tiles','ગાયત્રી ટાઇલ્સ','','9723941224','6J8V+HQ4','Kachoeiyawadi','22.2163138','69.6443951',NULL,NULL,'IMG_1738930144534.jpg','','','Gujarat','Khambhalia','361305',0,'store',0,0,1,1,1,0,1,127365,100000000,'2025-01-16 18:40:05','2025-01-16 18:40:05'),(117,176,23,33,'Radheshyam battery','Radheshyam battery','','8128120981','6M72+267','jadeshwar road','22.2127424','69.6507174','below vithlani hospital',NULL,'IMG_1739015263959.jpg','','','Gujarat','Khambhalia','361305',0,'store',0,0,1,1,1,0,1,0,100000000,'2025-02-07 16:36:31','2025-02-07 16:36:31'),(118,177,25,7,'Store','Store','','1254245424','102','Sector Road','28.5030264','76.99222089999999',NULL,NULL,'IMG_1739024187767.jpg','','','Gurugram','Daulatabad','361315',0,'store',0,0,1,1,1,1,1,0,100000000,'2025-02-07 16:36:31','2025-02-07 16:36:31'),(119,178,24,26,'Hhhhhhh','Bdhdjdj','','9999999999','Dwarka Circle','General Arun Kumar Vaidya Nagar','19.9943','73.7972149','','IMG_1741418840353.jpg','IMG_1741418828575.jpg','Bshsjssjnn','Ndnsnsnnsnsn','Nashik','Dwarka','255525',0,'service',0,0,1,1,0,1,1,0,10000000,'2025-02-12 13:50:56','2025-02-12 13:50:56'),(120,179,24,7,'Hsbs','Nznznsn','snjsnsnsnsnnsnd','6666666666','Dwarka Expressway','Block D','28.49684','77.0036685',NULL,NULL,'IMG_1741419610537.jpg','','','Sector 105','Vishnu Garden','252525',0,'store',0,0,1,1,0,1,1,0,100000000,'2025-02-12 13:50:56','2025-02-12 13:50:56'),(121,180,24,33,'Date test','Tarikh chakasni','','9638527410','Amul Garden','Ayojan Nagar','23.0150795','72.5330785',NULL,NULL,'IMG_1741457167651.jpg','','','Gujarat','Ahmedabad','380015',0,'store',0,0,1,1,2,1,1,0,100000000,'2025-03-08 18:07:17','2025-03-08 18:02:19'),(122,185,25,7,'Xyz','Xyz','','6494646466','103','Sector Road','28.5025181','76.98973',NULL,NULL,'IMG_1742749154701.jpg','','','Daulatabad','near Serv Haryana Gramin Bank','361316',0,'store',0,0,1,1,0,1,1,0,100000000,'2025-03-23 17:00:32','2025-03-23 16:43:39'),(123,187,22,5,'Tailor','Tailor','','9429313292','Testing Track','Bikshapathi Nagar','0.0','0.0','','IMG_1744822306998.jpg','IMG_1745731541446.jpg','Test','Tesr','Kondapur','Hafeezpet','384330',0,'service',0,0,1,0,0,0,1,0,10000000,'2025-04-16 16:54:08','2025-04-25 05:05:10'),(124,188,25,32,'Yuva','Yuva','','6469764976','101','Sector 101 Metro Station Road','28.5532508','77.3794217','','IMG_1745256389186.jpg','IMG_1745733468556.jpg','Yuva hello','Yuva hello','Noida','Sector 101','361315',15,'service',0,0,1,1,1,0,1,0,10000000,'2025-04-21 17:27:22','2025-04-27 06:52:33'),(125,121,25,10,'Electric demo','Electric demo guj','','3464275755','200 Feet Bypass Road','Rani Sati Nagar','26.887097','75.7379515',NULL,NULL,'IMG_1745514954091.jpg','','','Brijlalpura','Nirman Nagar','316643',0,'store',0,0,1,1,1,0,1,145466,100000000,'2025-04-24 17:16:25','2025-04-25 05:05:10');


